000
CXUS53 KDMX 020348
CF6EST
PRELIMINARY LOCAL CLIMATOLOGICAL DATA (WS FORM: F-6)
STATION: ESTHERVILLE IA
MONTH: APRIL
YEAR: 2020
LATITUDE: 43 24 N
LONGITUDE: 94 45 W
TEMPERATURE IN F: :PCPN: SNOW: WIND :SUNSHINE: SKY :PK WND
================================================================================
1 2 3 4 5 6A 6B 7 8 9 10 11 12 13 14 15 16 17 18
12Z AVG MX 2MIN
DY MAX MIN AVG DEP HDD CDD WTR SNW DPTH SPD SPD DIR MIN PSBL S-S WX SPD DR
================================================================================
1 63 35 49 9 16 0 T 0.0 0 19.6 30 150 M M 3 3 39 140
2 59 27 43 2 22 0 0.03 0.0 0 16.1 24 160 M M 7 1 31 160
3 29 19 24 -17 41 0 M M 0 17.1 24 320 M M 10 16 31 340
4 44 13 29 -13 36 0 0.00 0.0 0 7.2 16 360 M M 0 19 10
5 57 20 39 -3 26 0 0.00 0.0 0 10.3 21 150 M M 1 28 170
6 64 37 51 8 14 0 0.00 0.0 0 12.8 21 170 M M 6 1 27 170
7 74 40 57 14 8 0 0.00 0.0 0 10.6 21 320 M M 3 12 27 320
8 54 27 41 -3 24 0 0.05 0.0 0 14.4 29 330 M M 4 38 330
9 40 23 32 -12 33 0 T M 0 18.8 39 320 M M 3 51 330
10 49 18 34 -10 31 0 0.00 0.0 0 9.5 20 200 M M 2 30 220
11 60 29 45 0 20 0 0.00 0.0 0 8.8 25 10 M M 2 34 10
12 44 21 33 -12 32 0 M M M 25.6 37 360 M M 9 12 53 10
13 30 14 22 -24 43 0 T M M 17.1 32 290 M M 3 18 41 300
14 29 11 20 -26 45 0 T M M 12.0 26 290 M M 4 33 270
15 33 6 20 -27 45 0 0.00 0.0 M 5.0 13 340 M M 1 18 310
16 40 17 29 -18 36 0 0.00 0.0 M 4.6 12 10 M M 2 16 10
17 48 27 38 -10 27 0 0.00 0.0 0 9.7 21 290 M M 2 29 310
18 69 33 51 3 14 0 0.00 0.0 0 17.3 28 300 M M 1 39 310
19 52 30 41 -7 24 0 0.00 0.0 0 8.6 21 10 M M 0 26 350
20 68 26 47 -2 18 0 0.00 0.0 0 18.3 39 290 M M 3 50 280
21 61 22 42 -7 23 0 0.00 0.0 0 9.9 21 210 M M 1 27 220
22 81 42 62 12 3 0 0.00 0.0 0 16.2 30 250 M M 1 40 250
23 73 32 53 3 12 0 0.00 0.0 0 10.2 22 80 M M 2 1 28 80
24 61 39 50 0 15 0 T 0.0 0 9.4 22 360 M M 6 1 27 10
25 65 34 50 -1 15 0 0.06 0.0 0 5.9 28 300 M M 5 3 34 290
26 66 42 54 3 11 0 0.00 0.0 0 7.0 17 170 M M 4 29 170
27 77 45 61 9 4 0 0.00 0.0 0 11.4 23 230 M M 0 8 28 230
28 63 45 54 2 11 0 0.16 0.0 0 14.2 35 360 M M 7 1 43 360
29 63 40 52 0 13 0 0.00 0.0 0 21.9 37 360 M M 2 49 10
30 69 36 53 0 12 0 0.00 0.0 0 7.7 14 360 M M 0 21 360
================================================================================
SM 1685 850 674 0 0.30 0.0 377.2 M 94
================================================================================
AV 56.2 28.3 12.6 FASTST M M 3 MAX(MPH)
MISC ----> # 39 320 # 53 10
================================================================================
NOTES:
# LAST OF SEVERAL OCCURRENCES
COLUMN 17 PEAK WIND IN M.P.H.
PRELIMINARY LOCAL CLIMATOLOGICAL DATA (WS FORM: F-6) , PAGE 2
STATION: ESTHERVILLE IA
MONTH: APRIL
YEAR: 2020
LATITUDE: 43 24 N
LONGITUDE: 94 45 W
[TEMPERATURE DATA] [PRECIPITATION DATA] SYMBOLS USED IN COLUMN 16
AVERAGE MONTHLY: 42.3 TOTAL FOR MONTH: 0.30 1 = FOG OR MIST
DPTR FM NORMAL: -4.5 DPTR FM NORMAL: -3.00 2 = FOG REDUCING VISIBILITY
HIGHEST: 81 ON 22 GRTST 24HR 0.16 ON 28-28 TO 1/4 MILE OR LESS
LOWEST: 6 ON 15 3 = THUNDER
SNOW, ICE PELLETS, HAIL 4 = ICE PELLETS
TOTAL MONTH: 0.0 INCH 5 = HAIL
GRTST 24HR 0.0 6 = FREEZING RAIN OR DRIZZLE
GRTST DEPTH: 0 7 = DUSTSTORM OR SANDSTORM:
VSBY 1/2 MILE OR LESS
8 = SMOKE OR HAZE
[NO. OF DAYS WITH] [WEATHER - DAYS WITH] 9 = BLOWING SNOW
X = TORNADO
MAX 32 OR BELOW: 3 0.01 INCH OR MORE: 4
MAX 90 OR ABOVE: 0 0.10 INCH OR MORE: 1
MIN 32 OR BELOW: 18 0.50 INCH OR MORE: 0
MIN 0 OR BELOW: 0 1.00 INCH OR MORE: 0
[HDD (BASE 65) ]
TOTAL THIS MO. 674 CLEAR (SCALE 0-3) 19
DPTR FM NORMAL 128 PTCLDY (SCALE 4-7) 9
TOTAL FM JUL 1 7650 CLOUDY (SCALE 8-10) 2
DPTR FM NORMAL 189
[CDD (BASE 65) ]
TOTAL THIS MO. 0
DPTR FM NORMAL -2 [PRESSURE DATA]
TOTAL FM JAN 1 0 HIGHEST SLP 30.36 ON 16
DPTR FM NORMAL -2 LOWEST SLP 29.56 ON 22
[REMARKS]
#FINAL-04-20#