000
CXUS53 KPAH 010700
CF6EVV
PRELIMINARY LOCAL CLIMATOLOGICAL DATA (WS FORM: F-6)
STATION: EVANSVILLE IN
MONTH: FEBRUARY
YEAR: 2023
LATITUDE: 38 2 N
LONGITUDE: 87 32 W
TEMPERATURE IN F: :PCPN: SNOW: WIND :SUNSHINE: SKY :PK WND
================================================================================
1 2 3 4 5 6A 6B 7 8 9 10 11 12 13 14 15 16 17 18
12Z AVG MX 2MIN
DY MAX MIN AVG DEP HDD CDD WTR SNW DPTH SPD SPD DIR MIN PSBL S-S WX SPD DR
================================================================================
1 33 20 27 -7 38 0 0.00 0.0 1 3.4 10 50 M M 0 15 40
2 37 22 30 -4 35 0 0.00 0.0 0 5.0 14 330 M M 0 20 320
3 31 17 24 -11 41 0 0.00 0.0 0 7.5 17 330 M M 0 27 340
4 45 17 31 -4 34 0 0.00 0.0 0 9.8 21 210 M M 0 28 210
5 55 35 45 10 20 0 0.00 0.0 0 9.9 22 230 M M 2 27 230
6 57 26 42 7 23 0 0.00 0.0 0 5.1 13 140 M M 0 1 19 130
7 60 46 53 17 12 0 0.02 0.0 0 8.1 17 220 M M 8 1 23 220
8 54 43 49 13 16 0 0.73 0.0 0 6.3 18 290 M M 10 13 26 290
9 65 43 54 18 11 0 0.09 0.0 0 16.9 36 220 M M 9 1 52 230
10 44 25 35 -1 30 0 0.00 0.0 0 3.8 13 350 M M 7 18 20 350
11 51 24 38 2 27 0 0.00 0.0 0 6.0 13 360 M M 0 1 20 30
12 57 31 44 7 21 0 0.00 0.0 0 6.2 14 30 M M 0 19 40
13 63 29 46 9 19 0 0.00 0.0 0 4.5 16 260 M M 0 23 250
14 61 32 47 10 18 0 0.09 0.0 0 7.9 23 200 M M 7 35 170
15 73 51 62 24 3 0 0.00 0.0 0 9.8 21 220 M M 1 30 230
16 66 36 51 13 14 0 1.62 0.0 0 10.5 22 260 M M 9 138 32 280
17 36 23 30 -8 35 0 T T 0 8.7 17 330 M M 7 1 28 340
18 49 23 36 -2 29 0 0.00 0.0 0 7.5 15 180 M M 0 21 200
19 60 41 51 12 14 0 0.00 0.0 0 10.9 23 210 M M 1 36 220
20 65 41 53 14 12 0 T 0.0 0 6.9 16 260 M M 4 21 220
21 58 35 47 8 18 0 0.00 0.0 0 5.5 12 330 M M 2 20 310
22 76 54 65 25 0 0 0.28 0.0 0 13.8 30 200 M M 6 1 45 190
23 71 37 54 14 11 0 T 0.0 0 12.1 22 240 M M 5 1 31 340
24 47 28 38 -2 27 0 0.00 0.0 0 8.1 17 350 M M 0 25 350
25 52 36 44 4 21 0 0.00 0.0 0 5.0 14 310 M M 4 20 320
26 59 35 47 6 18 0 T 0.0 0 5.3 14 220 M M 5 1 18 220
27 73 52 63 22 2 0 0.03 0.0 0 16.6 39 240 M M 6 13 56 210
28 63 45 54 13 11 0 0.00 0.0 0 5.3 13 340 M M 2 20 360
================================================================================
SM 1561 947 560 0 2.86 T 226.4 M 95
================================================================================
AV 55.8 33.8 8.1 FASTST M M 3 MAX(MPH)
MISC ----> 39 240 56 210
================================================================================
NOTES:
# LAST OF SEVERAL OCCURRENCES
COLUMN 17 PEAK WIND IN M.P.H.
PRELIMINARY LOCAL CLIMATOLOGICAL DATA (WS FORM: F-6) , PAGE 2
STATION: EVANSVILLE IN
MONTH: FEBRUARY
YEAR: 2023
LATITUDE: 38 2 N
LONGITUDE: 87 32 W
[TEMPERATURE DATA] [PRECIPITATION DATA] SYMBOLS USED IN COLUMN 16
AVERAGE MONTHLY: 44.8 TOTAL FOR MONTH: 2.86 1 = FOG OR MIST
DPTR FM NORMAL: 7.2 DPTR FM NORMAL: -0.36 2 = FOG REDUCING VISIBILITY
HIGHEST: 76 ON 22 GRTST 24HR 1.62 ON 16-16 TO 1/4 MILE OR LESS
LOWEST: 17 ON 4, 3 3 = THUNDER
SNOW, ICE PELLETS, HAIL 4 = ICE PELLETS
TOTAL MONTH: 0.1 INCH 5 = HAIL
GRTST 24HR T ON 17-17 6 = FREEZING RAIN OR DRIZZLE
GRTST DEPTH: 1 ON 1 7 = DUSTSTORM OR SANDSTORM:
VSBY 1/2 MILE OR LESS
8 = SMOKE OR HAZE
[NO. OF DAYS WITH] [WEATHER - DAYS WITH] 9 = BLOWING SNOW
X = TORNADO
MAX 32 OR BELOW: 1 0.01 INCH OR MORE: 7
MAX 90 OR ABOVE: 0 0.10 INCH OR MORE: 3
MIN 32 OR BELOW: 13 0.50 INCH OR MORE: 2
MIN 0 OR BELOW: 0 1.00 INCH OR MORE: 1
[HDD (BASE 65) ]
TOTAL THIS MO. 560 CLEAR (SCALE 0-3) 15
DPTR FM NORMAL -209 PTCLDY (SCALE 4-7) 9
TOTAL FM JUL 1 3026 CLOUDY (SCALE 8-10) 4
DPTR FM NORMAL -400
[CDD (BASE 65) ]
TOTAL THIS MO. 0
DPTR FM NORMAL 0 [PRESSURE DATA]
TOTAL FM JAN 1 0 HIGHEST SLP M ON M
DPTR FM NORMAL 0 LOWEST SLP 29.27 ON 27
[REMARKS]
#FINAL-02-23#