000
CXUS52 KMHX 122018
CF6EWN
PRELIMINARY LOCAL CLIMATOLOGICAL DATA (WS FORM: F-6)
STATION: NEW BERN NC
MONTH: SEPTEMBER
YEAR: 2021
LATITUDE: 35 4 N
LONGITUDE: 77 3 W
TEMPERATURE IN F: :PCPN: SNOW: WIND :SUNSHINE: SKY :PK WND
================================================================================
1 2 3 4 5 6A 6B 7 8 9 10 11 12 13 14 15 16 17 18
12Z AVG MX 2MIN
DY MAX MIN AVG DEP HDD CDD WTR SNW DPTH SPD SPD DIR MIN PSBL S-S WX SPD DR
================================================================================
1 89 75 82 5 0 17 0.01 0.0 0 11.3 25 210 M M 3 34 180
2 78 66 72 -5 0 7 0.03 0.0 0 9.0 15 20 M M 9 1 19 350
3 82 61 72 -5 0 7 0.00 0.0 0 6.0 16 40 M M 1 21 30
4 81 60 71 -6 0 6 0.00 0.0 0 3.2 13 50 M M 0 1 16 10
5 86 58 72 -5 0 7 0.00 0.0 0 3.1 12 180 M M 0 1 18 180
6 90 68 79 3 0 14 T 0.0 0 4.1 10 260 M M 3 13 240
7 86 70 78 2 0 13 0.09 0.0 0 3.3 14 220 M M 7 1 16 220
8 89 69 79 3 0 14 0.60 0.0 0 4.9 21 220 M M 2 13 27 220
9 80 66 73 -3 0 8 0.06 0.0 0 6.5 16 360 M M 5 22 360
10 81 61 71 -5 0 6 0.00 0.0 0 6.4 15 40 M M 2 19 20
11 81 57 69 -6 0 4 0.00 0.0 0 1.3 9 10 M M 0 1 12 20
12 86 59 73 -2 0 8 0.00 0.0 0 3.3 10 180 M M 0 1 13 180
13 88 64 76 1 0 11 0.00 0.0 0 5.9 13 240 M M 0 18 220
14 89 68 79 4 0 14 0.00 0.0 0 3.9 12 170 M M 1 1 14 170
15 88 67 78 4 0 13 0.00 0.0 0 2.9 14 170 M M 4 12 17 180
16 85 67 76 2 0 11 0.02 0.0 0 7.0 17 50 M M 2 1 21 60
17 86 74 80 6 0 15 1.73 0.0 0 6.7 17 30 M M 8 13 26 30
18 85 69 77 3 0 12 0.01 0.0 0 4.9 13 30 M M 4 15 20
19 87 67 77 3 0 12 0.00 0.0 0 3.5 10 170 M M 1 14 60
20 86 71 79 6 0 14 0.17 0.0 0 8.3 16 50 M M 3 1 20 50
21 84 71 78 5 0 13 0.01 0.0 0 6.5 14 130 M M 3 20 110
22 83 74 79 6 0 14 0.97 0.0 0 6.5 18 170 M M 5 13 30 160
23 77 65 71 -1 0 6 0.23 0.0 0 7.0 13 310 M M 8 1 17 330
24 78 58 68 -4 0 3 0.00 0.0 0 7.2 15 40 M M 2 20 30
25 78 56 67 -5 0 2 0.00 0.0 0 2.5 10 280 M M 0 1 15 310
26 78 56 67 -4 0 2 0.00 0.0 0 4.3 15 360 M M 0 21 310
27 82 53 68 -3 0 3 0.00 0.0 0 2.1 9 170 M M 0 12 140
28 85 62 74 3 0 9 0.00 0.0 0 6.5 13 220 M M 0 18 270
29 84 63 74 4 0 9 0.14 0.0 0 4.9 14 70 M M 1 8 17 70
30 79 61 70 0 0 5 T 0.0 0 3.9 13 50 M M 5 15 40
================================================================================
SM 2511 1936 0 279 4.07 0.0 156.9 M 79
================================================================================
AV 83.7 64.5 5.2 FASTST M M 3 MAX(MPH)
MISC ----> 25 210 34 180
================================================================================
NOTES:
# LAST OF SEVERAL OCCURRENCES
COLUMN 17 PEAK WIND IN M.P.H.
PRELIMINARY LOCAL CLIMATOLOGICAL DATA (WS FORM: F-6) , PAGE 2
STATION: NEW BERN NC
MONTH: SEPTEMBER
YEAR: 2021
LATITUDE: 35 4 N
LONGITUDE: 77 3 W
[TEMPERATURE DATA] [PRECIPITATION DATA] SYMBOLS USED IN COLUMN 16
AVERAGE MONTHLY: 74.1 TOTAL FOR MONTH: 4.07 1 = FOG OR MIST
DPTR FM NORMAL: -0.1 DPTR FM NORMAL: -2.26 2 = FOG REDUCING VISIBILITY
HIGHEST: 90 ON 6 GRTST 24HR 1.74 ON 17-18 TO 1/4 MILE OR LESS
LOWEST: 53 ON 27 3 = THUNDER
SNOW, ICE PELLETS, HAIL 4 = ICE PELLETS
TOTAL MONTH: 0.0 INCH 5 = HAIL
GRTST 24HR 0.0 6 = FREEZING RAIN OR DRIZZLE
GRTST DEPTH: 0 7 = DUSTSTORM OR SANDSTORM:
VSBY 1/2 MILE OR LESS
8 = SMOKE OR HAZE
[NO. OF DAYS WITH] [WEATHER - DAYS WITH] 9 = BLOWING SNOW
X = TORNADO
MAX 32 OR BELOW: 0 0.01 INCH OR MORE: 13
MAX 90 OR ABOVE: 1 0.10 INCH OR MORE: 6
MIN 32 OR BELOW: 0 0.50 INCH OR MORE: 3
MIN 0 OR BELOW: 0 1.00 INCH OR MORE: 1
[HDD (BASE 65) ]
TOTAL THIS MO. 0 CLEAR (SCALE 0-3) 20
DPTR FM NORMAL -5 PTCLDY (SCALE 4-7) 8
TOTAL FM JUL 1 0 CLOUDY (SCALE 8-10) 2
DPTR FM NORMAL -3
[CDD (BASE 65) ]
TOTAL THIS MO. 279
DPTR FM NORMAL -1 [PRESSURE DATA]
TOTAL FM JAN 1 1875 HIGHEST SLP 30.32 ON 12
DPTR FM NORMAL 78 LOWEST SLP 29.66 ON 1
[REMARKS]
#FINAL-09-21#