000
CXUS52 KMHX 290053
CF6EWN
PRELIMINARY LOCAL CLIMATOLOGICAL DATA (WS FORM: F-6)
STATION: NEW BERN NC
MONTH: MARCH
YEAR: 2021
LATITUDE: 35 4 N
LONGITUDE: 77 3 W
TEMPERATURE IN F: :PCPN: SNOW: WIND :SUNSHINE: SKY :PK WND
================================================================================
1 2 3 4 5 6A 6B 7 8 9 10 11 12 13 14 15 16 17 18
12Z AVG MX 2MIN
DY MAX MIN AVG DEP HDD CDD WTR SNW DPTH SPD SPD DIR MIN PSBL S-S WX SPD DR
================================================================================
1 76 53 65 15 0 0 0.01 0.0 0 10.6 28 320 M M 4 46 310
2 53 43 48 -2 17 0 0.00 0.0 0 8.7 16 40 M M 0 23 310
3 61 41 51 1 14 0 T 0.0 0 5.4 13 40 M M 6 16 80
4 68 37 53 3 12 0 0.00 0.0 0 5.8 20 300 M M 0 1 32 300
5 51 33 42 -8 23 0 0.00 0.0 0 8.2 18 10 M M 0 23 10
6 52 34 43 -8 22 0 0.00 0.0 0 5.3 13 20 M M 0 18 20
7 54 29 42 -9 23 0 0.00 0.0 0 6.5 16 10 M M 0 22 360
8 59 27 43 -8 22 0 0.00 0.0 0 2.4 6 99 M M 1 1 M M
9 71 30 51 0 14 0 0.00 0.0 0 6.0 16 170 M M 0 21 220
10 76 42 59 7 6 0 0.00 0.0 0 5.5 17 180 M M 0 22 170
11 76 40 58 6 7 0 0.00 0.0 0 7.3 20 210 M M 1 26 240
12 80 51 66 14 0 1 0.00 0.0 0 8.5 18 230 M M 1 24 230
13 68 51 60 8 5 0 T 0.0 0 5.9 15 40 M M 8 8 20 130
14 72 45 59 6 6 0 0.00 0.0 0 4.0 14 340 M M 1 20 310
15 59 45 52 -1 13 0 0.00 0.0 0 9.8 18 40 M M 2 25 50
16 51 39 45 -8 20 0 1.67 0.0 0 8.1 17 70 M M 10 1 22 60
17 56 46 51 -3 14 0 0.02 0.0 0 5.4 13 360 M M 10 1 16 10
18 76 52 64 10 1 0 0.00 0.0 0 9.9 24 220 M M 7 1 34 210
19 64 37 51 -3 14 0 0.38 0.0 0 15.6 29 20 M M 6 1 39 30
20 53 38 46 -8 19 0 0.00 0.0 0 15.2 26 40 M M 8 30 50
21 62 44 53 -2 12 0 0.00 0.0 0 15.9 24 40 M M 8 33 30
22 65 51 58 3 7 0 0.04 0.0 0 15.5 25 40 M M 8 1 32 30
23 71 53 62 7 3 0 T 0.0 0 10.5 17 30 M M 10 1 22 20
24 71 58 65 9 0 0 0.08 0.0 0 6.9 16 170 M M 7 1 22 170
25 80 53 67 11 0 2 0.00 0.0 0 6.9 17 210 M M 2 12 23 180
26 81 65 73 17 0 8 T 0.0 0 10.1 21 210 M M 2 30 220
27 81 58 70 13 0 5 0.21 0.0 0 5.8 14 110 M M 4 12 18 90
28 84 63 74 17 0 9 0.31 0.0 0 12.3 26 290 M M 3 13 37 290
29 65 47 56 -1 9 0 0.00 0.0 0 7.7 18 320 M M 0 36 310
30 75 42 59 2 6 0 0.00 0.0 0 5.7 15 150 M M 2 8 20 160
31 82 58 70 12 0 5 0.86 0.0 0 8.9 20 180 M M 6 13 28 210
================================================================================
SM 2093 1405 289 30 3.58 0.0 260.3 M 117
================================================================================
AV 67.5 45.3 8.4 FASTST M M 4 MAX(MPH)
MISC ----> 29 20 46 310
================================================================================
NOTES:
# LAST OF SEVERAL OCCURRENCES
COLUMN 17 PEAK WIND IN M.P.H.
PRELIMINARY LOCAL CLIMATOLOGICAL DATA (WS FORM: F-6) , PAGE 2
STATION: NEW BERN NC
MONTH: MARCH
YEAR: 2021
LATITUDE: 35 4 N
LONGITUDE: 77 3 W
[TEMPERATURE DATA] [PRECIPITATION DATA] SYMBOLS USED IN COLUMN 16
AVERAGE MONTHLY: 56.4 TOTAL FOR MONTH: 3.58 1 = FOG OR MIST
DPTR FM NORMAL: 2.9 DPTR FM NORMAL: -0.81 2 = FOG REDUCING VISIBILITY
HIGHEST: 84 ON 28 GRTST 24HR 1.69 ON 16-17 TO 1/4 MILE OR LESS
LOWEST: 27 ON 8 3 = THUNDER
SNOW, ICE PELLETS, HAIL 4 = ICE PELLETS
TOTAL MONTH: 0.0 INCH 5 = HAIL
GRTST 24HR 0.0 6 = FREEZING RAIN OR DRIZZLE
GRTST DEPTH: 0 7 = DUSTSTORM OR SANDSTORM:
VSBY 1/2 MILE OR LESS
8 = SMOKE OR HAZE
[NO. OF DAYS WITH] [WEATHER - DAYS WITH] 9 = BLOWING SNOW
X = TORNADO
MAX 32 OR BELOW: 0 0.01 INCH OR MORE: 9
MAX 90 OR ABOVE: 0 0.10 INCH OR MORE: 5
MIN 32 OR BELOW: 3 0.50 INCH OR MORE: 2
MIN 0 OR BELOW: 0 1.00 INCH OR MORE: 1
[HDD (BASE 65) ]
TOTAL THIS MO. 289 CLEAR (SCALE 0-3) 16
DPTR FM NORMAL -80 PTCLDY (SCALE 4-7) 11
TOTAL FM JUL 1 2300 CLOUDY (SCALE 8-10) 4
DPTR FM NORMAL -215
[CDD (BASE 65) ]
TOTAL THIS MO. 30
DPTR FM NORMAL 19 [PRESSURE DATA]
TOTAL FM JAN 1 32 HIGHEST SLP 30.56 ON 9
DPTR FM NORMAL 18 LOWEST SLP 29.61 ON 19
[REMARKS]
#FINAL-03-21#