000
CXUS52 KMHX 011320
CLMEWN
CLIMATE REPORT
NATIONAL WEATHER SERVICE NEWPORT/MOREHEAD CITY
920 AM EDT MON APR 01 2024
...................................
...THE NEW BERN NC CLIMATE SUMMARY FOR THE MONTH OF MARCH 2024...
CLIMATE NORMAL PERIOD 1991 TO 2020
CLIMATE RECORD PERIOD 1948 TO 2024
WEATHER OBSERVED NORMAL DEPART LAST YEAR`S
VALUE DATE(S) VALUE FROM VALUE DATE(S)
NORMAL
................................................................
TEMPERATURE (F)
RECORD
HIGH 91 03/28/2020
LOW 16 03/04/2009
HIGHEST 85 03/31 87 03/24
LOWEST 37 03/19 25 03/21
03/24
03/25
AVG. MAXIMUM 68.3 64.9 3.4 67.2
AVG. MINIMUM 46.5 41.5 5.0 44.5
MEAN 57.4 53.2 4.2 55.9
DAYS MAX >= 90 0 0.1 -0.1 0
DAYS MAX <= 32 0 0.0 0.0 0
DAYS MIN <= 32 0 5.5 -5.5 3
DAYS MIN <= 0 0 0.0 0.0 0
PRECIPITATION (INCHES)
RECORD
MAXIMUM 9.17 1983
MINIMUM 0.60 1967
TOTALS 6.81 3.85 2.96 2.14
DAILY AVG. 0.22 0.12 0.10 0.07
DAYS >= .01 10 10.0 0.0 12
DAYS >= .10 7 6.8 0.2 5
DAYS >= .50 4 2.7 1.3 1
DAYS >= 1.00 4 1.0 3.0 0
GREATEST
24 HR. TOTAL 1.84 03/28 TO 03/28
SNOWFALL (INCHES)
RECORDS
TOTAL MM 5
24 HR TOTAL MM
SNOW DEPTH MM MM
TOTALS 0.0 MM MM 0.0
LIQUID EQUIV 0.00 MM MM 0.00
SINCE 7/1 0.0 MM MM MM
LIQUID 7/1 0.00 MM MM MM
SNOWDEPTH AVG. 0 0
DAYS >= TRACE 0 MM MM 0
DAYS >= 1.0 0 MM MM 0
GREATEST
SNOW DEPTH 0 0 MM
24 HR TOTAL MM
STORM TOTAL 0.0 0.0
DEGREE DAYS
HEATING TOTAL 236 379 -143 304
SINCE 7/1 2123 2512 -389 MM
................................................................
WIND (MPH)
AVERAGE WIND SPEED 8.3
RESULTANT WIND SPEED/DIRECTION 1/300
HIGHEST WIND SPEED/DIRECTION 30/160 DATE 03/23
HIGHEST GUST SPEED/DIRECTION 44/150 DATE 03/23
44/280 03/28
SKY COVER
POSSIBLE SUNSHINE (PERCENT) MM
AVERAGE SKY COVER 0.36
NUMBER OF DAYS FAIR 17
NUMBER OF DAYS PC 10
NUMBER OF DAYS CLOUDY 4
AVERAGE RH (PERCENT) 68
WEATHER CONDITIONS. NUMBER OF DAYS WITH
THUNDERSTORM 1 MIXED PRECIP 0
HEAVY RAIN 5 RAIN 7
LIGHT RAIN 14 FREEZING RAIN 0
LT FREEZING RAIN 0 HAIL 0
HEAVY SNOW 0 SNOW 0
LIGHT SNOW 0 SLEET 0
FOG 13 FOG W/VIS <= 1/4 MILE 3
HAZE 0
- INDICATES NEGATIVE NUMBERS.
R INDICATES RECORD WAS SET OR TIED.
MM INDICATES DATA IS MISSING.
T INDICATES TRACE AMOUNT.
$$