260
CXUS53 KFGF 010815
CF6FAR
PRELIMINARY LOCAL CLIMATOLOGICAL DATA (WS FORM: F-6)
STATION: FARGO HECTOR INTL AP ND
MONTH: JUNE
YEAR: 2020
LATITUDE: 46 54 N
LONGITUDE: 96 48 W
TEMPERATURE IN F: :PCPN: SNOW: WIND :SUNSHINE: SKY :PK WND
================================================================================
1 2 3 4 5 6A 6B 7 8 9 10 11 12 13 14 15 16 17 18
12Z AVG MX 2MIN
DY MAX MIN AVG DEP HDD CDD WTR SNW DPTH SPD SPD DIR MIN PSBL S-S WX SPD DR
================================================================================
1 97 65 81 19 0 16 0.00 0.0 0 12.7 26 150 M M 0 39 150
2 89 55 72 10 0 7 T 0.0 0 8.3 22 290 M M 1 28 300
3 84 51 68 5 0 3 0.00 0.0 0 6.5 15 160 M M 1 21 190
4 86 54 70 7 0 5 0.01 0.0 0 7.0 30 240 M M 2 39 240
5 81 50 66 3 0 1 0.00 0.0 0 11.7 25 330 M M 1 35 320
6 77 49 63 -1 2 0 T 0.0 0 14.7 30 130 M M 2 44 130
7 99 64 82 18 0 17 0.59 0.0 0 21.5 49 240 M M 2 13 71 260
8 87 66 77 13 0 12 0.32 0.0 0 13.9 28 290 M M 4 13 33 130
9 72 57 65 1 0 0 0.65 0.0 0 16.8 33 270 M M 10 13 46 270
10 73 53 63 -2 2 0 0.00 0.0 0 16.3 30 330 M M 2 41 330
11 80 53 67 2 0 2 0.00 0.0 0 11.7 21 300 M M 1 27 300
12 75 53 64 -1 1 0 0.00 0.0 0 9.9 18 30 M M 3 25 10
13 78 55 67 1 0 2 0.00 0.0 0 16.5 24 140 M M 1 37 120
14 82 61 72 6 0 7 0.00 0.0 0 23.7 39 150 M M 0 53 160
15 92 72 82 16 0 17 T 0.0 0 18.8 36 150 M M 0 54 140
16 97 67 82 16 0 17 0.00 0.0 M 19.5 35 180 M M 0 48 170
17 97 74 86 19 0 21 0.00 0.0 0 21.2 33 180 M M 1 50 140
18 83 56 70 3 0 5 0.25 0.0 0 12.0 22 270 M M 6 13 30 250
19 75 52 64 -3 1 0 0.00 0.0 M 9.7 16 260 M M 3 23 270
20 76 56 66 -2 0 1 0.04 0.0 0 11.9 28 160 M M 6 3 37 150
21 74 56 65 -3 0 0 0.01 0.0 M 6.0 14 350 M M 6 21 250
22 72 55 64 -4 1 0 0.00 0.0 0 9.2 18 340 M M 8 23 350
23 79 54 67 -1 0 2 0.09 0.0 M 8.0 26 330 M M 3 1 33 330
24 82 53 68 0 0 3 0.00 0.0 0 4.5 14 20 M M 0 19 10
25 92 63 78 9 0 13 0.65 0.0 0 12.3 32 260 M M 4 13 42 270
26 85 64 75 6 0 10 0.00 0.0 0 9.3 21 330 M M 0 1 27 340
27 90 60 75 6 0 10 0.00 0.0 0 9.7 18 180 M M 0 29 160
28 90 71 81 12 0 16 0.00 0.0 0 17.1 28 140 M M 1 41 150
29 85 67 76 7 0 11 0.04 0.0 0 12.0 29 220 M M 3 3 37 210
30 88 69 79 9 0 14 0.00 0.0 0 12.6 26 140 M M 5 39 130
================================================================================
SM 2517 1775 7 212 2.65 0.0 385.0 M 76
================================================================================
AV 83.9 59.2 12.8 FASTST M M 3 MAX(MPH)
MISC ----> 49 240 71 260
================================================================================
NOTES:
# LAST OF SEVERAL OCCURRENCES
COLUMN 17 PEAK WIND IN M.P.H.
PRELIMINARY LOCAL CLIMATOLOGICAL DATA (WS FORM: F-6) , PAGE 2
STATION: FARGO HECTOR INTL AP ND
MONTH: JUNE
YEAR: 2020
LATITUDE: 46 54 N
LONGITUDE: 96 48 W
[TEMPERATURE DATA] [PRECIPITATION DATA] SYMBOLS USED IN COLUMN 16
AVERAGE MONTHLY: 71.5 TOTAL FOR MONTH: 2.65 1 = FOG OR MIST
DPTR FM NORMAL: 5.3 DPTR FM NORMAL: -1.25 2 = FOG REDUCING VISIBILITY
HIGHEST: 99 ON 7 GRTST 24HR 0.84 ON 7- 8 TO 1/4 MILE OR LESS
LOWEST: 49 ON 6 3 = THUNDER
SNOW, ICE PELLETS, HAIL 4 = ICE PELLETS
TOTAL MONTH: 0.0 INCH 5 = HAIL
GRTST 24HR 0.0 6 = FREEZING RAIN OR DRIZZLE
GRTST DEPTH: 0 7 = DUSTSTORM OR SANDSTORM:
VSBY 1/2 MILE OR LESS
8 = SMOKE OR HAZE
[NO. OF DAYS WITH] [WEATHER - DAYS WITH] 9 = BLOWING SNOW
X = TORNADO
MAX 32 OR BELOW: 0 0.01 INCH OR MORE: 10
MAX 90 OR ABOVE: 8 0.10 INCH OR MORE: 5
MIN 32 OR BELOW: 0 0.50 INCH OR MORE: 3
MIN 0 OR BELOW: 0 1.00 INCH OR MORE: 0
[HDD (BASE 65) ]
TOTAL THIS MO. 7 CLEAR (SCALE 0-3) 20
DPTR FM NORMAL -66 PTCLDY (SCALE 4-7) 9
TOTAL FM JUL 1 9024 CLOUDY (SCALE 8-10) 1
DPTR FM NORMAL 224
[CDD (BASE 65) ]
TOTAL THIS MO. 212
DPTR FM NORMAL 105 [PRESSURE DATA]
TOTAL FM JAN 1 225 HIGHEST SLP M ON M
DPTR FM NORMAL 87 LOWEST SLP 29.43 ON 7
[REMARKS]
#FINAL-06-20#