806
CXUS53 KFGF 010937 RRA
CLSFAR
CLIMATE REPORT
NATIONAL WEATHER SERVICE GRAND FORKS
430 AM CDT TUE SEP 01 2020
...................................
...THE FARGO HECTOR INTL AP ND CLIMATE SUMMARY FOR THE SEASON, FROM
6/1/2020 TO 8/31/2020...
CLIMATE NORMAL PERIOD 1981 TO 2010
CLIMATE RECORD PERIOD 1881 TO 2020
WEATHER OBSERVED NORMAL DEPART LAST YEAR`S
VALUE DATE(S) VALUE FROM VALUE DATE(S)
NORMAL
................................................................
TEMPERATURE (F)
RECORD
HIGH 114 07/06/1936
LOW 28 06/01/1888
HIGHEST 99 06/07 80 19 96 06/07
LOWEST 47 08/29 55 -8 43 06/01
AVG. MAXIMUM 82.9 80.4 2.5 79.3
AVG. MINIMUM 59.8 57.3 2.5 57.9
MEAN 71.3 68.8 2.5 68.6
DAYS MAX >= 90 14 9.9 4.1 5
DAYS MAX <= 32 0 0.0 0.0 0
DAYS MIN <= 32 0 0.0 0.0 0
DAYS MIN <= 0 0 0.0 0.0 0
PRECIPITATION (INCHES)
RECORD
MAXIMUM 18.88 1944
MINIMUM 1.86 1936
TOTALS 12.31 9.25 3.06 12.22
DAILY AVG. 0.13 0.10 0.03 0.13
DAYS >= .01 30 30.3 -0.3 MM
DAYS >= .10 20 16.9 3.1 MM
DAYS >= .50 11 5.3 5.7 MM
DAYS >= 1.00 3 2.1 0.9 MM
GREATEST
24 HR. TOTAL 1.86 MM 2.20
STORM TOTAL 1.86 MM
(MM/DD(HH)) MM
SNOWFALL (INCHES)
RECORDS
TOTAL MM MM
24 HR TOTAL MM
SNOW DEPTH MM MM
TOTALS 0.0 0.0 0.0 0.0
LIQUID EQUIV 0.00 0.00 0.00 0.00
SINCE 7/1 0.0 0.0 0.0 MM
LIQUID 7/1 0.00 0.00 0.00 MM
SNOWDEPTH AVG. 0 0
DAYS >= TRACE 0 0.0 0.0 0
DAYS >= 1.0 0 0.0 0.0 0
GREATEST
SNOW DEPTH 0 0 MM
24 HR TOTAL 0.0 MM 0.0
STORM TOTAL 0.0 MM
(MM/DD(HH)) MM
DEGREE DAYS
HEATING TOTAL 22 122 -100 103
SINCE 7/1 15 52 -37 45
COOLING TOTAL 631 474 157 461
SINCE 1/1 644 505 139 471
FREEZE DATES
RECORD
EARLIEST MM
LATEST MM
EARLIEST MM
LATEST 05/12
................................................................
WIND (MPH)
AVERAGE WIND SPEED 10.1
RESULTANT WIND SPEED/DIRECTION 3/160
HIGHEST WIND SPEED/DIRECTION 49/240 DATE 06/07
HIGHEST GUST SPEED/DIRECTION 71/260 DATE 06/07
SKY COVER
POSSIBLE SUNSHINE (PERCENT) MM
AVERAGE SKY COVER 0.22
NUMBER OF DAYS FAIR 70
NUMBER OF DAYS PC 20
NUMBER OF DAYS CLOUDY 2
AVERAGE RH (PERCENT) 69
WEATHER CONDITIONS. NUMBER OF DAYS WITH
THUNDERSTORM 26 MIXED PRECIP 0
HEAVY RAIN 19 RAIN 15
LIGHT RAIN 35 FREEZING RAIN 0
LT FREEZING RAIN 0 HAIL 0
HEAVY SNOW 0 SNOW 0
LIGHT SNOW 0 SLEET 0
FOG 30 FOG W/VIS <= 1/4 MILE 3
HAZE 1
- INDICATES NEGATIVE NUMBERS.
R INDICATES RECORD WAS SET OR TIED.
MM INDICATES DATA IS MISSING.
T INDICATES TRACE AMOUNT.
$$