000
CXUS52 KRAH 010845
CF6FAY
PRELIMINARY LOCAL CLIMATOLOGICAL DATA (WS FORM: F-6)
STATION: FAYETTEVILLE NC
MONTH: MARCH
YEAR: 2022
LATITUDE: 35 0 N
LONGITUDE: 78 53 W
TEMPERATURE IN F: :PCPN: SNOW: WIND :SUNSHINE: SKY :PK WND
================================================================================
1 2 3 4 5 6A 6B 7 8 9 10 11 12 13 14 15 16 17 18
12Z AVG MX 2MIN
DY MAX MIN AVG DEP HDD CDD WTR SNW DPTH SPD SPD DIR MIN PSBL S-S WX SPD DR
================================================================================
1 68 34 51 1 14 0 0.00 M M 4.3 10 220 M M 0 13 210
2 77 38 58 8 7 0 0.00 M M 6.6 15 250 M M 0 21 240
3 84 43 64 14 1 0 0.00 M M 8.5 20 50 M M 0 26 50
4 61 44 53 3 12 0 0.00 M M 8.0 17 30 M M 4 24 50
5 75 49 62 11 3 0 0.00 M M 4.7 14 170 M M 8 18 180
6 83 60 72 21 0 7 0.00 M M 12.6 25 220 M M 2 31 210
7 83 64 74 23 0 9 T M M 15.5 29 210 M M 5 36 210
8 70 51 61 9 4 0 0.11 M M 9.4 20 120 M M 6 13 25 120
9 60 50 55 3 10 0 0.12 M M 6.8 15 360 M M 9 1 18 360
10 52 44 48 -4 17 0 0.10 M M 7.4 16 20 M M 10 18 21 60
11 62 46 54 2 11 0 0.12 M M 3.2 12 140 M M 10 1 15 130
12 66 30 48 -4 17 0 0.41 M M 16.7 35 300 M M 7 18 44 300
13 51 24 38 -15 27 0 0.00 M M 7.3 18 210 M M 0 23 180
14 67 33 50 -3 15 0 0.00 M M 5.7 13 170 M M 0 17 200
15 72 35 54 1 11 0 0.00 M M 3.0 10 260 M M 1 13 240
16 73 49 61 7 4 0 0.74 M M 8.7 22 100 M M 7 18 28 110
17 74 56 65 11 0 0 0.27 M M 7.9 16 290 M M 6 13 21 280
18 77 49 63 9 2 0 0.00 M M 6.8 20 220 M M 2 1 23 120
19 79 58 69 14 0 4 0.00 M M 12.8 33 220 M M 4 41 230
20 69 45 57 2 8 0 0.00 M M 11.1 23 280 M M 0 36 310
21 70 37 54 -1 11 0 0.00 M M 4.8 15 30 M M 0 20 360
22 76 40 58 2 7 0 0.00 M M 6.0 15 210 M M 0 22 210
23 78 53 66 10 0 1 T M M 10.1 23 180 M M 5 29 180
24 71 59 65 9 0 0 0.06 M M 11.5 18 180 M M 7 1 23 170
25 73 54 64 8 1 0 0.00 M M 11.9 25 260 M M 4 32 240
26 66 43 55 -2 10 0 0.00 M M 11.8 26 250 M M 2 37 260
27 64 32 48 -9 17 0 0.00 M M 8.8 24 250 M M 0 31 240
28 65 31 48 -9 17 0 0.00 M M 8.1 24 280 M M 0 31 270
29 56 35 46 -12 19 0 0.00 M M 4.0 14 30 M M 3 8 18 40
30 77 37 57 -1 8 0 0.00 M M 10.7 28 170 M M 6 8 33 170
31 77 66 72 14 0 7 0.18 M M 16.7 35 190 M M 7 1 46 180
================================================================================
SM 2176 1389 253 28 2.11 M 271.4 M 115
================================================================================
AV 70.2 44.8 8.8 FASTST M M 4 MAX(MPH)
MISC ----> # 35 300 46 180
================================================================================
NOTES:
# LAST OF SEVERAL OCCURRENCES
COLUMN 17 PEAK WIND IN M.P.H.
PRELIMINARY LOCAL CLIMATOLOGICAL DATA (WS FORM: F-6) , PAGE 2
STATION: FAYETTEVILLE NC
MONTH: MARCH
YEAR: 2022
LATITUDE: 35 0 N
LONGITUDE: 78 53 W
[TEMPERATURE DATA] [PRECIPITATION DATA] SYMBOLS USED IN COLUMN 16
AVERAGE MONTHLY: 57.5 TOTAL FOR MONTH: 2.11 1 = FOG OR MIST
DPTR FM NORMAL: 3.7 DPTR FM NORMAL: -0.97 2 = FOG REDUCING VISIBILITY
HIGHEST: 84 ON 3 GRTST 24HR 1.01 ON 16-17 TO 1/4 MILE OR LESS
LOWEST: 24 ON 13 3 = THUNDER
SNOW, ICE PELLETS, HAIL 4 = ICE PELLETS
TOTAL MONTH: M 5 = HAIL
GRTST 24HR M ON M 6 = FREEZING RAIN OR DRIZZLE
GRTST DEPTH: M ON M 7 = DUSTSTORM OR SANDSTORM:
VSBY 1/2 MILE OR LESS
8 = SMOKE OR HAZE
[NO. OF DAYS WITH] [WEATHER - DAYS WITH] 9 = BLOWING SNOW
X = TORNADO
MAX 32 OR BELOW: 0 0.01 INCH OR MORE: 9
MAX 90 OR ABOVE: 0 0.10 INCH OR MORE: 8
MIN 32 OR BELOW: 4 0.50 INCH OR MORE: 1
MIN 0 OR BELOW: 0 1.00 INCH OR MORE: 0
[HDD (BASE 65) ]
TOTAL THIS MO. 253 CLEAR (SCALE 0-3) 15
DPTR FM NORMAL -109 PTCLDY (SCALE 4-7) 13
TOTAL FM JUL 1 2168 CLOUDY (SCALE 8-10) 3
DPTR FM NORMAL -403
[CDD (BASE 65) ]
TOTAL THIS MO. 28
DPTR FM NORMAL 13 [PRESSURE DATA]
TOTAL FM JAN 1 46 HIGHEST SLP 30.51 ON 14
DPTR FM NORMAL 25 LOWEST SLP 29.33 ON 12
[REMARKS]
#FINAL-03-22#