000
CXUS54 KOUN 010810
CF6FDR
PRELIMINARY LOCAL CLIMATOLOGICAL DATA (WS FORM: F-6)
STATION: FREDERICK MUNICIPAL
MONTH: MAY
YEAR: 2022
LATITUDE: 34 21 N
LONGITUDE: 98 59 W
TEMPERATURE IN F: :PCPN: SNOW: WIND :SUNSHINE: SKY :PK WND
================================================================================
1 2 3 4 5 6A 6B 7 8 9 10 11 12 13 14 15 16 17 18
12Z AVG MX 2MIN
DY MAX MIN AVG DEP HDD CDD WTR SNW DPTH SPD SPD DIR MIN PSBL S-S WX SPD DR
================================================================================
1 86 52 69 2 0 4 0.19 M M 14.2 28 130 M M 1 3 34 140
2 96 53 75 8 0 10 T M M 18.2 36 360 M M 4 8 44 350
3 71 46 59 -8 6 0 0.00 M M 13.5 24 340 M M 3 30 350
4 82 56 69 1 0 4 0.76 0.0 0 15.2 29 330 M M 9 123 35 320
5 77 56 67 -1 0 2 T M M 15.5 31 330 M M 5 1 38 330
6 87 52 70 2 0 5 0.00 M M 8.9 20 90 M M 0 39 130
7 95 59 77 8 0 12 0.00 M M 17.2 29 130 M M 1 33 140
8 107 73 90 21 0 25 0.00 M M 18.0 27 170 M M 0 36 170
9 107 73 90 20 0 25 0.00 M M 23.3 33 180 M M 0 40 190
10 100 70 85 15 0 20 0.02 M M 19.5 39 320 M M 0 47 320
11 94 67 81 11 0 16 0.15 M M 16.9 29 150 M M 1 13 36 170
12 98 68 83 12 0 18 0.00 0.0 M 18.2 26 160 M M 0 35 160
13 97 71 84 13 0 19 0.00 0.0 M 8.7 18 170 M M 0 8 23 170
14 96 64 80 8 0 15 0.00 0.0 M 8.8 22 140 M M 0 28 130
15 103 68 86 14 0 21 0.00 0.0 M 16.0 31 30 M M 0 37 30
16 91 67 79 7 0 14 M 0.0 M 15.1 36 260 M M 2 138 44 270
17 99 69 84 11 0 19 0.00 0.0 M 15.6 36 150 M M 1 3 43 150
18 101 69 85 12 0 20 0.00 0.0 0 13.3 23 130 M M 0 28 120
19 105 70 88 14 0 23 0.00 M M 18.7 37 340 M M 0 50 340
20 92 73 83 9 0 18 0.00 M M 15.6 30 270 M M 0 44 270
21 75 58 67 -7 0 2 0.00 M M 20.7 31 20 M M 5 39 20
22 76 50 63 -12 2 0 0.00 M M 14.6 24 50 M M 0 30 50
23 65 56 61 -14 4 0 0.02 M M 12.0 20 100 M M 8 1 23 110
24 65 58 62 -13 3 0 M M M 8.3 20 330 M M 9 13 23 310
25 65 52 59 -17 6 0 0.04 M M 14.0 28 310 M M 8 35 310
26 85 50 68 -8 0 3 0.00 M M 9.5 20 340 M M 0 24 340
27 93 56 75 -1 0 10 0.00 M M 9.9 21 150 M M 0 26 170
28 99 64 82 5 0 17 T M M 19.9 39 180 M M 0 8 51 180
29 102 74 88 11 0 23 T M M 25.3 38 150 M M 0 45 170
30 97 72 85 8 0 20 0.00 M M 22.2 33 150 M M 1 40 190
31 95 76 86 8 0 21 M M M 19.7 24 150 M M 2 3 33 200
================================================================================
SM 2801 1942 21 386 1.18 0.0 486.5 M 60
================================================================================
AV 90.4 62.6 15.7 FASTST M M 2 MAX(MPH)
MISC ----> # 39 320 51 180
================================================================================
NOTES:
# LAST OF SEVERAL OCCURRENCES
COLUMN 17 PEAK WIND IN M.P.H.
PRELIMINARY LOCAL CLIMATOLOGICAL DATA (WS FORM: F-6) , PAGE 2
STATION: FREDERICK MUNICIPAL
MONTH: MAY
YEAR: 2022
LATITUDE: 34 21 N
LONGITUDE: 98 59 W
[TEMPERATURE DATA] [PRECIPITATION DATA] SYMBOLS USED IN COLUMN 16
AVERAGE MONTHLY: 76.5 TOTAL FOR MONTH: 1.18 1 = FOG OR MIST
DPTR FM NORMAL: 4.1 DPTR FM NORMAL: M 2 = FOG REDUCING VISIBILITY
HIGHEST: 107 ON 9, 8 GRTST 24HR 0.76 ON 4- 4 TO 1/4 MILE OR LESS
LOWEST: 46 ON 3 3 = THUNDER
SNOW, ICE PELLETS, HAIL 4 = ICE PELLETS
TOTAL MONTH: 0.0 INCH 5 = HAIL
GRTST 24HR 0.0 6 = FREEZING RAIN OR DRIZZLE
GRTST DEPTH: 0 7 = DUSTSTORM OR SANDSTORM:
VSBY 1/2 MILE OR LESS
8 = SMOKE OR HAZE
[NO. OF DAYS WITH] [WEATHER - DAYS WITH] 9 = BLOWING SNOW
X = TORNADO
MAX 32 OR BELOW: 0 0.01 INCH OR MORE: 6
MAX 90 OR ABOVE: 20 0.10 INCH OR MORE: 3
MIN 32 OR BELOW: 0 0.50 INCH OR MORE: 1
MIN 0 OR BELOW: 0 1.00 INCH OR MORE: 0
[HDD (BASE 65) ]
TOTAL THIS MO. 21 CLEAR (SCALE 0-3) 24
DPTR FM NORMAL -3 PTCLDY (SCALE 4-7) 4
TOTAL FM JUL 1 2561 CLOUDY (SCALE 8-10) 3
DPTR FM NORMAL -414
[CDD (BASE 65) ]
TOTAL THIS MO. 386
DPTR FM NORMAL 134 [PRESSURE DATA]
TOTAL FM JAN 1 539 HIGHEST SLP M ON M
DPTR FM NORMAL 200 LOWEST SLP 29.29 ON 19
[REMARKS]
#FINAL-05-22#