000
CXUS52 KFFC 011110
CF6FFC
PRELIMINARY LOCAL CLIMATOLOGICAL DATA (WS FORM: F-6)
STATION: PEACHTREE CITY
MONTH: FEBRUARY
YEAR: 2024
LATITUDE: 33 20 N
LONGITUDE: 84 34 W
TEMPERATURE IN F: :PCPN: SNOW: WIND :SUNSHINE: SKY :PK WND
================================================================================
1 2 3 4 5 6A 6B 7 8 9 10 11 12 13 14 15 16 17 18
12Z AVG MX 2MIN
DY MAX MIN AVG DEP HDD CDD WTR SNW DPTH SPD SPD DIR MIN PSBL S-S WX SPD DR
================================================================================
1 62 28 45 -1 20 0 0.00 M M 2.0 10 310 M M 0 14 330
2 70 33 52 6 13 0 0.00 M M 3.4 13 310 M M 0 17 310
3 62 37 50 4 15 0 0.00 M M 6.1 16 100 M M 0 24 90
4 50 41 46 0 19 0 0.63 M M 10.5 22 60 M M 9 1 42 30
5 58 36 47 0 18 0 0.01 M M 5.2 15 40 M M 8 24 70
6 64 30 47 0 18 0 0.00 M M 1.9 12 330 M M 0 1 16 50
7 59 28 44 -3 21 0 0.00 M M 1.7 14 80 M M 0 19 90
8 58 29 44 -3 21 0 0.00 M M 1.5 10 130 M M 0 15 130
9 65 42 54 6 11 0 0.00 M M 1.2 9 130 M M 1 13 120
10 66 46 56 8 9 0 0.04 M M 1.7 8 170 M M 7 1 16 200
11 68 59 64 16 1 0 1.25 M M 3.4 18 130 M M 8 13 24 260
12 59 59 59 11 6 0 0.00 M M 5.8 21 130 M M 10 1 35 280
13 57 39 48 0 17 0 0.00 M M M 24 280 M M M 45 270
14 65 31 48 0 17 0 0.00 M M 1.9 12 350 M M M 17 340
15 68 32 50 1 15 0 0.00 M M 2.0 14 300 M M M 20 240
16 66 40 53 4 12 0 0.00 M M 1.9 10 190 M M M 18 190
17 56 37 47 -2 18 0 T M M 12.2 21 330 M M M 29 300
18 53 31 42 -7 23 0 0.00 M M 5.2 13 330 M M M 21 330
19 61 32 47 -3 18 0 0.00 M M M 12 350 M M M 16 340
20 61 27 44 -6 21 0 0.00 M M 0.3 7 120 M M M 10 130
21 68 28 48 -2 17 0 0.00 M M 2.6 9 130 M M M 15 160
22 71 35 53 3 12 0 0.00 M M 3.8 13 190 M M 3 1 23 220
23 69 48 59 9 6 0 0.22 M M 8.3 22 330 M M 5 1 28 300
24 66 42 54 3 11 0 0.00 M M 9.6 28 320 M M 1 40 310
25 66 29 48 -3 17 0 0.00 M M 1.4 9 130 M M 0 8 13 340
26 74 35 55 4 10 0 0.00 M M 3.0 9 230 M M 0 20 230
27 75 57 66 15 0 1 0.00 M M 5.7 10 170 M M 7 37 290
28 78 45 62 10 3 0 0.27 M M 11.2 36 300 M M 8 13 52 310
29 54 39 47 -5 18 0 0.00 M M 6.3 15 330 M M 1 21 340
================================================================================
SM 1849 1095 407 1 2.42 M 119.8 M 68
================================================================================
AV 63.8 37.8 4.4 FASTST M M 3 MAX(MPH)
MISC ----> 36 300 52 310
================================================================================
NOTES:
# LAST OF SEVERAL OCCURRENCES
COLUMN 17 PEAK WIND IN M.P.H.
PRELIMINARY LOCAL CLIMATOLOGICAL DATA (WS FORM: F-6) , PAGE 2
STATION: PEACHTREE CITY
MONTH: FEBRUARY
YEAR: 2024
LATITUDE: 33 20 N
LONGITUDE: 84 34 W
[TEMPERATURE DATA] [PRECIPITATION DATA] SYMBOLS USED IN COLUMN 16
AVERAGE MONTHLY: 50.8 TOTAL FOR MONTH: 2.42 1 = FOG OR MIST
DPTR FM NORMAL: 2.1 DPTR FM NORMAL: -2.19 2 = FOG REDUCING VISIBILITY
HIGHEST: 78 ON 28 GRTST 24HR 1.25 ON 11-11 TO 1/4 MILE OR LESS
LOWEST: 27 ON 20 3 = THUNDER
SNOW, ICE PELLETS, HAIL 4 = ICE PELLETS
TOTAL MONTH: M 5 = HAIL
GRTST 24HR M ON M 6 = FREEZING RAIN OR DRIZZLE
GRTST DEPTH: M ON M 7 = DUSTSTORM OR SANDSTORM:
VSBY 1/2 MILE OR LESS
8 = SMOKE OR HAZE
[NO. OF DAYS WITH] [WEATHER - DAYS WITH] 9 = BLOWING SNOW
X = TORNADO
MAX 32 OR BELOW: 0 0.01 INCH OR MORE: 6
MAX 90 OR ABOVE: 0 0.10 INCH OR MORE: 4
MIN 32 OR BELOW: 11 0.50 INCH OR MORE: 2
MIN 0 OR BELOW: 0 1.00 INCH OR MORE: 1
[HDD (BASE 65) ]
TOTAL THIS MO. 407 CLEAR (SCALE 0-3) 12
DPTR FM NORMAL -52 PTCLDY (SCALE 4-7) 4
TOTAL FM JUL 1 2132 CLOUDY (SCALE 8-10) 13
DPTR FM NORMAL -15
[CDD (BASE 65) ]
TOTAL THIS MO. 1
DPTR FM NORMAL -2 [PRESSURE DATA]
TOTAL FM JAN 1 1 HIGHEST SLP 30.45 ON 29
DPTR FM NORMAL -3 LOWEST SLP 29.59 ON 4
[REMARKS]
#FINAL-02-24#