000
CXUS52 KFFC 011110
CF6FFC
PRELIMINARY LOCAL CLIMATOLOGICAL DATA (WS FORM: F-6)
STATION: PEACHTREE CITY
MONTH: APRIL
YEAR: 2020
LATITUDE: 33 20 N
LONGITUDE: 84 34 W
TEMPERATURE IN F: :PCPN: SNOW: WIND :SUNSHINE: SKY :PK WND
================================================================================
1 2 3 4 5 6A 6B 7 8 9 10 11 12 13 14 15 16 17 18
12Z AVG MX 2MIN
DY MAX MIN AVG DEP HDD CDD WTR SNW DPTH SPD SPD DIR MIN PSBL S-S WX SPD DR
================================================================================
1 65 42 54 -3 11 0 0.00 0.0 0 9.6 22 330 M M 1 29 330
2 72 39 56 -1 9 0 0.00 0.0 0 2.3 12 300 M M 0 15 290
3 81 41 61 4 4 0 0.00 0.0 0 1.5 12 320 M M 0 15 290
4 81 50 66 8 0 1 0.00 0.0 0 1.8 10 20 M M 1 14 30
5 83 55 69 11 0 4 0.00 0.0 0 1.3 8 150 M M 2 12 20
6 85 53 69 11 0 4 0.00 0.0 0 1.0 16 330 M M 1 1 21 320
7 79 60 70 12 0 5 0.08 0.0 0 2.5 13 240 M M 3 1 20 230
8 81 62 72 13 0 7 0.01 0.0 0 4.7 14 310 M M 5 1 22 310
9 81 62 72 13 0 7 0.28 0.0 0 7.0 20 320 M M 1 13 34 330
10 65 40 53 -6 12 0 0.00 0.0 0 10.4 25 340 M M 1 36 340
11 74 37 56 -3 9 0 0.00 0.0 0 2.1 13 130 M M 0 17 130
12 78 44 61 1 4 0 0.04 M 0 6.6 17 150 M M 5 138 27 140
13 76 56 66 6 0 1 0.15 0.0 0 8.9 17 300 M M 3 13 28 170
14 75 48 62 2 3 0 0.00 0.0 0 7.5 17 320 M M 0 24 320
15 65 43 54 -6 11 0 0.00 0.0 0 10.4 20 320 M M 0 25 300
16 71 38 55 -6 10 0 0.00 0.0 0 3.4 16 340 M M 0 20 330
17 77 39 58 -3 7 0 0.00 0.0 0 3.3 15 140 M M 0 21 130
18 73 49 61 0 4 0 T M 0 5.7 17 340 M M 3 23 300
19 56 46 51 -10 14 0 0.98 M 0 3.4 16 130 M M 7 13 22 250
20 74 52 63 1 2 0 0.46 0.0 0 7.1 21 320 M M 5 13 26 310
21 78 47 63 1 2 0 0.00 0.0 0 5.2 20 310 M M 1 27 310
22 74 44 59 -3 6 0 0.08 M 0 1.9 9 120 M M 2 1 14 130
23 68 56 62 0 3 0 0.90 0.0 0 6.6 20 130 M M 9 13 26 130
24 75 54 65 2 0 0 0.00 0.0 0 5.2 15 310 M M 5 22 310
25 82 51 67 4 0 2 0.01 0.0 0 5.5 17 290 M M 2 27 320
26 72 53 63 0 2 0 0.00 0.0 0 11.6 26 310 M M 3 34 320
27 76 46 61 -3 4 0 0.00 0.0 0 6.3 17 330 M M 0 23 340
28 81 47 64 0 1 0 0.00 0.0 0 1.8 10 140 M M 1 15 150
29 74 52 63 -1 2 0 0.72 0.0 0 4.9 20 270 M M 5 1 29 280
30 65 50 58 -7 7 0 0.01 0.0 0 5.6 17 320 M M 5 22 320
================================================================================
SM 2237 1456 127 31 3.72 0.0 155.1 M 71
================================================================================
AV 74.6 48.5 5.2 FASTST M M 2 MAX(MPH)
MISC ----> # 26 310 # 36 340
================================================================================
NOTES:
# LAST OF SEVERAL OCCURRENCES
COLUMN 17 PEAK WIND IN M.P.H.
PRELIMINARY LOCAL CLIMATOLOGICAL DATA (WS FORM: F-6) , PAGE 2
STATION: PEACHTREE CITY
MONTH: APRIL
YEAR: 2020
LATITUDE: 33 20 N
LONGITUDE: 84 34 W
[TEMPERATURE DATA] [PRECIPITATION DATA] SYMBOLS USED IN COLUMN 16
AVERAGE MONTHLY: 61.6 TOTAL FOR MONTH: 3.72 1 = FOG OR MIST
DPTR FM NORMAL: 1.0 DPTR FM NORMAL: -0.20 2 = FOG REDUCING VISIBILITY
HIGHEST: 85 ON 6 GRTST 24HR 0.98 ON 19-19 TO 1/4 MILE OR LESS
LOWEST: 37 ON 11 3 = THUNDER
SNOW, ICE PELLETS, HAIL 4 = ICE PELLETS
TOTAL MONTH: 0.0 INCH 5 = HAIL
GRTST 24HR 0.0 6 = FREEZING RAIN OR DRIZZLE
GRTST DEPTH: 0 7 = DUSTSTORM OR SANDSTORM:
VSBY 1/2 MILE OR LESS
8 = SMOKE OR HAZE
[NO. OF DAYS WITH] [WEATHER - DAYS WITH] 9 = BLOWING SNOW
X = TORNADO
MAX 32 OR BELOW: 0 0.01 INCH OR MORE: 12
MAX 90 OR ABOVE: 0 0.10 INCH OR MORE: 6
MIN 32 OR BELOW: 0 0.50 INCH OR MORE: 3
MIN 0 OR BELOW: 0 1.00 INCH OR MORE: 0
[HDD (BASE 65) ]
TOTAL THIS MO. 127 CLEAR (SCALE 0-3) 22
DPTR FM NORMAL -40 PTCLDY (SCALE 4-7) 7
TOTAL FM JUL 1 2013 CLOUDY (SCALE 8-10) 1
DPTR FM NORMAL -906
[CDD (BASE 65) ]
TOTAL THIS MO. 31
DPTR FM NORMAL 0 [PRESSURE DATA]
TOTAL FM JAN 1 111 HIGHEST SLP 30.30 ON 16
DPTR FM NORMAL 75 LOWEST SLP 29.49 ON 20
[REMARKS]
#FINAL-04-20#