000
CXUS53 KMKX 010810
CF6FLD
PRELIMINARY LOCAL CLIMATOLOGICAL DATA (WS FORM: F-6)
STATION: FOND_DU_LAC WI
MONTH: JULY
YEAR: 2022
LATITUDE: 43 46 N
LONGITUDE: 88 29 W
TEMPERATURE IN F: :PCPN: SNOW: WIND :SUNSHINE: SKY :PK WND
================================================================================
1 2 3 4 5 6A 6B 7 8 9 10 11 12 13 14 15 16 17 18
12Z AVG MX 2MIN
DY MAX MIN AVG DEP HDD CDD WTR SNW DPTH SPD SPD DIR MIN PSBL S-S WX SPD DR
================================================================================
1 79 66 73 2 0 8 0.00 M M 8.4 16 290 M M 1 21 360
2 84 56 70 -1 0 5 0.10 M M 5.6 23 320 M M 1 1 36 320
3 86 57 72 1 0 7 0.00 M M 4.6 12 150 M M 3 12 15 250
4 84 67 76 5 0 11 0.16 M M 6.8 18 180 M M 5 1 23 210
5 87 71 79 8 0 14 0.00 M M 5.9 16 170 M M 4 12 24 160
6 81 67 74 3 0 9 0.01 M M 9.3 16 30 M M 7 22 60
7 87 62 75 4 0 10 0.00 M M 4.2 14 140 M M 3 17 140
8 79 66 73 2 0 8 0.02 M M 10.1 21 50 M M 3 8 27 60
9 80 57 69 -2 0 4 0.00 M M 6.0 15 40 M M 2 20 360
10 86 51 69 -2 0 4 0.10 M M 6.6 24 180 M M 2 3 33 190
11 88 67 78 6 0 13 T M M 10.8 36 340 M M 4 3 49 330
12 85 63 74 2 0 9 0.06 M M 9.5 20 290 M M 3 25 310
13 77 56 67 -5 0 2 0.00 M M 7.7 17 30 M M 3 22 30
14 81 54 68 -4 0 3 0.00 M M 6.1 16 140 M M 0 20 70
15 73 58 66 -6 0 1 1.30 M M 5.7 15 140 M M 8 13 20 130
16 79 61 70 -2 0 5 0.00 M M 4.4 10 120 M M 5 12 15 50
17 85 61 73 1 0 8 0.00 M M 4.8 14 20 M M 0 20 30
18 90 63 77 5 0 12 0.00 M M 6.9 15 270 M M 0 1 22 220
19 87 72 80 8 0 15 T M M 12.6 29 170 M M 1 8 37 180
20 83 71 77 5 0 12 0.16 M M 12.7 26 350 M M 3 38 260
21 88 67 78 6 0 13 0.00 M M 9.2 16 330 M M 1 20 300
22 91 59 75 3 0 10 0.00 M M 9.8 20 200 M M 2 32 210
23 92 68 80 8 0 15 0.80 M M 5.9 35 300 M M 3 13 48 310
24 83 65 74 2 0 9 0.51 M M 11.4 28 200 M M 4 13 43 190
25 78 57 68 -3 0 3 T M M 5.8 15 290 M M 1 22 20
26 80 61 71 0 0 6 T 0.0 0 5.3 14 280 M M 1 18 240
27 83 68 76 5 0 11 0.01 0.0 0 9.0 18 270 M M 3 25 270
28 77 61 69 -2 0 4 0.10 M M 9.6 21 300 M M 3 28 210
29 79 58 69 -2 0 4 0.00 M M 6.9 16 290 M M 1 23 300
30 82 57 70 -1 0 5 0.00 M M 5.5 14 200 M M 1 19 250
31 85 62 74 3 0 9 0.00 M M 9.3 20 190 M M 2 26 190
================================================================================
SM 2579 1929 0 249 3.33 0.0 236.4 M 80
================================================================================
AV 83.2 62.2 7.6 FASTST M M 3 MAX(MPH)
MISC ----> 36 340 49 330
================================================================================
NOTES:
# LAST OF SEVERAL OCCURRENCES
COLUMN 17 PEAK WIND IN M.P.H.
PRELIMINARY LOCAL CLIMATOLOGICAL DATA (WS FORM: F-6) , PAGE 2
STATION: FOND_DU_LAC WI
MONTH: JULY
YEAR: 2022
LATITUDE: 43 46 N
LONGITUDE: 88 29 W
[TEMPERATURE DATA] [PRECIPITATION DATA] SYMBOLS USED IN COLUMN 16
AVERAGE MONTHLY: 72.7 TOTAL FOR MONTH: 3.33 1 = FOG OR MIST
DPTR FM NORMAL: 1.4 DPTR FM NORMAL: -0.07 2 = FOG REDUCING VISIBILITY
HIGHEST: 92 ON 23 GRTST 24HR 1.31 ON 23-24 TO 1/4 MILE OR LESS
LOWEST: 51 ON 10 3 = THUNDER
SNOW, ICE PELLETS, HAIL 4 = ICE PELLETS
TOTAL MONTH: 0.0 INCH 5 = HAIL
GRTST 24HR 0.0 6 = FREEZING RAIN OR DRIZZLE
GRTST DEPTH: 0 7 = DUSTSTORM OR SANDSTORM:
VSBY 1/2 MILE OR LESS
8 = SMOKE OR HAZE
[NO. OF DAYS WITH] [WEATHER - DAYS WITH] 9 = BLOWING SNOW
X = TORNADO
MAX 32 OR BELOW: 0 0.01 INCH OR MORE: 12
MAX 90 OR ABOVE: 3 0.10 INCH OR MORE: 8
MIN 32 OR BELOW: 0 0.50 INCH OR MORE: 3
MIN 0 OR BELOW: 0 1.00 INCH OR MORE: 1
[HDD (BASE 65) ]
TOTAL THIS MO. 0 CLEAR (SCALE 0-3) 20
DPTR FM NORMAL -11 PTCLDY (SCALE 4-7) 11
TOTAL FM JUL 1 0 CLOUDY (SCALE 8-10) 0
DPTR FM NORMAL -1
[CDD (BASE 65) ]
TOTAL THIS MO. 249
DPTR FM NORMAL 42 [PRESSURE DATA]
TOTAL FM JAN 1 485 HIGHEST SLP M ON M
DPTR FM NORMAL 120 LOWEST SLP 29.50 ON 20
[REMARKS]
#FINAL-07-22#