000
CXUS56 KFGZ 010910
CF6FLG
PRELIMINARY LOCAL CLIMATOLOGICAL DATA (WS FORM: F-6)
STATION: FLAGSTAFF AZ AIRPORT
MONTH: SEPTEMBER
YEAR: 2021
LATITUDE: 35 7 N
LONGITUDE: 111 40 W
TEMPERATURE IN F: :PCPN: SNOW: WIND :SUNSHINE: SKY :PK WND
================================================================================
1 2 3 4 5 6A 6B 7 8 9 10 11 12 13 14 15 16 17 18
12Z AVG MX 2MIN
DY MAX MIN AVG DEP HDD CDD WTR SNW DPTH SPD SPD DIR MIN PSBL S-S WX SPD DR
================================================================================
1 70 55 63 1 2 0 0.37 0.0 0 7.5 23 210 M M 8 1 29 210
2 72 52 62 0 3 0 0.21 0.0 0 4.6 17 200 M M 7 13 22 210
3 75 49 62 0 3 0 0.00 0.0 0 2.0 14 220 M M 2 17 230
4 81 46 64 2 1 0 0.00 0.0 0 1.8 12 30 M M 2 15 20
5 82 48 65 3 0 0 0.00 0.0 0 3.3 14 60 M M 1 20 60
6 83 46 65 4 0 0 0.00 0.0 M 2.9 13 90 M M 0 17 20
7 85 46 66 5 0 1 0.00 0.0 M 3.8 16 60 M M 0 23 40
8 85 43 64 3 1 0 0.00 0.0 0 3.7 21 220 M M 0 25 230
9 83 51 67 6 0 2 0.19 0.0 0 2.7 26 40 M M 3 3 32 40
10 79 52 66 6 0 1 0.00 0.0 0 4.3 21 230 M M 2 27 220
11 79 50 65 5 0 0 0.00 0.0 0 2.2 15 220 M M 1 19 220
12 81 47 64 4 1 0 0.00 0.0 0 4.2 17 200 M M 0 21 200
13 80 51 66 7 0 1 0.00 0.0 0 5.1 20 220 M M 1 26 220
14 79 46 63 4 2 0 0.00 0.0 0 5.7 21 240 M M 1 27 210
15 78 47 63 4 2 0 0.00 0.0 0 4.5 20 210 M M 0 25 210
16 77 43 60 2 5 0 0.00 0.0 0 6.8 28 220 M M 0 35 230
17 78 41 60 2 5 0 0.00 0.0 0 3.5 16 210 M M 2 23 210
18 75 49 62 4 3 0 0.06 0.0 0 4.7 22 200 M M 4 13 28 200
19 72 46 59 2 6 0 0.00 0.0 0 7.3 25 220 M M 3 1 33 220
20 75 41 58 1 7 0 0.00 0.0 0 4.2 18 220 M M 0 24 210
21 75 35 55 -2 10 0 0.00 0.0 0 3.9 15 80 M M 0 19 70
22 77 36 57 1 8 0 0.00 0.0 0 4.6 17 220 M M 0 24 220
23 75 42 59 3 6 0 0.00 0.0 0 3.5 18 230 M M 2 23 210
24 74 50 62 6 3 0 0.00 0.0 0 4.2 18 70 M M 4 3 24 70
25 69 46 58 3 7 0 0.00 0.0 0 6.0 20 230 M M 3 27 200
26 57 45 51 -4 14 0 0.11 0.0 0 3.9 16 50 M M 6 1 23 40
27 64 45 55 1 10 0 0.05 0.0 0 6.1 16 230 M M 8 123 20 220
28 61 49 55 1 10 0 0.00 0.0 0 10.1 22 220 M M 8 1 27 220
29 61 39 50 -4 15 0 0.06 0.0 0 8.2 21 220 M M 5 13 28 210
30 60 32 46 -7 19 0 0.08 0.0 0 3.6 16 70 M M 2 3 23 60
================================================================================
SM 2242 1368 143 5 1.13 0.0 138.9 M 75
================================================================================
AV 74.7 45.6 4.6 FASTST M M 3 MAX(MPH)
MISC ----> 28 220 35 230
================================================================================
NOTES:
# LAST OF SEVERAL OCCURRENCES
COLUMN 17 PEAK WIND IN M.P.H.
PRELIMINARY LOCAL CLIMATOLOGICAL DATA (WS FORM: F-6) , PAGE 2
STATION: FLAGSTAFF AZ AIRPORT
MONTH: SEPTEMBER
YEAR: 2021
LATITUDE: 35 7 N
LONGITUDE: 111 40 W
[TEMPERATURE DATA] [PRECIPITATION DATA] SYMBOLS USED IN COLUMN 16
AVERAGE MONTHLY: 60.2 TOTAL FOR MONTH: 1.13 1 = FOG OR MIST
DPTR FM NORMAL: 1.9 DPTR FM NORMAL: -0.71 2 = FOG REDUCING VISIBILITY
HIGHEST: 85 ON 8, 7 GRTST 24HR 0.53 ON 31- 1 TO 1/4 MILE OR LESS
LOWEST: 32 ON 30 3 = THUNDER
SNOW, ICE PELLETS, HAIL 4 = ICE PELLETS
TOTAL MONTH: 0.0 INCH 5 = HAIL
GRTST 24HR 0.0 6 = FREEZING RAIN OR DRIZZLE
GRTST DEPTH: 0 7 = DUSTSTORM OR SANDSTORM:
VSBY 1/2 MILE OR LESS
8 = SMOKE OR HAZE
[NO. OF DAYS WITH] [WEATHER - DAYS WITH] 9 = BLOWING SNOW
X = TORNADO
MAX 32 OR BELOW: 0 0.01 INCH OR MORE: 8
MAX 90 OR ABOVE: 0 0.10 INCH OR MORE: 4
MIN 32 OR BELOW: 1 0.50 INCH OR MORE: 0
MIN 0 OR BELOW: 0 1.00 INCH OR MORE: 0
[HDD (BASE 65) ]
TOTAL THIS MO. 143 CLEAR (SCALE 0-3) 22
DPTR FM NORMAL -61 PTCLDY (SCALE 4-7) 7
TOTAL FM JUL 1 194 CLOUDY (SCALE 8-10) 1
DPTR FM NORMAL -78
[CDD (BASE 65) ]
TOTAL THIS MO. 5
DPTR FM NORMAL 1 [PRESSURE DATA]
TOTAL FM JAN 1 251 HIGHEST SLP M ON M
DPTR FM NORMAL 105 LOWEST SLP 29.75 ON 1
[REMARKS]
#FINAL-09-21#