000
CXUS52 KMFL 011137
CLMFLL
CLIMATE REPORT
NATIONAL WEATHER SERVICE MIAMI, FL
737 AM EDT THU JUN 01 2023
...................................
...THE FORT LAUDERDALE CLIMATE SUMMARY FOR THE MONTH OF MAY 2023...
CLIMATE NORMAL PERIOD: 1991 TO 2020
CLIMATE RECORD PERIOD: 1912 TO 2023
WEATHER OBSERVED NORMAL DEPART LAST YEAR`S
VALUE DATE(S) VALUE FROM VALUE
NORMAL
..............................................................
TEMPERATURE (F)
RECORD
HIGH 96 05/20/2008
05/18/2008
05/11/2008
LOW 49 05/05/1921
HIGHEST 90 05/02 93
LOWEST 68 05/02 66
05/24
AVG. MAXIMUM 85.5 85.8 -0.3 86.4
AVG. MINIMUM 72.5 73.5 -1.0 74.3
MEAN 79.0 79.7 -0.7 80.3
DAYS MAX >= 90 1 3
DAYS MAX <= 32 0 0
DAYS MIN <= 32 0 0
DAYS MIN <= 0 0 0
PRECIPITATION (INCHES)
RECORD
MAXIMUM 17.85 2003
MINIMUM 0.06 1941
TOTALS 8.90 5.56 3.34 3.90
DAILY AVG. 0.29 0.18 0.11 0.11
DAYS >= .01 10 8
DAYS >= .10 9 6
DAYS >= .50 5 2
DAYS >= 1.00 4 1
GREATEST
24 HR. TOTAL 4.36 05/23 TO 05/24 2.17
DEGREE DAYS
HEATING TOTAL 0 0 0 0
SINCE 7/1 72 122 -50 MM
COOLING TOTAL 443 454 -11 481
SINCE 1/1 1748 1373 375 MM
..............................................................
WIND (MPH)
AVERAGE WIND SPEED 8.4
HIGHEST WIND SPEED/DIRECTION 35/210 DATE 05/17
HIGHEST GUST SPEED/DIRECTION 52/210 DATE 05/17
SKY COVER
POSSIBLE SUNSHINE (PERCENT) MM
AVERAGE SKY COVER 0.45
NUMBER OF DAYS FAIR 8
NUMBER OF DAYS PC 22
NUMBER OF DAYS CLOUDY 1
AVERAGE RH (PERCENT) 76
WEATHER CONDITIONS. NUMBER OF DAYS WITH
THUNDERSTORM 11 MIXED PRECIP 1
HEAVY RAIN 6 RAIN 7
LIGHT RAIN 12 FREEZING RAIN 0
LT FREEZING RAIN 0 HAIL 0
HEAVY SNOW 0 SNOW 0
LIGHT SNOW 0 SLEET 0
FOG 10 FOG W/VIS <= 1/4 MILE 2
HAZE 1
- INDICATES NEGATIVE NUMBERS.
R INDICATES RECORD WAS SET OR TIED.
MM INDICATES DATA IS MISSING.
T INDICATES TRACE AMOUNT.
$$