000
CXUS52 KILM 011916
CF6FLO
PRELIMINARY LOCAL CLIMATOLOGICAL DATA (WS FORM: F-6)
STATION: FLORENCE SOUTH CAROLINA
MONTH: FEBRUARY
YEAR: 2022
LATITUDE: 34 10 N
LONGITUDE: 79 43 W
TEMPERATURE IN F: :PCPN: SNOW: WIND :SUNSHINE: SKY :PK WND
================================================================================
1 2 3 4 5 6A 6B 7 8 9 10 11 12 13 14 15 16 17 18
12Z AVG MX 2MIN
DY MAX MIN AVG DEP HDD CDD WTR SNW DPTH SPD SPD DIR MIN PSBL S-S WX SPD DR
================================================================================
1 58 32 45 -2 20 0 0.00 M M 6.1 14 90 M M 0 18 80
2 67 31 49 1 16 0 0.00 M M 6.4 13 110 M M 1 17 130
3 77 51 64 16 1 0 0.00 M M 9.4 23 180 M M 7 29 150
4 73 59 66 18 0 1 0.20 M M 10.8 22 220 M M 7 18 28 210
5 59 34 47 -1 18 0 0.00 M M 12.7 22 10 M M 3 29 350
6 50 30 40 -8 25 0 T M M 9.6 17 50 M M 4 20 50
7 43 38 41 -7 24 0 1.49 M M 10.1 18 20 M M 9 1 24 20
8 51 33 42 -6 23 0 0.00 M M 3.3 12 350 M M 4 18 14 340
9 60 27 44 -5 21 0 0.00 M M 2.3 12 280 M M 0 128 15 290
10 69 31 50 1 15 0 0.00 M M 5.8 17 220 M M 0 22 230
11 71 36 54 5 11 0 0.00 M M 5.5 16 220 M M 0 20 180
12 69 40 55 6 10 0 0.00 M M 6.3 15 250 M M 1 20 260
13 60 40 50 1 15 0 0.00 M M 7.3 20 360 M M 3 25 350
14 57 27 42 -8 23 0 0.00 M M 5.4 16 280 M M 0 20 250
15 60 30 45 -5 20 0 0.00 M M 6.7 15 110 M M 0 19 30
16 65 36 51 1 14 0 T M M 6.8 20 160 M M 5 23 160
17 78 50 64 14 1 0 0.01 M M 11.3 29 200 M M 5 35 190
18 78 50 64 14 1 0 0.26 M M 14.5 26 210 M M 5 1 37 210
19 62 37 50 0 15 0 0.00 M M 7.7 15 10 M M 0 8 20 10
20 61 32 47 -4 18 0 0.00 M M 6.3 13 150 M M 0 17 100
21 74 40 57 6 8 0 0.00 M M 5.1 16 180 M M 3 22 150
22 78 55 67 16 0 2 0.00 M M 8.0 20 210 M M 8 24 210
23 82 59 71 20 0 6 0.00 M M 6.8 16 210 M M 2 1 21 240
24 86 53 70 18 0 5 0.00 M M 4.8 23 30 M M 3 128 27 30
25 86 53 70 18 0 5 0.00 M M 9.2 25 250 M M 3 12 32 250
26 65 48 57 5 8 0 0.00 M M 9.1 16 10 M M 5 20 30
27 49 42 46 -6 19 0 0.24 M M 4.2 9 10 M M 9 12 11 40
28 63 36 50 -2 15 0 0.00 M M 6.9 17 50 M M 1 12 22 70
================================================================================
SM 1851 1130 341 19 2.20 M 208.4 M 88
================================================================================
AV 66.1 40.4 7.4 FASTST M M 3 MAX(MPH)
MISC ----> 29 200 37 210
================================================================================
NOTES:
# LAST OF SEVERAL OCCURRENCES
COLUMN 17 PEAK WIND IN M.P.H.
PRELIMINARY LOCAL CLIMATOLOGICAL DATA (WS FORM: F-6) , PAGE 2
STATION: FLORENCE SOUTH CAROLINA
MONTH: FEBRUARY
YEAR: 2022
LATITUDE: 34 10 N
LONGITUDE: 79 43 W
[TEMPERATURE DATA] [PRECIPITATION DATA] SYMBOLS USED IN COLUMN 16
AVERAGE MONTHLY: 53.2 TOTAL FOR MONTH: 2.20 1 = FOG OR MIST
DPTR FM NORMAL: 3.5 DPTR FM NORMAL: -0.80 2 = FOG REDUCING VISIBILITY
HIGHEST: 86 ON 25,24 GRTST 24HR 1.49 ON 7- 7 TO 1/4 MILE OR LESS
LOWEST: 27 ON 14, 9 3 = THUNDER
SNOW, ICE PELLETS, HAIL 4 = ICE PELLETS
TOTAL MONTH: M 5 = HAIL
GRTST 24HR M ON M 6 = FREEZING RAIN OR DRIZZLE
GRTST DEPTH: M ON M 7 = DUSTSTORM OR SANDSTORM:
VSBY 1/2 MILE OR LESS
8 = SMOKE OR HAZE
[NO. OF DAYS WITH] [WEATHER - DAYS WITH] 9 = BLOWING SNOW
X = TORNADO
MAX 32 OR BELOW: 0 0.01 INCH OR MORE: 5
MAX 90 OR ABOVE: 0 0.10 INCH OR MORE: 4
MIN 32 OR BELOW: 8 0.50 INCH OR MORE: 1
MIN 0 OR BELOW: 0 1.00 INCH OR MORE: 1
[HDD (BASE 65) ]
TOTAL THIS MO. 341 CLEAR (SCALE 0-3) 14
DPTR FM NORMAL -94 PTCLDY (SCALE 4-7) 12
TOTAL FM JUL 1 1691 CLOUDY (SCALE 8-10) 2
DPTR FM NORMAL -229
[CDD (BASE 65) ]
TOTAL THIS MO. 19
DPTR FM NORMAL 13 [PRESSURE DATA]
TOTAL FM JAN 1 33 HIGHEST SLP 30.64 ON 15
DPTR FM NORMAL 30 LOWEST SLP 29.79 ON 18
[REMARKS]
#FINAL-02-22#