783
CXUS52 KTBW 030308
CF6FMY
PRELIMINARY LOCAL CLIMATOLOGICAL DATA (WS FORM: F-6)
STATION: Fort Myers
MONTH: OCTOBER
YEAR: 2020
LATITUDE: 26 34 N
LONGITUDE: 81 52 W
TEMPERATURE IN F: :PCPN: SNOW: WIND :SUNSHINE: SKY :PK WND
================================================================================
1 2 3 4 5 6A 6B 7 8 9 10 11 12 13 14 15 16 17 18
12Z AVG MX 2MIN
DY MAX MIN AVG DEP HDD CDD WTR SNW DPTH SPD SPD DIR MIN PSBL S-S WX SPD DR
================================================================================
1 87 71 79 -2 0 14 0.00 0.0 0 8.7 13 80 M M 3 3 20 70
2 77 73 75 -6 0 10 0.01 0.0 0 8.0 18 40 M M 8 24 30
3 85 71 78 -3 0 13 0.82 0.0 0 8.6 17 100 M M 6 1 22 100
4 81 74 78 -2 0 13 0.46 0.0 0 8.4 16 50 M M 6 1 20 50
5 91 75 83 3 0 18 0.00 0.0 0 10.3 17 110 M M 4 22 110
6 91 76 84 4 0 19 0.90 0.0 0 8.6 25 90 M M 2 138 35 100
7 92 76 84 4 0 19 0.00 0.0 0 8.2 16 90 M M 1 25 160
8 91 75 83 3 0 18 0.00 0.0 0 6.7 14 110 M M 2 19 100
9 91 75 83 3 0 18 0.17 0.0 0 8.0 22 190 M M 2 1 30 190
10 88 74 81 2 0 16 0.00 0.0 0 6.4 15 240 M M 1 19 230
11 88 77 83 4 0 18 0.00 0.0 0 6.2 18 250 M M 2 24 240
12 88 75 82 3 0 17 T 0.0 0 6.9 15 330 M M 3 1 19 250
13 89 71 80 1 0 15 0.00 0.0 0 5.9 14 10 M M 2 22 50
14 89 72 81 3 0 16 0.00 0.0 0 6.2 15 50 M M 1 28 10
15 91 72 82 4 0 17 0.00 0.0 0 5.5 13 120 M M 1 18 90
16 90 74 82 4 0 17 0.00 0.0 0 5.6 17 150 M M 3 3 26 340
17 89 73 81 3 0 16 0.00 0.0 0 9.7 18 80 M M 1 25 60
18 89 72 81 3 0 16 0.00 0.0 0 11.7 22 50 M M 1 30 90
19 77 72 75 -2 0 10 0.41 0.0 0 9.3 18 80 M M 4 1 30 70
20 84 71 78 1 0 13 0.45 0.0 0 8.7 29 50 M M 2 13 40 80
21 83 74 79 2 0 14 T 0.0 0 11.4 24 100 M M 5 31 100
22 88 73 81 4 0 16 0.00 0.0 0 10.4 20 110 M M 3 32 110
23 87 73 80 4 0 15 0.00 0.0 0 9.3 17 100 M M 3 22 80
24 88 73 81 5 0 16 0.06 0.0 0 8.8 18 120 M M 4 23 130
25 87 74 81 5 0 16 T 0.0 0 5.8 14 190 M M 6 3 19 210
26 89 74 82 6 0 17 0.53 0.0 0 6.3 15 110 M M 4 13 21 140
27 91 74 83 7 0 18 0.01 0.0 0 9.8 17 90 M M 3 24 120
28 90 76 83 8 0 18 0.00 0.0 0 8.2 16 120 M M 3 29 120
29 87 74 81 6 0 16 0.00 0.0 0 6.2 15 220 M M 2 22 210
30 85 71 78 3 0 13 0.23 0.0 0 7.1 14 340 M M 4 1 20 70
31 85 69 77 2 0 12 T 0.0 0 9.4 18 90 M M 5 25 90
================================================================================
SM 2708 2274 0 484 4.05 0.0 250.3 M 97
================================================================================
AV 87.4 73.4 8.1 FASTST M M 3 MAX(MPH)
MISC ----> # 29 50 # 40 80
================================================================================
NOTES:
# LAST OF SEVERAL OCCURRENCES
COLUMN 17 PEAK WIND IN M.P.H.
PRELIMINARY LOCAL CLIMATOLOGICAL DATA (WS FORM: F-6) , PAGE 2
STATION: Fort Myers
MONTH: OCTOBER
YEAR: 2020
LATITUDE: 26 34 N
LONGITUDE: 81 52 W
[TEMPERATURE DATA] [PRECIPITATION DATA] SYMBOLS USED IN COLUMN 16
AVERAGE MONTHLY: 80.4 TOTAL FOR MONTH: 4.05 1 = FOG OR MIST
DPTR FM NORMAL: 2.5 DPTR FM NORMAL: 1.17 2 = FOG REDUCING VISIBILITY
HIGHEST: 92 ON 7 GRTST 24HR 0.90 ON 6- 6 TO 1/4 MILE OR LESS
LOWEST: 69 ON 31 3 = THUNDER
SNOW, ICE PELLETS, HAIL 4 = ICE PELLETS
TOTAL MONTH: 0.0 INCH 5 = HAIL
GRTST 24HR 0.0 6 = FREEZING RAIN OR DRIZZLE
GRTST DEPTH: 0 7 = DUSTSTORM OR SANDSTORM:
VSBY 1/2 MILE OR LESS
8 = SMOKE OR HAZE
[NO. OF DAYS WITH] [WEATHER - DAYS WITH] 9 = BLOWING SNOW
X = TORNADO
MAX 32 OR BELOW: 0 0.01 INCH OR MORE: 11
MAX 90 OR ABOVE: 9 0.10 INCH OR MORE: 8
MIN 32 OR BELOW: 0 0.50 INCH OR MORE: 3
MIN 0 OR BELOW: 0 1.00 INCH OR MORE: 0
[HDD (BASE 65) ]
TOTAL THIS MO. 0 CLEAR (SCALE 0-3) 17
DPTR FM NORMAL -2 PTCLDY (SCALE 4-7) 14
TOTAL FM JUL 1 0 CLOUDY (SCALE 8-10) 0
DPTR FM NORMAL -2
[CDD (BASE 65) ]
TOTAL THIS MO. 484
DPTR FM NORMAL 82 [PRESSURE DATA]
TOTAL FM JAN 1 4286 HIGHEST SLP 30.11 ON 31
DPTR FM NORMAL 638 LOWEST SLP 29.81 ON 25
[REMARKS]
#FINAL-10-20#