000
CXUS55 KBOU 011000
CF6FNL
PRELIMINARY LOCAL CLIMATOLOGICAL DATA (WS FORM: F-6)
STATION: FT COLLINS/LOVELAND CO
MONTH: JANUARY
YEAR: 2023
LATITUDE: 40 27 N
LONGITUDE: 105 1 W
TEMPERATURE IN F: :PCPN: SNOW: WIND :SUNSHINE: SKY :PK WND
================================================================================
1 2 3 4 5 6A 6B 7 8 9 10 11 12 13 14 15 16 17 18
12Z AVG MX 2MIN
DY MAX MIN AVG DEP HDD CDD WTR SNW DPTH SPD SPD DIR MIN PSBL S-S WX SPD DR
================================================================================
1 36 26 31 M 34 0 M M M 4.9 12 90 M M 7 1 M M
2 30 25 28 M 37 0 M M M 7.9 13 360 M M 10 12 M M
3 36 12 24 M 41 0 M M M 3.7 8 170 M M 6 12 M M
4 17 16 17 M 48 0 M M M 4.3 12 120 M M 3 12 M M
5 30 5 18 M 47 0 M M M 2.7 7 140 M M 0 M M
6 45 13 29 M 36 0 M M M 3.8 12 30 M M 5 M M
7 40 20 30 M 35 0 M M M 3.8 7 190 M M 4 M M
8 41 16 29 M 36 0 M M M 4.1 13 130 M M 0 1 M M
9 50 26 38 M 27 0 M M M 7.5 16 250 M M 1 28 250
10 54 23 39 M 26 0 M M M 6.0 16 70 M M 0 M M
11 37 30 34 M 31 0 M M M 6.1 12 60 M M 9 1 M M
12 42 20 31 M 34 0 M M M 3.4 7 10 M M 3 12 M M
13 49 20 35 M 30 0 M M M 2.5 7 180 M M 0 M M
14 53 29 41 M 24 0 M M M 5.3 13 120 M M 1 M M
15 46 29 38 M 27 0 M M M 5.8 13 40 M M 7 M M
16 44 24 34 M 31 0 M M M 4.2 8 60 M M 3 1 M M
17 36 23 30 M 35 0 M M M 7.8 12 100 M M 4 1 M M
18 33 16 25 M 40 0 M M M 11.4 25 10 M M 8 1 33 10
19 34 2 18 M 47 0 M M M 3.0 9 30 M M 2 128 M M
20 34 11 23 M 42 0 M M M 4.3 8 70 M M 6 M M
21 31 12 22 M 43 0 M M M 5.8 12 200 M M 8 M M
22 37 18 28 M 37 0 M M M 5.0 8 30 M M 3 M M
23 39 23 31 M 34 0 M M M 5.4 10 90 M M 10 1 M M
24 35 12 24 M 41 0 M M M 3.8 9 180 M M 5 12 M M
25 32 14 23 M 42 0 M M M 11.4 18 340 M M 6 32 330
26 38 16 27 M 38 0 M M M 6.3 12 180 M M 4 M M
27 35 16 26 M 39 0 M M M 6.1 12 110 M M 0 M M
28 27 8 18 M 47 0 M M M 7.9 17 100 M M 6 1 M M
29 8 -3 3 M 62 0 M M M 8.1 12 120 M M 10 18 M M
30 18 -4 7 M 58 0 M M M 3.8 9 130 M M 9 M M
31 35 -12 12 M 53 0 M M M 2.3 8 20 M M 0 M M
================================================================================
SM 1122 486 1202 0 M M 168.4 M 140
================================================================================
AV 36.2 15.7 5.4 FASTST M M 5 MAX(MPH)
MISC ----> 25 10 33 10
================================================================================
NOTES:
# LAST OF SEVERAL OCCURRENCES
COLUMN 17 PEAK WIND IN M.P.H.
PRELIMINARY LOCAL CLIMATOLOGICAL DATA (WS FORM: F-6) , PAGE 2
STATION: FT COLLINS/LOVELAND CO
MONTH: JANUARY
YEAR: 2023
LATITUDE: 40 27 N
LONGITUDE: 105 1 W
[TEMPERATURE DATA] [PRECIPITATION DATA] SYMBOLS USED IN COLUMN 16
AVERAGE MONTHLY: 25.9 TOTAL FOR MONTH: M 1 = FOG OR MIST
DPTR FM NORMAL: 0.0 DPTR FM NORMAL: M 2 = FOG REDUCING VISIBILITY
HIGHEST: 54 ON 10 GRTST 24HR 0.19 ON 1- 2 TO 1/4 MILE OR LESS
LOWEST: -12 ON 31 3 = THUNDER
SNOW, ICE PELLETS, HAIL 4 = ICE PELLETS
TOTAL MONTH: M 5 = HAIL
GRTST 24HR M ON M 6 = FREEZING RAIN OR DRIZZLE
GRTST DEPTH: M ON M 7 = DUSTSTORM OR SANDSTORM:
VSBY 1/2 MILE OR LESS
8 = SMOKE OR HAZE
[NO. OF DAYS WITH] [WEATHER - DAYS WITH] 9 = BLOWING SNOW
X = TORNADO
MAX 32 OR BELOW: 8 0.01 INCH OR MORE: 0
MAX 90 OR ABOVE: 0 0.10 INCH OR MORE: 0
MIN 32 OR BELOW: 31 0.50 INCH OR MORE: 0
MIN 0 OR BELOW: 3 1.00 INCH OR MORE: 0
[HDD (BASE 65) ]
TOTAL THIS MO. 1202 CLEAR (SCALE 0-3) 11
DPTR FM NORMAL M PTCLDY (SCALE 4-7) 14
TOTAL FM JUL 1 3697 CLOUDY (SCALE 8-10) 6
DPTR FM NORMAL M
[CDD (BASE 65) ]
TOTAL THIS MO. 0
DPTR FM NORMAL M [PRESSURE DATA]
TOTAL FM JAN 1 0 HIGHEST SLP 30.47 ON 12
DPTR FM NORMAL M LOWEST SLP 29.38 ON 15
[REMARKS]
#FINAL-01-23#