000
CXUS55 KBOU 011000
CF6FNL
PRELIMINARY LOCAL CLIMATOLOGICAL DATA (WS FORM: F-6)
STATION: FT COLLINS/LOVELAND CO
MONTH: FEBRUARY
YEAR: 2022
LATITUDE: 40 27 N
LONGITUDE: 105 1 W
TEMPERATURE IN F: :PCPN: SNOW: WIND :SUNSHINE: SKY :PK WND
================================================================================
1 2 3 4 5 6A 6B 7 8 9 10 11 12 13 14 15 16 17 18
12Z AVG MX 2MIN
DY MAX MIN AVG DEP HDD CDD WTR SNW DPTH SPD SPD DIR MIN PSBL S-S WX SPD DR
================================================================================
1 31 14 23 M 42 0 M M M 7.9 18 360 M M 8 1 23 10
2 18 0 9 M 56 0 M M M 7.5 14 90 M M 10 1 M M
3 30 -13 9 M 56 0 M M M 1.7 7 20 M M 3 128 M M
4 34 -5 15 M 50 0 M M M 3.9 12 190 M M 0 8 M M
5 48 11 30 M 35 0 M M M 8.6 29 320 M M 1 35 340
6 38 21 30 M 35 0 M M M 8.2 14 360 M M 2 M M
7 49 13 31 M 34 0 M M M 4.4 8 130 M M 0 M M
8 54 27 41 M 24 0 M M M 10.0 25 340 M M 0 37 280
9 51 26 39 M 26 0 M M M 5.7 10 120 M M 2 32 40
10 56 24 40 M 25 0 M M M 4.2 12 200 M M 1 M M
11 51 21 36 M 29 0 M M M 14.3 30 20 M M 6 47 310
12 40 14 27 M 38 0 M M M 4.5 8 170 M M 1 M M
13 58 17 38 M 27 0 M M M 5.2 9 140 M M 0 M M
14 53 21 37 M 28 0 M M M 2.9 7 20 M M 0 8 M M
15 60 25 43 M 22 0 M M M 5.4 14 70 M M 0 M M
16 35 17 26 M 39 0 M M M 6.8 15 60 M M 8 1 18 40
17 33 9 21 M 44 0 M M M 5.5 12 180 M M 3 12 M M
18 43 10 27 M 38 0 M M M 4.4 8 210 M M 0 M M
19 53 18 36 M 29 0 M M M 3.5 12 190 M M 0 M M
20 60 27 44 M 21 0 M M M 5.4 14 110 M M 0 M M
21 45 4 25 M 40 0 M M M 10.9 25 80 M M 4 36 80
22 11 -2 5 M 60 0 M M M 7.8 16 30 M M 9 18 M M
23 11 -3 4 M 61 0 M M M 7.0 16 120 M M 9 18 M M
24 20 2 11 M 54 0 M M M 6.4 13 10 M M 4 1 M M
25 28 4 16 M 49 0 M M M 3.1 8 20 M M 3 M M
26 37 3 20 M 45 0 M M M 2.7 6 30 M M 0 M M
27 57 11 34 M 31 0 M M M 2.9 6 40 M M 0 M M
28 62 26 44 M 21 0 M M M 5.4 9 240 M M 0 M M
================================================================================
SM 1166 342 1059 0 M M 166.2 M 74
================================================================================
AV 41.6 12.2 5.9 FASTST M M 3 MAX(MPH)
MISC ----> 30 20 47 310
================================================================================
NOTES:
# LAST OF SEVERAL OCCURRENCES
COLUMN 17 PEAK WIND IN M.P.H.
PRELIMINARY LOCAL CLIMATOLOGICAL DATA (WS FORM: F-6) , PAGE 2
STATION: FT COLLINS/LOVELAND CO
MONTH: FEBRUARY
YEAR: 2022
LATITUDE: 40 27 N
LONGITUDE: 105 1 W
[TEMPERATURE DATA] [PRECIPITATION DATA] SYMBOLS USED IN COLUMN 16
AVERAGE MONTHLY: 26.9 TOTAL FOR MONTH: M 1 = FOG OR MIST
DPTR FM NORMAL: 0.0 DPTR FM NORMAL: M 2 = FOG REDUCING VISIBILITY
HIGHEST: 62 ON 28 GRTST 24HR 0.05 ON 18-18 TO 1/4 MILE OR LESS
LOWEST: -13 ON 3 3 = THUNDER
SNOW, ICE PELLETS, HAIL 4 = ICE PELLETS
TOTAL MONTH: M 5 = HAIL
GRTST 24HR M ON M 6 = FREEZING RAIN OR DRIZZLE
GRTST DEPTH: M ON M 7 = DUSTSTORM OR SANDSTORM:
VSBY 1/2 MILE OR LESS
8 = SMOKE OR HAZE
[NO. OF DAYS WITH] [WEATHER - DAYS WITH] 9 = BLOWING SNOW
X = TORNADO
MAX 32 OR BELOW: 7 0.01 INCH OR MORE: 0
MAX 90 OR ABOVE: 0 0.10 INCH OR MORE: 0
MIN 32 OR BELOW: 28 0.50 INCH OR MORE: 0
MIN 0 OR BELOW: 5 1.00 INCH OR MORE: 0
[HDD (BASE 65) ]
TOTAL THIS MO. 1059 CLEAR (SCALE 0-3) 18
DPTR FM NORMAL M PTCLDY (SCALE 4-7) 6
TOTAL FM JUL 1 4152 CLOUDY (SCALE 8-10) 4
DPTR FM NORMAL M
[CDD (BASE 65) ]
TOTAL THIS MO. 0
DPTR FM NORMAL M [PRESSURE DATA]
TOTAL FM JAN 1 0 HIGHEST SLP 30.68 ON 4
DPTR FM NORMAL M LOWEST SLP 29.48 ON 21
[REMARKS]
#FINAL-02-22#