000
CXUS53 KDTX 010635
CF6FNT
PRELIMINARY LOCAL CLIMATOLOGICAL DATA (WS FORM: F-6)
STATION: FLINT MI
MONTH: SEPTEMBER
YEAR: 2020
LATITUDE: 42 58 N
LONGITUDE: 83 44 W
TEMPERATURE IN F: :PCPN: SNOW: WIND :SUNSHINE: SKY :PK WND
================================================================================
1 2 3 4 5 6A 6B 7 8 9 10 11 12 13 14 15 16 17 18
12Z AVG MX 2MIN
DY MAX MIN AVG DEP HDD CDD WTR SNW DPTH SPD SPD DIR MIN PSBL S-S WX SPD DR
================================================================================
1 82 61 72 6 0 7 1.06 0.0 0 5.8 22 290 M M 4 13 28 300
2 80 54 67 1 0 2 0.01 0.0 0 9.4 23 280 M M 4 1 31 270
3 83 54 69 3 0 4 0.00 0.0 0 10.8 26 300 M M 1 36 220
4 72 48 60 -5 5 0 0.00 0.0 0 9.5 23 300 M M 1 32 310
5 72 50 61 -4 4 0 0.01 0.0 0 4.1 12 30 M M 5 14 40
6 72 43 58 -7 7 0 0.01 0.0 0 9.0 23 190 M M 2 13 35 200
7 77 58 68 4 0 3 T 0.0 0 9.7 21 310 M M 4 3 28 190
8 60 53 57 -7 8 0 1.60 0.0 0 11.1 20 60 M M 10 13 25 70
9 64 55 60 -4 5 0 0.02 0.0 0 8.0 16 50 M M 10 1 21 60
10 61 53 57 -6 8 0 T 0.0 0 7.6 14 10 M M 9 1 20 30
11 66 50 58 -5 7 0 0.00 0.0 0 7.6 15 60 M M 1 22 70
12 75 51 63 0 2 0 0.05 0.0 0 6.6 17 150 M M 3 1 22 140
13 71 56 64 2 1 0 0.27 0.0 0 10.4 21 270 M M 5 13 26 280
14 65 47 56 -6 9 0 T 0.0 0 5.3 10 50 M M 2 15 60
15 69 43 56 -6 9 0 0.00 0.0 0 7.8 15 210 M M 0 1 22 210
16 76 54 65 4 0 0 T 0.0 0 9.4 17 330 M M 3 23 240
17 64 47 56 -5 9 0 0.00 0.0 0 10.1 18 20 M M 2 24 350
18 59 36 48 -12 17 0 0.00 0.0 0 8.5 21 20 M M 1 29 10
19 62 30 46 -14 19 0 0.00 0.0 0 1.4 9 160 M M 0 1 13 200
20 65 34 50 -9 15 0 0.00 0.0 0 6.2 15 130 M M 0 24 110
21 69 37 53 -6 12 0 0.00 0.0 0 4.8 13 160 M M 0 18 160
22 74 41 58 -1 7 0 0.00 0.0 0 3.7 13 240 M M 0 15 240
23 79 45 62 4 3 0 0.00 0.0 0 4.3 15 280 M M 1 18 250
24 75 50 63 5 2 0 0.00 0.0 0 4.2 13 220 M M 1 17 240
25 78 47 63 6 2 0 0.00 0.0 0 5.4 15 160 M M 0 1 19 160
26 78 56 67 10 0 2 0.00 0.0 0 9.9 20 200 M M 0 30 190
27 73 59 66 10 0 1 T 0.0 0 8.5 16 210 M M 3 1 27 200
28 62 50 56 0 9 0 0.28 0.0 0 6.9 18 290 M M 8 1 26 300
29 63 47 55 -1 10 0 0.00 0.0 0 7.1 15 280 M M 8 22 270
30 62 47 55 0 10 0 0.29 0.0 0 9.4 21 230 M M 8 13 30 230
================================================================================
SM 2108 1456 180 19 3.60 0.0 222.5 M 96
================================================================================
AV 70.3 48.5 7.4 FASTST M M 3 MAX(MPH)
MISC ----> 26 300 36 220
================================================================================
NOTES:
# LAST OF SEVERAL OCCURRENCES
COLUMN 17 PEAK WIND IN M.P.H.
PRELIMINARY LOCAL CLIMATOLOGICAL DATA (WS FORM: F-6) , PAGE 2
STATION: FLINT MI
MONTH: SEPTEMBER
YEAR: 2020
LATITUDE: 42 58 N
LONGITUDE: 83 44 W
[TEMPERATURE DATA] [PRECIPITATION DATA] SYMBOLS USED IN COLUMN 16
AVERAGE MONTHLY: 59.4 TOTAL FOR MONTH: 3.60 1 = FOG OR MIST
DPTR FM NORMAL: -1.7 DPTR FM NORMAL: -0.15 2 = FOG REDUCING VISIBILITY
HIGHEST: 83 ON 3 GRTST 24HR 1.60 ON 8- 8 TO 1/4 MILE OR LESS
LOWEST: 30 ON 19 3 = THUNDER
SNOW, ICE PELLETS, HAIL 4 = ICE PELLETS
TOTAL MONTH: 0.0 INCH 5 = HAIL
GRTST 24HR 0.0 6 = FREEZING RAIN OR DRIZZLE
GRTST DEPTH: 0 7 = DUSTSTORM OR SANDSTORM:
VSBY 1/2 MILE OR LESS
8 = SMOKE OR HAZE
[NO. OF DAYS WITH] [WEATHER - DAYS WITH] 9 = BLOWING SNOW
X = TORNADO
MAX 32 OR BELOW: 0 0.01 INCH OR MORE: 10
MAX 90 OR ABOVE: 0 0.10 INCH OR MORE: 5
MIN 32 OR BELOW: 1 0.50 INCH OR MORE: 2
MIN 0 OR BELOW: 0 1.00 INCH OR MORE: 2
[HDD (BASE 65) ]
TOTAL THIS MO. 180 CLEAR (SCALE 0-3) 18
DPTR FM NORMAL 14 PTCLDY (SCALE 4-7) 9
TOTAL FM JUL 1 195 CLOUDY (SCALE 8-10) 3
DPTR FM NORMAL -14
[CDD (BASE 65) ]
TOTAL THIS MO. 19
DPTR FM NORMAL -30 [PRESSURE DATA]
TOTAL FM JAN 1 770 HIGHEST SLP M ON M
DPTR FM NORMAL 244 LOWEST SLP 29.48 ON 30
[REMARKS]
#FINAL-09-20#