000
CXUS54 KTSA 131517
CF6FSM
PRELIMINARY LOCAL CLIMATOLOGICAL DATA (WS FORM: F-6)
STATION: FORT SMITH ARKANSAS
MONTH: MAY
YEAR: 2021
LATITUDE: 35 19 N
LONGITUDE: 94 22 W
TEMPERATURE IN F: :PCPN: SNOW: WIND :SUNSHINE: SKY :PK WND
================================================================================
1 2 3 4 5 6A 6B 7 8 9 10 11 12 13 14 15 16 17 18
12Z AVG MX 2MIN
DY MAX MIN AVG DEP HDD CDD WTR SNW DPTH SPD SPD DIR MIN PSBL S-S WX SPD DR
================================================================================
1 78 54 66 0 0 1 0.00 0.0 0 4.4 15 220 M M 3 21 210
2 71 61 66 0 0 1 0.09 0.0 0 5.8 12 110 M M 7 1 17 110
3 86 62 74 7 0 9 0.60 0.0 0 8.7 54 290 M M 8 13 73 290
4 73 50 62 -5 3 0 T 0.0 0 8.9 21 310 M M 6 28 300
5 74 45 60 -7 5 0 0.00 0.0 0 3.2 12 320 M M 0 16 320
6 80 51 66 -2 0 1 0.00 0.0 0 8.5 22 320 M M 0 29 320
7 73 48 61 -7 4 0 0.00 0.0 0 6.0 16 70 M M 3 3 21 80
8 85 55 70 2 0 5 0.00 0.0 0 9.5 23 190 M M 2 35 170
9 80 57 69 1 0 4 0.00 0.0 0 14.2 21 270 M M 9 33 200
10 63 55 59 -10 6 0 0.00 0.0 0 6.4 15 50 M M 10 20 70
11 60 54 57 -12 8 0 0.53 0.0 0 10.2 23 70 M M 10 138 31 60
12 70 53 62 -7 3 0 0.00 0.0 0 4.7 15 60 M M 9 19 50
13 74 53 64 -6 1 0 0.00 0.0 0 4.1 13 110 M M 4 16 110
14 77 52 65 -5 0 0 0.00 0.0 0 5.8 13 140 M M 3 20 140
15 81 56 69 -1 0 4 0.00 0.0 0 6.3 13 220 M M 4 20 200
16 81 60 71 1 0 6 0.00 0.0 0 6.3 17 150 M M 3 27 130
17 79 66 73 2 0 8 0.06 0.0 0 5.4 16 50 M M 6 3 21 40
18 82 63 73 2 0 8 0.72 0.0 0 6.9 22 250 M M 7 123 30 220
19 75 65 70 -1 0 5 0.43 0.0 0 8.5 16 100 M M 8 1 27 110
20 77 68 73 1 0 8 0.39 0.0 0 7.9 15 110 M M 9 1 22 120
21 72 68 70 -2 0 5 1.26 0.0 0 8.3 14 90 M M 10 1 23 140
22 83 68 76 4 0 11 0.07 0.0 0 5.8 16 160 M M 4 1 25 130
23 86 66 76 4 0 11 0.00 0.0 0 4.9 13 110 M M 4 17 110
24 82 66 74 1 0 9 T 0.0 0 5.1 14 170 M M 4 20 220
25 72 67 70 -3 0 5 1.50 0.0 0 5.8 13 190 M M 8 1 20 120
26 88 66 77 4 0 12 0.00 0.0 0 1.7 8 270 M M 6 12 11 80
27 88 66 77 3 0 12 1.04 0.0 0 7.5 32 20 M M 4 13 42 30
28 79 62 71 -3 0 6 T 0.0 0 8.7 17 330 M M 4 27 290
29 74 55 65 -9 0 0 0.00 0.0 0 6.7 17 100 M M 2 25 110
30 73 52 63 -12 2 0 0.00 0.0 0 6.5 15 80 M M 3 22 70
31 72 56 64 -11 1 0 0.05 0.0 0 6.9 15 70 M M 4 19 70
================================================================================
SM 2388 1820 33 131 6.74 0.0 209.6 M 164
================================================================================
AV 77.0 58.7 6.8 FASTST M M 5 MAX(MPH)
MISC ----> 54 290 73 290
================================================================================
NOTES:
# LAST OF SEVERAL OCCURRENCES
COLUMN 17 PEAK WIND IN M.P.H.
PRELIMINARY LOCAL CLIMATOLOGICAL DATA (WS FORM: F-6) , PAGE 2
STATION: FORT SMITH ARKANSAS
MONTH: MAY
YEAR: 2021
LATITUDE: 35 19 N
LONGITUDE: 94 22 W
[TEMPERATURE DATA] [PRECIPITATION DATA] SYMBOLS USED IN COLUMN 16
AVERAGE MONTHLY: 67.9 TOTAL FOR MONTH: 6.74 1 = FOG OR MIST
DPTR FM NORMAL: -2.5 DPTR FM NORMAL: 1.11 2 = FOG REDUCING VISIBILITY
HIGHEST: 88 ON 27,26 GRTST 24HR 1.50 ON 25-25 TO 1/4 MILE OR LESS
LOWEST: 45 ON 5 3 = THUNDER
SNOW, ICE PELLETS, HAIL 4 = ICE PELLETS
TOTAL MONTH: 0.0 INCH 5 = HAIL
GRTST 24HR 0.0 6 = FREEZING RAIN OR DRIZZLE
GRTST DEPTH: 0 7 = DUSTSTORM OR SANDSTORM:
VSBY 1/2 MILE OR LESS
8 = SMOKE OR HAZE
[NO. OF DAYS WITH] [WEATHER - DAYS WITH] 9 = BLOWING SNOW
X = TORNADO
MAX 32 OR BELOW: 0 0.01 INCH OR MORE: 12
MAX 90 OR ABOVE: 0 0.10 INCH OR MORE: 8
MIN 32 OR BELOW: 0 0.50 INCH OR MORE: 6
MIN 0 OR BELOW: 0 1.00 INCH OR MORE: 3
[HDD (BASE 65) ]
TOTAL THIS MO. 33 CLEAR (SCALE 0-3) 6
DPTR FM NORMAL 5 PTCLDY (SCALE 4-7) 18
TOTAL FM JUL 1 3160 CLOUDY (SCALE 8-10) 7
DPTR FM NORMAL 65
[CDD (BASE 65) ]
TOTAL THIS MO. 131
DPTR FM NORMAL -65 [PRESSURE DATA]
TOTAL FM JAN 1 165 HIGHEST SLP 30.37 ON 13
DPTR FM NORMAL -103 LOWEST SLP 29.54 ON 2
[REMARKS]
#FINAL-05-21#