000
CXUS52 KFFC 011010
CF6FTY
PRELIMINARY LOCAL CLIMATOLOGICAL DATA (WS FORM: F-6)
STATION: FULTON COUNTY AIRPORT
MONTH: MARCH
YEAR: 2024
LATITUDE: 33 46 N
LONGITUDE: 84 31 W
TEMPERATURE IN F: :PCPN: SNOW: WIND :SUNSHINE: SKY :PK WND
================================================================================
1 2 3 4 5 6A 6B 7 8 9 10 11 12 13 14 15 16 17 18
12Z AVG MX 2MIN
DY MAX MIN AVG DEP HDD CDD WTR SNW DPTH SPD SPD DIR MIN PSBL S-S WX SPD DR
================================================================================
1 49 40 45 -6 20 0 1.24 M M 8.9 16 60 M M 9 13 24 100
2 61 43 52 1 13 0 0.01 M M 2.3 10 70 M M 8 12 13 60
3 71 45 58 7 7 0 0.00 M M 2.6 7 140 M M 8 1 10 110
4 65 52 59 8 6 0 0.00 M M 4.6 10 160 M M 8 1 16 170
5 60 50 55 3 10 0 0.92 M M 4.5 14 120 M M 8 1 23 110
6 62 55 59 7 6 0 1.37 M M 5.0 14 310 M M 10 13 19 310
7 75 52 64 12 1 0 0.00 M M 2.1 9 280 M M 1 12 30
8 67 52 60 8 5 0 1.46 M M 8.5 20 90 M M 6 1 27 90
9 68 51 60 7 5 0 0.38 M M 8.9 22 290 M M 8 1 32 320
10 60 42 51 -2 14 0 0.00 M M 11.5 24 290 M M 2 36 290
11 67 37 52 -1 13 0 0.00 M M 3.7 14 340 M M 0 22 350
12 73 34 54 1 11 0 0.00 M M 2.2 13 310 M M 0 17 310
13 76 39 58 4 7 0 0.00 M M 2.3 13 280 M M 0 17 250
14 81 46 64 10 1 0 0.00 M M 2.9 13 210 M M 0 18 220
15 72 56 64 10 1 0 0.18 M M 4.7 15 320 M M 5 18 23 310
16 73 56 65 11 0 0 0.00 M M 5.3 15 270 M M 3 21 290
17 68 53 61 6 4 0 0.03 M M 5.2 13 300 M M 4 17 300
18 59 39 49 -6 16 0 0.00 M M 9.9 26 290 M M 0 39 290
19 61 31 46 -9 19 0 0.00 M M 5.7 17 280 M M 0 23 290
20 74 34 54 -1 11 0 0.00 M M 4.9 16 280 M M 0 22 310
21 77 42 60 4 5 0 0.00 M M 1.4 9 320 M M 0 18 14 330
22 66 56 61 5 4 0 0.29 M M 8.5 18 70 M M 8 1 29 60
23 69 49 59 3 6 0 0.00 M M 9.5 23 350 M M 6 1 41 350
24 66 36 51 -5 14 0 0.00 M M 6.7 18 60 M M 0 30 60
25 64 47 56 0 9 0 0.00 M M 11.9 21 80 M M 2 31 70
26 61 52 57 0 8 0 0.50 M M 8.3 17 130 M M 10 13 32 90
27 71 52 62 5 3 0 0.00 M M 6.0 16 300 M M 5 1 21 320
28 67 48 58 1 7 0 0.00 M M 8.3 22 320 M M 1 33 340
29 72 36 54 -4 11 0 0.00 M M 1.7 10 270 M M 0 17 230
30 77 41 59 1 6 0 0.00 M M 4.7 17 270 M M 0 26 190
31 79 51 65 7 0 0 0.00 M M 3.8 14 230 M M 2 20 230
================================================================================
SM 2111 1417 243 0 6.38 M 176.5 M 114
================================================================================
AV 68.1 45.7 5.7 FASTST M M 4 MAX(MPH)
MISC ----> 26 290 41 350
================================================================================
NOTES:
# LAST OF SEVERAL OCCURRENCES
COLUMN 17 PEAK WIND IN M.P.H.
PRELIMINARY LOCAL CLIMATOLOGICAL DATA (WS FORM: F-6) , PAGE 2
STATION: FULTON COUNTY AIRPORT
MONTH: MARCH
YEAR: 2024
LATITUDE: 33 46 N
LONGITUDE: 84 31 W
[TEMPERATURE DATA] [PRECIPITATION DATA] SYMBOLS USED IN COLUMN 16
AVERAGE MONTHLY: 56.9 TOTAL FOR MONTH: 6.38 1 = FOG OR MIST
DPTR FM NORMAL: 2.5 DPTR FM NORMAL: 1.85 2 = FOG REDUCING VISIBILITY
HIGHEST: 81 ON 14 GRTST 24HR 2.27 ON 5- 6 TO 1/4 MILE OR LESS
LOWEST: 31 ON 19 3 = THUNDER
SNOW, ICE PELLETS, HAIL 4 = ICE PELLETS
TOTAL MONTH: M 5 = HAIL
GRTST 24HR M ON M 6 = FREEZING RAIN OR DRIZZLE
GRTST DEPTH: M ON M 7 = DUSTSTORM OR SANDSTORM:
VSBY 1/2 MILE OR LESS
8 = SMOKE OR HAZE
[NO. OF DAYS WITH] [WEATHER - DAYS WITH] 9 = BLOWING SNOW
X = TORNADO
MAX 32 OR BELOW: 0 0.01 INCH OR MORE: 10
MAX 90 OR ABOVE: 0 0.10 INCH OR MORE: 8
MIN 32 OR BELOW: 1 0.50 INCH OR MORE: 5
MIN 0 OR BELOW: 0 1.00 INCH OR MORE: 3
[HDD (BASE 65) ]
TOTAL THIS MO. 243 CLEAR (SCALE 0-3) 17
DPTR FM NORMAL -96 PTCLDY (SCALE 4-7) 10
TOTAL FM JUL 1 2299 CLOUDY (SCALE 8-10) 4
DPTR FM NORMAL -307
[CDD (BASE 65) ]
TOTAL THIS MO. 0
DPTR FM NORMAL -9 [PRESSURE DATA]
TOTAL FM JAN 1 2 HIGHEST SLP 30.36 ON 1
DPTR FM NORMAL -8 LOWEST SLP 29.70 ON 23
[REMARKS]
#FINAL-03-24#