240
CXUS52 KFFC 011110
CF6FTY
PRELIMINARY LOCAL CLIMATOLOGICAL DATA (WS FORM: F-6)
STATION: FULTON COUNTY AIRPORT
MONTH: FEBRUARY
YEAR: 2021
LATITUDE: 33 46 N
LONGITUDE: 84 31 W
TEMPERATURE IN F: :PCPN: SNOW: WIND :SUNSHINE: SKY :PK WND
================================================================================
1 2 3 4 5 6A 6B 7 8 9 10 11 12 13 14 15 16 17 18
12Z AVG MX 2MIN
DY MAX MIN AVG DEP HDD CDD WTR SNW DPTH SPD SPD DIR MIN PSBL S-S WX SPD DR
================================================================================
1 46 36 41 -3 24 0 T M M 15.2 24 300 M M 10 35 290
2 46 33 40 -4 25 0 0.00 M M 14.5 25 310 M M 4 37 310
3 50 28 39 -5 26 0 0.00 M M 7.9 17 280 M M 0 24 330
4 54 26 40 -5 25 0 0.00 0.0 M 3.3 13 180 M M 3 19 180
5 55 36 46 1 19 0 0.09 M M 6.6 20 300 M M 4 1 27 290
6 52 28 40 -5 25 0 0.54 M M 5.3 22 90 M M 7 1 28 70
7 51 33 42 -3 23 0 0.13 M M 5.8 16 320 M M 6 1 23 320
8 60 29 45 0 20 0 T M M 4.1 15 140 M M 0 1 19 150
9 65 46 56 11 9 0 T M M 2.4 8 330 M M 7 12 10 120
10 72 38 55 10 10 0 T M M 1.7 8 130 M M 3 12 13 180
11 62 50 56 10 9 0 0.59 0.0 M 2.3 12 160 M M 9 123 15 160
12 59 42 51 5 14 0 0.02 M M 6.6 13 80 M M 9 1 16 50
13 46 40 43 -3 22 0 0.45 M M 5.9 12 60 M M 10 1 15 60
14 48 43 46 0 19 0 0.00 M M 6.1 13 80 M M 10 1 15 40
15 48 43 46 0 19 0 0.75 0.0 M 6.5 18 90 M M 10 13 24 100
16 45 23 34 -12 31 0 T M M 10.6 17 290 M M 7 21 280
17 54 21 38 -9 27 0 0.08 M M 5.3 15 70 M M 3 1 21 70
18 45 39 42 -5 23 0 0.57 M M 6.8 16 80 M M 10 1 20 70
19 49 35 42 -5 23 0 0.00 M M 9.3 21 300 M M 6 1 27 320
20 53 27 40 -7 25 0 0.00 M M 3.5 14 310 M M 0 19 310
21 61 26 44 -4 21 0 0.00 M M 5.9 20 140 M M 2 27 140
22 63 44 54 6 11 0 0.07 M M 7.6 20 270 M M 7 1 25 280
23 70 34 52 4 13 0 0.00 M M 5.0 17 290 M M 0 24 280
24 73 34 54 6 11 0 0.00 M M 3.7 16 200 M M 0 21 200
25 74 41 58 10 7 0 0.00 M M 3.6 14 310 M M 1 20 310
26 54 46 50 1 15 0 0.13 M M 5.8 14 60 M M 9 1 18 70
27 67 47 57 8 8 0 0.00 M M 3.7 9 150 M M 7 1 22 140
28 80 51 66 17 0 1 0.00 M M 5.2 18 220 M M 6 1 28 210
================================================================================
SM 1602 1019 504 1 3.42 0.0 170.2 M 150
================================================================================
AV 57.2 36.4 6.1 FASTST M M 5 MAX(MPH)
MISC ----> 25 310 37 310
================================================================================
NOTES:
# LAST OF SEVERAL OCCURRENCES
COLUMN 17 PEAK WIND IN M.P.H.
PRELIMINARY LOCAL CLIMATOLOGICAL DATA (WS FORM: F-6) , PAGE 2
STATION: FULTON COUNTY AIRPORT
MONTH: FEBRUARY
YEAR: 2021
LATITUDE: 33 46 N
LONGITUDE: 84 31 W
[TEMPERATURE DATA] [PRECIPITATION DATA] SYMBOLS USED IN COLUMN 16
AVERAGE MONTHLY: 46.8 TOTAL FOR MONTH: 3.42 1 = FOG OR MIST
DPTR FM NORMAL: 0.4 DPTR FM NORMAL: -1.48 2 = FOG REDUCING VISIBILITY
HIGHEST: 80 ON 28 GRTST 24HR 0.75 ON 15-15 TO 1/4 MILE OR LESS
LOWEST: 21 ON 17 3 = THUNDER
SNOW, ICE PELLETS, HAIL 4 = ICE PELLETS
TOTAL MONTH: 0.0 INCH 5 = HAIL
GRTST 24HR 0.0 6 = FREEZING RAIN OR DRIZZLE
GRTST DEPTH: M ON M 7 = DUSTSTORM OR SANDSTORM:
VSBY 1/2 MILE OR LESS
8 = SMOKE OR HAZE
[NO. OF DAYS WITH] [WEATHER - DAYS WITH] 9 = BLOWING SNOW
X = TORNADO
MAX 32 OR BELOW: 0 0.01 INCH OR MORE: 11
MAX 90 OR ABOVE: 0 0.10 INCH OR MORE: 7
MIN 32 OR BELOW: 8 0.50 INCH OR MORE: 4
MIN 0 OR BELOW: 0 1.00 INCH OR MORE: 0
[HDD (BASE 65) ]
TOTAL THIS MO. 504 CLEAR (SCALE 0-3) 9
DPTR FM NORMAL -20 PTCLDY (SCALE 4-7) 11
TOTAL FM JUL 1 2087 CLOUDY (SCALE 8-10) 8
DPTR FM NORMAL -254
[CDD (BASE 65) ]
TOTAL THIS MO. 1
DPTR FM NORMAL 1 [PRESSURE DATA]
TOTAL FM JAN 1 1 HIGHEST SLP 30.48 ON 21
DPTR FM NORMAL 1 LOWEST SLP 29.68 ON 15
[REMARKS]
#FINAL-02-21#