000
CXUS56 KSGX 011145
CF6FUL
PRELIMINARY LOCAL CLIMATOLOGICAL DATA (WS FORM: F-6)
STATION: FULLERTON AIRPORT CA
MONTH: JANUARY
YEAR: 2021
LATITUDE: 33 52 N
LONGITUDE: 117 58 W
TEMPERATURE IN F: :PCPN: SNOW: WIND :SUNSHINE: SKY :PK WND
================================================================================
1 2 3 4 5 6A 6B 7 8 9 10 11 12 13 14 15 16 17 18
12Z AVG MX 2MIN
DY MAX MIN AVG DEP HDD CDD WTR SNW DPTH SPD SPD DIR MIN PSBL S-S WX SPD DR
================================================================================
1 73 44 59 3 6 0 0.00 M M 2.5 16 80 M M 0 8 21 80
2 67 48 58 2 7 0 0.00 M M 2.8 9 190 M M 0 18 13 190
3 65 47 56 0 9 0 0.00 M M 2.4 9 200 M M 2 18 13 200
4 66 47 57 1 8 0 0.00 M M 2.2 9 210 M M 2 18 12 290
5 67 49 58 2 7 0 0.00 M M 1.8 8 190 M M 3 18 12 190
6 71 47 59 3 6 0 0.00 M M 1.6 8 190 M M 0 18 11 210
7 72 44 58 2 7 0 0.00 M M 1.9 8 210 M M 0 18 11 190
8 69 46 58 2 7 0 0.00 M M 2.1 8 40 M M 1 18 9 200
9 75 43 59 3 6 0 0.00 M M 2.1 10 350 M M 0 8 13 340
10 74 43 59 3 6 0 0.00 M M 2.3 9 60 M M 0 8 12 70
11 76 43 60 4 5 0 0.00 M M 1.9 9 300 M M 0 14 290
12 74 44 59 3 6 0 0.00 M M 1.7 8 90 M M 0 8 10 80
13 79 45 62 6 3 0 0.00 M M 1.1 7 290 M M 0 8 10 290
14 85 47 66 10 0 1 0.00 M M 1.3 8 180 M M 0 8 10 200
15 93 51 72 16 0 7 0.00 M M 2.5 15 70 M M 0 8 26 70
16 86 49 68 12 0 3 0.00 M M 2.0 9 220 M M 0 8 13 230
17 90 52 71 15 0 6 0.00 M M 3.3 16 70 M M 0 20 60
18 80 49 65 9 0 0 0.00 M M 3.3 9 210 M M 2 18 12 230
19 70 53 62 6 3 0 T M M 10.5 29 70 M M 5 8 39 80
20 78 58 68 12 0 3 0.00 M M 11.5 24 60 M M 1 31 80
21 73 49 61 5 4 0 0.00 M 0 2.8 12 200 M M 1 16 230
22 64 50 57 1 8 0 0.00 M 0 5.8 15 180 M M 6 8 20 180
23 54 47 51 -5 14 0 0.42 M 0 3.2 8 350 M M 8 138 12 340
24 59 42 51 -5 14 0 0.01 M M 3.3 12 190 M M 5 138 17 200
25 57 41 49 -7 16 0 0.15 M M 7.8 22 260 M M 5 18 33 260
26 59 37 48 -8 17 0 0.00 M M 3.2 12 210 M M 1 8 15 200
27 62 47 55 -1 10 0 0.00 M M 4.9 10 150 M M 5 15 140
28 65 43 54 -2 11 0 0.58 M M 5.5 14 140 M M 1 18 18 150
29 57 46 52 -4 13 0 0.39 M M 3.6 13 80 M M 7 138 16 230
30 65 41 53 -4 12 0 0.00 M M 2.2 8 290 M M 1 18 11 280
31 74 45 60 3 5 0 0.00 M M 2.4 10 120 M M 2 15 150
================================================================================
SM 2199 1437 210 20 1.55 M 105.5 M 58
================================================================================
AV 70.9 46.4 3.4 FASTST M M 2 MAX(MPH)
MISC ----> 29 70 39 80
================================================================================
NOTES:
# LAST OF SEVERAL OCCURRENCES
COLUMN 17 PEAK WIND IN M.P.H.
PRELIMINARY LOCAL CLIMATOLOGICAL DATA (WS FORM: F-6) , PAGE 2
STATION: FULLERTON AIRPORT CA
MONTH: JANUARY
YEAR: 2021
LATITUDE: 33 52 N
LONGITUDE: 117 58 W
[TEMPERATURE DATA] [PRECIPITATION DATA] SYMBOLS USED IN COLUMN 16
AVERAGE MONTHLY: 58.6 TOTAL FOR MONTH: 1.55 1 = FOG OR MIST
DPTR FM NORMAL: 2.4 DPTR FM NORMAL: -1.48 2 = FOG REDUCING VISIBILITY
HIGHEST: 93 ON 15 GRTST 24HR 1.11 ON 29-30 TO 1/4 MILE OR LESS
LOWEST: 37 ON 26 3 = THUNDER
SNOW, ICE PELLETS, HAIL 4 = ICE PELLETS
TOTAL MONTH: M 5 = HAIL
GRTST 24HR M ON M 6 = FREEZING RAIN OR DRIZZLE
GRTST DEPTH: 0 7 = DUSTSTORM OR SANDSTORM:
VSBY 1/2 MILE OR LESS
8 = SMOKE OR HAZE
[NO. OF DAYS WITH] [WEATHER - DAYS WITH] 9 = BLOWING SNOW
X = TORNADO
MAX 32 OR BELOW: 0 0.01 INCH OR MORE: 5
MAX 90 OR ABOVE: 2 0.10 INCH OR MORE: 4
MIN 32 OR BELOW: 0 0.50 INCH OR MORE: 1
MIN 0 OR BELOW: 0 1.00 INCH OR MORE: 0
[HDD (BASE 65) ]
TOTAL THIS MO. 210 CLEAR (SCALE 0-3) 23
DPTR FM NORMAL -67 PTCLDY (SCALE 4-7) 8
TOTAL FM JUL 1 452 CLOUDY (SCALE 8-10) 0
DPTR FM NORMAL -267
[CDD (BASE 65) ]
TOTAL THIS MO. 20
DPTR FM NORMAL 16 [PRESSURE DATA]
TOTAL FM JAN 1 20 HIGHEST SLP 30.28 ON 12
DPTR FM NORMAL 16 LOWEST SLP 29.67 ON 25
[REMARKS]
#FINAL-01-21#