000
CXUS56 KSGX 011245
CF6FUL
PRELIMINARY LOCAL CLIMATOLOGICAL DATA (WS FORM: F-6)
STATION: FULLERTON AIRPORT CA
MONTH: MARCH
YEAR: 2020
LATITUDE: 33 52 N
LONGITUDE: 117 58 W
TEMPERATURE IN F: :PCPN: SNOW: WIND :SUNSHINE: SKY :PK WND
================================================================================
1 2 3 4 5 6A 6B 7 8 9 10 11 12 13 14 15 16 17 18
12Z AVG MX 2MIN
DY MAX MIN AVG DEP HDD CDD WTR SNW DPTH SPD SPD DIR MIN PSBL S-S WX SPD DR
================================================================================
1 64 53 59 0 6 0 T 0.0 0 7.7 15 210 M M 9 8 22 230
2 73 46 60 1 5 0 T M 0 4.4 18 360 M M 2 28 10
3 82 47 65 6 0 0 0.00 0.0 0 4.1 10 200 M M 0 8 16 210
4 74 52 63 4 2 0 0.00 0.0 0 3.6 13 200 M M 2 8 16 200
5 81 56 69 9 0 4 0.00 0.0 0 2.3 10 290 M M 4 8 14 280
6 70 57 64 4 1 0 0.00 0.0 0 5.3 12 200 M M 5 18 14 200
7 68 56 62 2 3 0 0.00 0.0 0 5.0 13 190 M M 8 19 230
8 68 52 60 0 5 0 0.00 0.0 0 3.9 12 210 M M 4 8 18 190
9 76 50 63 3 2 0 0.05 0.0 0 4.5 20 150 M M 3 8 27 140
10 68 58 63 3 2 0 0.25 0.0 0 7.3 16 80 M M 9 1 20 80
11 74 59 67 7 0 2 0.00 0.0 0 3.2 13 190 M M 6 16 220
12 60 54 57 -3 8 0 0.95 0.0 0 3.1 16 350 M M 7 18 22 350
13 61 54 58 -2 7 0 0.60 0.0 0 2.3 8 200 M M 10 18 10 190
14 64 56 60 0 5 0 0.01 0.0 0 3.9 9 210 M M 10 14 230
15 69 55 62 2 3 0 0.04 0.0 0 2.8 13 200 M M 9 1 17 210
16 63 53 58 -2 7 0 0.40 0.0 0 5.6 18 170 M M 9 1 27 160
17 63 46 55 -5 10 0 T M 0 1.9 12 340 M M 4 18 15 290
18 65 44 55 -5 10 0 0.00 0.0 0 3.5 13 200 M M 0 8 18 210
19 64 50 57 -3 8 0 0.05 0.0 0 5.4 14 220 M M 7 138 21 230
20 65 52 59 -1 6 0 T 0.0 0 4.3 10 80 M M 7 15 200
21 70 53 62 2 3 0 0.00 0.0 0 3.8 12 190 M M 5 16 220
22 72 51 62 2 3 0 0.64 0.0 0 4.9 13 100 M M 5 18 17 220
23 69 54 62 2 3 0 0.07 0.0 0 6.2 13 210 M M 5 1 13 250
24 66 53 60 0 5 0 T 0.0 0 4.5 10 190 M M 8 8 14 210
25 67 55 61 1 4 0 0.00 0.0 0 4.8 15 190 M M 8 20 200
26 65 46 56 -4 9 0 0.00 0.0 0 4.3 15 220 M M 1 8 23 230
27 67 44 56 -4 9 0 0.00 0.0 0 3.5 15 190 M M 0 21 190
28 69 50 60 0 5 0 0.00 0.0 0 4.1 12 200 M M 3 15 200
29 69 50 60 0 5 0 0.00 0.0 0 5.6 14 220 M M 3 19 170
30 77 52 65 4 0 0 0.00 0.0 0 4.0 12 290 M M 1 17 220
31 79 52 66 5 0 1 0.00 0.0 0 2.8 12 200 M M 2 8 15 210
================================================================================
SM 2142 1610 136 7 3.06 0.0 132.6 M 156
================================================================================
AV 69.1 51.9 4.3 FASTST M M 5 MAX(MPH)
MISC ----> # 20 150 # 28 10
================================================================================
NOTES:
# LAST OF SEVERAL OCCURRENCES
COLUMN 17 PEAK WIND IN M.P.H.
PRELIMINARY LOCAL CLIMATOLOGICAL DATA (WS FORM: F-6) , PAGE 2
STATION: FULLERTON AIRPORT CA
MONTH: MARCH
YEAR: 2020
LATITUDE: 33 52 N
LONGITUDE: 117 58 W
[TEMPERATURE DATA] [PRECIPITATION DATA] SYMBOLS USED IN COLUMN 16
AVERAGE MONTHLY: 60.5 TOTAL FOR MONTH: 3.06 1 = FOG OR MIST
DPTR FM NORMAL: 0.6 DPTR FM NORMAL: 0.90 2 = FOG REDUCING VISIBILITY
HIGHEST: 82 ON 3 GRTST 24HR 0.95 ON 12-12 TO 1/4 MILE OR LESS
LOWEST: 44 ON 27,18 3 = THUNDER
SNOW, ICE PELLETS, HAIL 4 = ICE PELLETS
TOTAL MONTH: 0.0 INCH 5 = HAIL
GRTST 24HR 0.0 6 = FREEZING RAIN OR DRIZZLE
GRTST DEPTH: 0 7 = DUSTSTORM OR SANDSTORM:
VSBY 1/2 MILE OR LESS
8 = SMOKE OR HAZE
[NO. OF DAYS WITH] [WEATHER - DAYS WITH] 9 = BLOWING SNOW
X = TORNADO
MAX 32 OR BELOW: 0 0.01 INCH OR MORE: 10
MAX 90 OR ABOVE: 0 0.10 INCH OR MORE: 5
MIN 32 OR BELOW: 0 0.50 INCH OR MORE: 3
MIN 0 OR BELOW: 0 1.00 INCH OR MORE: 0
[HDD (BASE 65) ]
TOTAL THIS MO. 136 CLEAR (SCALE 0-3) 11
DPTR FM NORMAL -34 PTCLDY (SCALE 4-7) 12
TOTAL FM JUL 1 800 CLOUDY (SCALE 8-10) 8
DPTR FM NORMAL -292
[CDD (BASE 65) ]
TOTAL THIS MO. 7
DPTR FM NORMAL -6 [PRESSURE DATA]
TOTAL FM JAN 1 26 HIGHEST SLP 30.24 ON 30
DPTR FM NORMAL 4 LOWEST SLP 29.74 ON 18
[REMARKS]
#FINAL-03-20#