000
CXUS51 KCAR 011021
CLMFVE
CLIMATE REPORT
NATIONAL WEATHER SERVICE CARIBOU ME
521 AM EST THU FEB 01 2024
...................................
...THE FRENCHVILLE ME CLIMATE SUMMARY FOR THE MONTH OF JANUARY 2024...
CLIMATE NORMAL PERIOD: 1991 TO 2020
CLIMATE RECORD PERIOD: 9999 TO 9999
WEATHER OBSERVED NORMAL DEPART LAST YEAR`S
VALUE DATE(S) VALUE FROM VALUE DATE(S)
NORMAL
................................................................
TEMPERATURE (F)
RECORD
HIGH MM MM
LOW -23 01/27/2022
HIGHEST 37 01/10 MM MM 41 01/01
LOWEST -8 01/24 MM MM -5 01/31
AVG. MAXIMUM 22.9 19.4 3.5 24.2
AVG. MINIMUM 7.5 3.2 4.3 11.7
MEAN 15.2 11.3 3.9 18.0
DAYS MAX >= 90 0 0.0 0.0 0
DAYS MAX <= 32 29 27.4 1.6 29
DAYS MIN <= 32 31 30.8 0.2 31
DAYS MIN <= 0 7 13.6 -6.6 4
PRECIPITATION (INCHES)
RECORD
MAXIMUM 2.59 2023
MINIMUM 0.33 2022
TOTALS 0.64 1.51 -0.87 2.59
DAILY AVG. 0.02 0.05 -0.03 0.08
DAYS >= .01 5 9.0 -4.0 17
DAYS >= .10 3 3.5 -0.5 6
DAYS >= .50 0 0.5 -0.5 2
DAYS >= 1.00 0 0.1 -0.1 0
GREATEST
24 HR. TOTAL 0.28 01/13 TO 01/13 0.88 01/12 TO 01/13
STORM TOTAL 0.28 0.87
(MM/DD(HH)) MM
SNOWFALL (INCHES)
RECORDS
TOTAL MM MM
TOTALS MM MM MM MM
SINCE 7/1 MM MM MM MM
SNOWDEPTH AVG. MM MM
DAYS >= 1.0 MM MM MM MM
GREATEST
SNOW DEPTH MM MM MM
24 HR TOTAL MM MM
DEGREE DAYS
HEATING TOTAL 1534 1664 -130 1450
SINCE 7/1 4564 5149 -585 MM
COOLING TOTAL 0 0 0 0
SINCE 1/1 0 0 0 MM
................................................................
WIND (MPH)
AVERAGE WIND SPEED 9.4
HIGHEST WIND SPEED/DIRECTION 35/320 DATE 01/23
HIGHEST GUST SPEED/DIRECTION 50/110 DATE 01/10
50/320 01/23
SKY COVER
POSSIBLE SUNSHINE (PERCENT) MM
AVERAGE SKY COVER 0.63
NUMBER OF DAYS FAIR 7
NUMBER OF DAYS PC 11
NUMBER OF DAYS CLOUDY 13
AVERAGE RH (PERCENT) 68
WEATHER CONDITIONS. NUMBER OF DAYS WITH
THUNDERSTORM 0 MIXED PRECIP 0
HEAVY RAIN 0 RAIN 0
LIGHT RAIN 1 FREEZING RAIN 1
LT FREEZING RAIN 2 HAIL 0
HEAVY SNOW 3 SNOW 4
LIGHT SNOW 20 SLEET 0
FOG 8 FOG W/VIS <= 1/4 MILE 1
HAZE 5
- INDICATES NEGATIVE NUMBERS.
* INDICATES RECORD WAS SET OR TIED.
MM INDICATES DATA IS MISSING.
T INDICATES TRACE AMOUNT.
$$