000
CXUS53 KUNR 010945
CF6GCC
PRELIMINARY LOCAL CLIMATOLOGICAL DATA (WS FORM: F-6)
STATION: GILLETTE AIRPORT WY
MONTH: MARCH
YEAR: 2020
LATITUDE: 44 20 N
LONGITUDE: 105 32 W
TEMPERATURE IN F: :PCPN: SNOW: WIND :SUNSHINE: SKY :PK WND
================================================================================
1 2 3 4 5 6A 6B 7 8 9 10 11 12 13 14 15 16 17 18
12Z AVG MX 2MIN
DY MAX MIN AVG DEP HDD CDD WTR SNW DPTH SPD SPD DIR MIN PSBL S-S WX SPD DR
================================================================================
1 33 22 28 -3 37 0 0.00 M M 13.3 25 340 M M 7 32 330
2 44 22 33 2 32 0 T M M 14.5 31 350 M M 4 1 40 340
3 43 28 36 5 29 0 0.05 M M 14.7 32 300 M M 3 1 46 310
4 55 28 42 10 23 0 0.02 M M 19.8 37 360 M M 3 18 51 10
5 46 20 33 1 32 0 0.00 M M 13.0 26 170 M M 1 35 170
6 61 33 47 15 18 0 0.00 M M 18.6 29 210 M M 0 39 210
7 66 43 55 23 10 0 0.00 M M 20.1 31 230 M M 0 40 210
8 51 22 37 4 28 0 0.00 M M 12.5 25 310 M M 5 1 35 220
9 54 25 40 7 25 0 0.00 M M 9.1 17 310 M M 6 25 300
10 49 31 40 7 25 0 0.00 M M 8.1 23 230 M M 5 1 30 220
11 56 32 44 10 21 0 0.03 M M 17.7 28 360 M M 2 1 37 360
12 36 25 31 -3 34 0 0.08 M M 12.4 26 340 M M 7 1 36 340
13 32 15 24 -10 41 0 0.08 M M 12.4 26 140 M M 6 168 38 130
14 32 26 29 -5 36 0 0.00 M M 26.7 38 150 M M 10 49 160
15 30 19 25 -10 40 0 0.00 M M 11.1 36 160 M M 10 1 46 160
16 M M M M M M M M M M M M M M M 1 M M
17 60 18 39 4 26 0 0.00 M M 9.5 25 180 M M 1 1 31 180
18 50 20 35 0 30 0 0.00 M M 5.3 16 190 M M 6 23 150
19 30 13 22 -14 43 0 0.01 M M 13.8 26 10 M M 10 12 33 10
20 32 12 22 -14 43 0 0.00 M M 15.1 26 150 M M 7 1 34 160
21 54 19 37 1 28 0 0.00 M M 6.7 17 180 M M 0 22 290
22 49 20 35 -1 30 0 0.00 M M 6.3 20 350 M M 5 27 310
23 58 27 43 7 22 0 0.00 M M 10.1 18 210 M M 0 24 190
24 55 33 44 7 21 0 T M M 11.5 24 360 M M 2 1 32 220
25 47 31 39 2 26 0 0.06 M M 5.7 16 310 M M 8 1 20 290
26 48 21 35 -2 30 0 0.00 M M 6.1 17 340 M M 6 1 22 340
27 46 18 32 -5 33 0 0.00 M M 6.7 16 350 M M 4 21 350
28 49 25 37 -1 28 0 0.00 M M 12.0 30 330 M M 4 39 350
29 56 29 43 5 22 0 0.00 M M 11.1 18 180 M M 3 24 180
30 61 33 47 9 18 0 0.00 M M 7.0 20 230 M M 0 25 210
31 62 32 47 9 18 0 T M M 14.9 26 310 M M 3 41 310
================================================================================
SM 1445 742 849 0 0.33 M 365.8 M 128
================================================================================
AV 48.2 24.7 12.2 FASTST M M 4 MAX(MPH)
MISC ----> # 38 150 # 51 10
================================================================================
NOTES:
# LAST OF SEVERAL OCCURRENCES
COLUMN 17 PEAK WIND IN M.P.H.
PRELIMINARY LOCAL CLIMATOLOGICAL DATA (WS FORM: F-6) , PAGE 2
STATION: GILLETTE AIRPORT WY
MONTH: MARCH
YEAR: 2020
LATITUDE: 44 20 N
LONGITUDE: 105 32 W
[TEMPERATURE DATA] [PRECIPITATION DATA] SYMBOLS USED IN COLUMN 16
AVERAGE MONTHLY: 36.5 TOTAL FOR MONTH: 0.33 1 = FOG OR MIST
DPTR FM NORMAL: 1.8 DPTR FM NORMAL: -0.63 2 = FOG REDUCING VISIBILITY
HIGHEST: 66 ON 7 GRTST 24HR 0.08 ON 13-13 TO 1/4 MILE OR LESS
LOWEST: 12 ON 20 3 = THUNDER
SNOW, ICE PELLETS, HAIL 4 = ICE PELLETS
TOTAL MONTH: M 5 = HAIL
GRTST 24HR M ON M 6 = FREEZING RAIN OR DRIZZLE
GRTST DEPTH: M ON M 7 = DUSTSTORM OR SANDSTORM:
VSBY 1/2 MILE OR LESS
8 = SMOKE OR HAZE
[NO. OF DAYS WITH] [WEATHER - DAYS WITH] 9 = BLOWING SNOW
X = TORNADO
MAX 32 OR BELOW: 5 0.01 INCH OR MORE: 7
MAX 90 OR ABOVE: 0 0.10 INCH OR MORE: 0
MIN 32 OR BELOW: 26 0.50 INCH OR MORE: 0
MIN 0 OR BELOW: 0 1.00 INCH OR MORE: 0
[HDD (BASE 65) ]
TOTAL THIS MO. 849 CLEAR (SCALE 0-3) 13
DPTR FM NORMAL -90 PTCLDY (SCALE 4-7) 13
TOTAL FM JUL 1 6242 CLOUDY (SCALE 8-10) 4
DPTR FM NORMAL -105
[CDD (BASE 65) ]
TOTAL THIS MO. 0
DPTR FM NORMAL 0 [PRESSURE DATA]
TOTAL FM JAN 1 0 HIGHEST SLP 30.54 ON 20
DPTR FM NORMAL 0 LOWEST SLP 29.54 ON 8
[REMARKS]
#FINAL-03-20#