000
CXUS56 KFGZ 010910
CF6GCN
PRELIMINARY LOCAL CLIMATOLOGICAL DATA (WS FORM: F-6)
STATION: GRAND CANYON AZ AIRPORT
MONTH: AUGUST
YEAR: 2021
LATITUDE: 35 57 N
LONGITUDE: 112 9 W
TEMPERATURE IN F: :PCPN: SNOW: WIND :SUNSHINE: SKY :PK WND
================================================================================
1 2 3 4 5 6A 6B 7 8 9 10 11 12 13 14 15 16 17 18
12Z AVG MX 2MIN
DY MAX MIN AVG DEP HDD CDD WTR SNW DPTH SPD SPD DIR MIN PSBL S-S WX SPD DR
================================================================================
1 80 50 65 -3 0 0 T M M 3.9 15 220 M M 1 20 230
2 85 51 68 0 0 3 0.00 M M 3.6 14 350 M M 0 20 280
3 87 51 69 1 0 4 0.00 M M 4.5 15 280 M M 0 25 30
4 89 49 69 1 0 4 0.00 M M 3.5 16 50 M M 0 21 40
5 91 50 71 3 0 6 0.00 M M 5.1 17 220 M M 0 23 210
6 87 50 69 1 0 4 0.00 M M 10.0 29 220 M M 0 41 230
7 87 48 68 0 0 3 0.00 M M 6.4 21 210 M M 0 29 250
8 87 45 66 -1 0 1 0.00 M M 5.9 21 230 M M 0 27 230
9 87 44 66 -1 0 1 0.00 M M 6.3 17 210 M M 1 8 27 230
10 83 54 69 2 0 4 T M M 3.9 18 90 M M 3 3 24 90
11 83 50 67 0 0 2 0.00 M M 4.7 16 220 M M 1 21 210
12 84 53 69 2 0 4 T M M 3.6 14 230 M M 2 18 17 230
13 87 57 72 5 0 7 T M M 4.0 16 230 M M 2 38 21 240
14 87 54 71 4 0 6 0.05 M M 4.9 22 360 M M 1 3 31 30
15 85 51 68 2 0 3 0.06 M M 2.7 18 210 M M 1 3 23 220
16 86 51 69 3 0 4 0.00 M M 3.5 16 30 M M 1 25 240
17 84 50 67 1 0 2 0.46 M M 6.8 28 220 M M 3 13 37 220
18 74 55 65 -1 0 0 T M M 14.2 31 210 M M 6 3 39 210
19 75 56 66 0 0 1 0.00 M M 16.2 30 210 M M 6 41 210
20 78 52 65 -1 0 0 T M M 4.8 21 210 M M 4 26 210
21 79 46 63 -3 2 0 0.00 M M 9.5 25 200 M M 2 36 230
22 83 43 63 -2 2 0 0.00 M M 7.1 23 230 M M 2 28 210
23 83 40 62 -3 3 0 0.00 M M 8.8 29 220 M M 0 38 200
24 84 37 61 -4 4 0 0.00 M M 7.1 23 220 M M 0 33 220
25 89 45 67 2 0 2 0.00 M M 3.8 21 220 M M 1 27 230
26 88 49 69 5 0 4 0.00 M M 4.9 18 210 M M 1 3 26 200
27 89 46 68 4 0 3 T M M 4.7 21 220 M M 1 8 28 210
28 88 46 67 3 0 2 T M M 4.5 17 230 M M 1 3 26 220
29 89 47 68 4 0 3 0.00 M M 5.0 16 210 M M 1 21 210
30 86 49 68 4 0 3 T M M 4.6 22 210 M M 3 3 29 120
31 77 58 68 5 0 3 0.14 M M 3.5 21 150 M M 8 1 27 140
================================================================================
SM 2621 1527 11 79 0.71 M 182.0 M 52
================================================================================
AV 84.5 49.3 5.9 FASTST M M 2 MAX(MPH)
MISC ----> 31 210 # 41 230
================================================================================
NOTES:
# LAST OF SEVERAL OCCURRENCES
COLUMN 17 PEAK WIND IN M.P.H.
PRELIMINARY LOCAL CLIMATOLOGICAL DATA (WS FORM: F-6) , PAGE 2
STATION: GRAND CANYON AZ AIRPORT
MONTH: AUGUST
YEAR: 2021
LATITUDE: 35 57 N
LONGITUDE: 112 9 W
[TEMPERATURE DATA] [PRECIPITATION DATA] SYMBOLS USED IN COLUMN 16
AVERAGE MONTHLY: 66.9 TOTAL FOR MONTH: 0.71 1 = FOG OR MIST
DPTR FM NORMAL: 0.8 DPTR FM NORMAL: -1.35 2 = FOG REDUCING VISIBILITY
HIGHEST: 91 ON 5 GRTST 24HR 0.46 ON 17-17 TO 1/4 MILE OR LESS
LOWEST: 37 ON 24 3 = THUNDER
SNOW, ICE PELLETS, HAIL 4 = ICE PELLETS
TOTAL MONTH: M 5 = HAIL
GRTST 24HR M ON M 6 = FREEZING RAIN OR DRIZZLE
GRTST DEPTH: M ON M 7 = DUSTSTORM OR SANDSTORM:
VSBY 1/2 MILE OR LESS
8 = SMOKE OR HAZE
[NO. OF DAYS WITH] [WEATHER - DAYS WITH] 9 = BLOWING SNOW
X = TORNADO
MAX 32 OR BELOW: 0 0.01 INCH OR MORE: 4
MAX 90 OR ABOVE: 1 0.10 INCH OR MORE: 2
MIN 32 OR BELOW: 0 0.50 INCH OR MORE: 0
MIN 0 OR BELOW: 0 1.00 INCH OR MORE: 0
[HDD (BASE 65) ]
TOTAL THIS MO. 11 CLEAR (SCALE 0-3) 26
DPTR FM NORMAL -17 PTCLDY (SCALE 4-7) 5
TOTAL FM JUL 1 11 CLOUDY (SCALE 8-10) 0
DPTR FM NORMAL -36
[CDD (BASE 65) ]
TOTAL THIS MO. 79
DPTR FM NORMAL 17 [PRESSURE DATA]
TOTAL FM JAN 1 308 HIGHEST SLP M ON M
DPTR FM NORMAL 151 LOWEST SLP 29.73 ON 17
[REMARKS]
#FINAL-08-21#