000
CXUS51 KPHI 010815
CF6GED
PRELIMINARY LOCAL CLIMATOLOGICAL DATA (WS FORM: F-6)
STATION: GEORGETOWN DE
MONTH: MAY
YEAR: 2022
LATITUDE: 38 41 N
LONGITUDE: 75 22 W
TEMPERATURE IN F: :PCPN: SNOW: WIND :SUNSHINE: SKY :PK WND
================================================================================
1 2 3 4 5 6A 6B 7 8 9 10 11 12 13 14 15 16 17 18
12Z AVG MX 2MIN
DY MAX MIN AVG DEP HDD CDD WTR SNW DPTH SPD SPD DIR MIN PSBL S-S WX SPD DR
================================================================================
1 69 41 55 -5 10 0 0.08 M M 5.7 14 100 M M 5 1 19 100
2 80 58 69 8 0 4 0.05 M M 4.9 13 300 M M 3 1 17 280
3 65 52 59 -2 6 0 0.00 M M 10.5 16 120 M M 7 1 21 120
4 76 53 65 4 0 0 0.02 M M 3.5 13 40 M M 8 1 22 330
5 68 56 62 0 3 0 0.00 M M 6.4 17 100 M M 6 23 80
6 65 52 59 -3 6 0 0.41 M M 8.2 20 70 M M 8 13 24 50
7 54 48 51 -11 14 0 1.09 M M 23.9 39 50 M M 10 1 53 50
8 54 46 50 -12 15 0 0.28 M M 19.6 32 60 M M 10 1 42 40
9 66 49 58 -5 7 0 0.00 M M 16.2 26 50 M M 5 34 40
10 64 53 59 -4 6 0 0.00 M M 17.3 26 50 M M 10 34 40
11 62 53 58 -5 7 0 0.06 M M 13.6 23 40 M M 7 1 30 40
12 61 53 57 -6 8 0 T M M 12.2 20 50 M M 10 1 25 50
13 70 55 63 -1 2 0 0.06 M M 6.7 13 110 M M 10 123 15 100
14 73 59 66 2 0 1 0.13 M M 3.4 9 100 M M 9 12 10 140
15 82 62 72 8 0 7 T M M 5.4 14 160 M M 7 12 16 240
16 83 62 73 9 0 8 0.07 M M 8.1 22 230 M M 5 13 31 210
17 82 56 69 4 0 4 0.00 M M 7.0 18 240 M M 1 29 250
18 76 51 64 -1 1 0 T M M 4.7 14 160 M M 1 20 240
19 83 59 71 6 0 6 0.15 M M 7.9 15 280 M M 2 22 280
20 92 62 77 11 0 12 0.00 M M 9.4 24 200 M M 1 33 170
21 95 73 84 18 0 19 0.00 M M 9.3 20 230 M M 0 26 220
22 90 71 81 15 0 16 0.05 M M 10.1 21 210 M M 1 13 27 310
23 78 62 70 4 0 5 T M M 7.2 16 10 M M 5 24 360
24 64 58 61 -6 4 0 0.21 M M 9.8 18 70 M M 10 1 23 80
25 70 58 64 -3 1 0 0.00 M M 11.4 21 80 M M 9 8 30 100
26 74 58 66 -1 0 1 0.00 M M 6.6 15 160 M M 10 18 18 150
27 83 66 75 7 0 10 1.18 M M 8.9 30 240 M M 9 1238 46 240
28 83 64 74 6 0 9 0.00 M M 7.8 17 280 M M 2 26 250
29 81 62 72 4 0 7 0.00 M M 4.0 13 100 M M 1 16 110
30 90 62 76 8 0 11 0.00 M M 5.2 14 230 M M 1 1 18 200
31 95 67 81 12 0 16 0.00 M M 5.0 12 270 M M 0 14 300
================================================================================
SM 2328 1781 90 136 3.84 M 279.9 M 173
================================================================================
AV 75.1 57.5 9.0 FASTST M M 6 MAX(MPH)
MISC ----> 39 50 53 50
================================================================================
NOTES:
# LAST OF SEVERAL OCCURRENCES
COLUMN 17 PEAK WIND IN M.P.H.
PRELIMINARY LOCAL CLIMATOLOGICAL DATA (WS FORM: F-6) , PAGE 2
STATION: GEORGETOWN DE
MONTH: MAY
YEAR: 2022
LATITUDE: 38 41 N
LONGITUDE: 75 22 W
[TEMPERATURE DATA] [PRECIPITATION DATA] SYMBOLS USED IN COLUMN 16
AVERAGE MONTHLY: 66.3 TOTAL FOR MONTH: 3.84 1 = FOG OR MIST
DPTR FM NORMAL: 1.8 DPTR FM NORMAL: 0.21 2 = FOG REDUCING VISIBILITY
HIGHEST: 95 ON 31,21 GRTST 24HR 1.19 ON 7- 8 TO 1/4 MILE OR LESS
LOWEST: 41 ON 1 3 = THUNDER
SNOW, ICE PELLETS, HAIL 4 = ICE PELLETS
TOTAL MONTH: M 5 = HAIL
GRTST 24HR M ON M 6 = FREEZING RAIN OR DRIZZLE
GRTST DEPTH: M ON M 7 = DUSTSTORM OR SANDSTORM:
VSBY 1/2 MILE OR LESS
8 = SMOKE OR HAZE
[NO. OF DAYS WITH] [WEATHER - DAYS WITH] 9 = BLOWING SNOW
X = TORNADO
MAX 32 OR BELOW: 0 0.01 INCH OR MORE: 14
MAX 90 OR ABOVE: 5 0.10 INCH OR MORE: 7
MIN 32 OR BELOW: 0 0.50 INCH OR MORE: 2
MIN 0 OR BELOW: 0 1.00 INCH OR MORE: 2
[HDD (BASE 65) ]
TOTAL THIS MO. 90 CLEAR (SCALE 0-3) 10
DPTR FM NORMAL -16 PTCLDY (SCALE 4-7) 11
TOTAL FM JUL 1 3801 CLOUDY (SCALE 8-10) 10
DPTR FM NORMAL -259
[CDD (BASE 65) ]
TOTAL THIS MO. 136
DPTR FM NORMAL 45 [PRESSURE DATA]
TOTAL FM JAN 1 154 HIGHEST SLP 30.35 ON 25
DPTR FM NORMAL 35 LOWEST SLP 29.54 ON 7
[REMARKS]
#FINAL-05-22#