508
CXUS53 KIND 010600
CF6GEZ
PRELIMINARY LOCAL CLIMATOLOGICAL DATA (WS FORM: F-6)
STATION: SHELBYVILLE IN
MONTH: MARCH
YEAR: 2021
LATITUDE: 39 35 N
LONGITUDE: 85 48 W
TEMPERATURE IN F: :PCPN: SNOW: WIND :SUNSHINE: SKY :PK WND
================================================================================
1 2 3 4 5 6A 6B 7 8 9 10 11 12 13 14 15 16 17 18
12Z AVG MX 2MIN
DY MAX MIN AVG DEP HDD CDD WTR SNW DPTH SPD SPD DIR MIN PSBL S-S WX SPD DR
================================================================================
1 46 30 38 2 27 0 0.00 M M 12.0 24 310 M M 3 30 320
2 45 25 35 -1 30 0 0.00 M M 7.6 15 180 M M 0 20 240
3 63 28 46 10 19 0 0.00 M M 8.5 16 270 M M 0 20 290
4 52 29 41 4 24 0 0.00 M M 9.4 20 330 M M 0 27 330
5 50 24 37 0 28 0 0.00 M M 6.7 17 350 M M 0 22 330
6 50 25 38 0 27 0 0.00 M M 5.3 14 350 M M 1 20 340
7 52 25 39 1 26 0 0.00 M M 4.3 12 30 M M 0 17 20
8 69 28 49 11 16 0 0.00 M M 11.0 23 230 M M 0 31 240
9 69 36 53 14 12 0 0.00 M M 9.7 21 180 M M 0 27 180
10 71 54 63 24 2 0 0.00 M M 18.4 35 190 M M 6 44 190
11 67 50 59 19 6 0 1.09 M M 11.3 24 210 M M 10 138 31 210
12 62 39 51 11 14 0 0.00 M M 6.9 15 350 M M 1 20 350
13 53 36 45 4 20 0 0.00 M M 5.0 12 30 M M 1 14 40
14 57 32 45 4 20 0 0.00 M M 7.0 23 70 M M 1 31 70
15 44 35 40 -2 25 0 0.36 M M 17.1 28 100 M M 8 6 40 100
16 53 37 45 3 20 0 0.24 M M 5.3 22 290 M M 9 1238 33 300
17 64 45 55 13 10 0 0.02 M M 9.2 17 160 M M 8 18 22 140
18 57 40 49 6 16 0 1.11 M M 19.6 33 30 M M 10 1 50 20
19 50 32 41 -2 24 0 0.00 M M 15.3 29 20 M M 0 45 30
20 62 29 46 2 19 0 0.00 M M 7.2 13 100 M M 0 18 140
21 68 34 51 7 14 0 0.00 M M 6.7 15 160 M M 0 20 160
22 69 39 54 10 11 0 0.00 M M 7.3 20 200 M M 6 25 190
23 71 45 58 13 7 0 0.03 M M 12.2 24 190 M M 6 32 180
24 75 47 61 16 4 0 T M M 15.2 26 230 M M 5 36 190
25 64 42 53 8 12 0 0.42 M M 10.3 32 210 M M 5 138 41 210
26 62 44 53 7 12 0 0.00 M M 10.9 37 260 M M 9 62 230
27 75 44 60 14 5 0 0.14 M M 11.5 25 330 M M 1 3 33 340
28 56 36 46 -1 19 0 0.18 M M 15.0 30 280 M M 8 13 42 300
29 60 31 46 -1 19 0 0.00 M M 8.2 18 160 M M 0 24 160
30 74 44 59 12 6 0 0.10 M M 15.6 30 180 M M 3 39 190
31 57 36 47 -1 18 0 T M M 16.9 24 290 M M 4 8 34 310
================================================================================
SM 1867 1121 512 0 3.69 M 326.6 M 105
================================================================================
AV 60.2 36.2 10.5 FASTST M M 3 MAX(MPH)
MISC ----> 37 260 62 230
================================================================================
NOTES:
# LAST OF SEVERAL OCCURRENCES
COLUMN 17 PEAK WIND IN M.P.H.
PRELIMINARY LOCAL CLIMATOLOGICAL DATA (WS FORM: F-6) , PAGE 2
STATION: SHELBYVILLE IN
MONTH: MARCH
YEAR: 2021
LATITUDE: 39 35 N
LONGITUDE: 85 48 W
[TEMPERATURE DATA] [PRECIPITATION DATA] SYMBOLS USED IN COLUMN 16
AVERAGE MONTHLY: 48.2 TOTAL FOR MONTH: 3.69 1 = FOG OR MIST
DPTR FM NORMAL: 6.4 DPTR FM NORMAL: 0.26 2 = FOG REDUCING VISIBILITY
HIGHEST: 75 ON 27,24 GRTST 24HR 1.12 ON 17-18 TO 1/4 MILE OR LESS
LOWEST: 24 ON 5 3 = THUNDER
SNOW, ICE PELLETS, HAIL 4 = ICE PELLETS
TOTAL MONTH: M 5 = HAIL
GRTST 24HR M ON M 6 = FREEZING RAIN OR DRIZZLE
GRTST DEPTH: M ON M 7 = DUSTSTORM OR SANDSTORM:
VSBY 1/2 MILE OR LESS
8 = SMOKE OR HAZE
[NO. OF DAYS WITH] [WEATHER - DAYS WITH] 9 = BLOWING SNOW
X = TORNADO
MAX 32 OR BELOW: 0 0.01 INCH OR MORE: 10
MAX 90 OR ABOVE: 0 0.10 INCH OR MORE: 8
MIN 32 OR BELOW: 12 0.50 INCH OR MORE: 2
MIN 0 OR BELOW: 0 1.00 INCH OR MORE: 2
[HDD (BASE 65) ]
TOTAL THIS MO. 512 CLEAR (SCALE 0-3) 18
DPTR FM NORMAL -208 PTCLDY (SCALE 4-7) 9
TOTAL FM JUL 1 4127 CLOUDY (SCALE 8-10) 4
DPTR FM NORMAL -757
[CDD (BASE 65) ]
TOTAL THIS MO. 0
DPTR FM NORMAL -1 [PRESSURE DATA]
TOTAL FM JAN 1 0 HIGHEST SLP M ON M
DPTR FM NORMAL -1 LOWEST SLP 29.45 ON 25
[REMARKS]
#FINAL-03-21#