000
CXUS53 KFGF 151240
CF6GFK
PRELIMINARY LOCAL CLIMATOLOGICAL DATA (WS FORM: F-6)
STATION: GRAND FORKS INTL AP ND
MONTH: MAY
YEAR: 2020
LATITUDE: 47 57 N
LONGITUDE: 97 11 W
TEMPERATURE IN F: :PCPN: SNOW: WIND :SUNSHINE: SKY :PK WND
================================================================================
1 2 3 4 5 6A 6B 7 8 9 10 11 12 13 14 15 16 17 18
12Z AVG MX 2MIN
DY MAX MIN AVG DEP HDD CDD WTR SNW DPTH SPD SPD DIR MIN PSBL S-S WX SPD DR
================================================================================
1 62 45 54 5 11 0 0.03 0.0 0 7.8 14 150 M M 6 18 160
2 64 35 50 0 15 0 0.00 0.0 0 16.8 31 310 M M 2 40 300
3 51 30 41 -9 24 0 0.00 0.0 0 13.2 24 360 M M 4 32 10
4 49 34 42 -9 23 0 0.40 0.0 0 6.9 13 130 M M 7 1 18 130
5 53 39 46 -5 19 0 0.13 0.0 0 7.4 21 40 M M 9 1 25 40
6 62 33 48 -3 17 0 0.00 0.0 0 8.9 18 340 M M 3 26 360
7 50 26 38 -14 27 0 0.00 0.0 0 14.0 28 10 M M 1 35 10
8 52 25 39 -13 26 0 0.00 0.0 0 7.5 16 10 M M 2 24 330
9 47 33 40 -12 25 0 0.17 T 0 12.6 24 350 M M 10 1 32 360
10 51 30 41 -12 24 0 0.00 0.0 0 18.3 29 10 M M 4 40 350
11 48 23 36 -17 29 0 0.00 0.0 0 11.9 17 350 M M 0 25 340
12 52 18 35 -19 30 0 0.00 0.0 0 5.3 13 140 M M 3 16 170
13 50 42 46 -8 19 0 0.28 0.0 0 13.7 28 140 M M 10 1 37 150
14 64 34 49 -5 16 0 T 0.0 0 9.8 29 300 M M 8 12 39 270
15 68 30 49 -5 16 0 0.00 0.0 0 2.9 10 70 M M 3 1 15 60
16 72 35 54 -1 11 0 0.00 0.0 0 5.0 15 100 M M 5 19 110
17 75 37 56 1 9 0 0.00 0.0 0 7.7 18 80 M M 2 1 26 100
18 79 42 61 5 4 0 0.00 0.0 0 10.8 23 130 M M 4 31 120
19 77 47 62 6 3 0 0.00 0.0 0 14.7 26 160 M M 3 35 150
20 74 54 64 8 1 0 0.00 0.0 0 15.1 28 160 M M 5 37 180
21 73 56 65 9 0 0 T 0.0 0 18.4 28 160 M M 6 37 160
22 75 58 67 10 0 2 T 0.0 0 14.1 20 140 M M 8 30 180
23 78 56 67 10 0 2 0.00 0.0 0 9.0 15 150 M M 6 20 150
24 73 53 63 5 2 0 T 0.0 0 7.5 20 340 M M 8 26 340
25 73 51 62 4 3 0 T 0.0 0 9.8 20 360 M M 9 25 340
26 77 54 66 8 0 1 0.04 0.0 0 6.4 12 260 M M 7 18 260
27 81 50 66 8 0 1 0.00 0.0 0 12.4 26 270 M M 2 36 300
28 65 46 56 -3 9 0 T 0.0 0 17.3 29 300 M M 6 37 320
29 64 41 53 -6 12 0 0.00 0.0 0 11.3 18 350 M M 6 27 340
30 68 32 50 -9 15 0 0.00 0.0 0 6.1 15 20 M M 1 20 40
31 81 37 59 -1 6 0 0.00 0.0 0 12.1 24 150 M M 4 33 150
================================================================================
SM 2008 1226 396 6 1.05 T 334.7 M 154
================================================================================
AV 64.8 39.5 10.8 FASTST M M 5 MAX(MPH)
MISC ----> 31 310 # 40 300
================================================================================
NOTES:
# LAST OF SEVERAL OCCURRENCES
COLUMN 17 PEAK WIND IN M.P.H.
PRELIMINARY LOCAL CLIMATOLOGICAL DATA (WS FORM: F-6) , PAGE 2
STATION: GRAND FORKS INTL AP ND
MONTH: MAY
YEAR: 2020
LATITUDE: 47 57 N
LONGITUDE: 97 11 W
[TEMPERATURE DATA] [PRECIPITATION DATA] SYMBOLS USED IN COLUMN 16
AVERAGE MONTHLY: 52.2 TOTAL FOR MONTH: 1.05 1 = FOG OR MIST
DPTR FM NORMAL: -2.6 DPTR FM NORMAL: -1.63 2 = FOG REDUCING VISIBILITY
HIGHEST: 81 ON 31,27 GRTST 24HR 0.53 ON 4- 5 TO 1/4 MILE OR LESS
LOWEST: 18 ON 12 3 = THUNDER
SNOW, ICE PELLETS, HAIL 4 = ICE PELLETS
TOTAL MONTH: T 5 = HAIL
GRTST 24HR T ON 9- 9 6 = FREEZING RAIN OR DRIZZLE
GRTST DEPTH: 0 7 = DUSTSTORM OR SANDSTORM:
VSBY 1/2 MILE OR LESS
8 = SMOKE OR HAZE
[NO. OF DAYS WITH] [WEATHER - DAYS WITH] 9 = BLOWING SNOW
X = TORNADO
MAX 32 OR BELOW: 0 0.01 INCH OR MORE: 6
MAX 90 OR ABOVE: 0 0.10 INCH OR MORE: 4
MIN 32 OR BELOW: 8 0.50 INCH OR MORE: 0
MIN 0 OR BELOW: 0 1.00 INCH OR MORE: 0
[HDD (BASE 65) ]
TOTAL THIS MO. 396 CLEAR (SCALE 0-3) 9
DPTR FM NORMAL 62 PTCLDY (SCALE 4-7) 18
TOTAL FM JUL 1 9799 CLOUDY (SCALE 8-10) 4
DPTR FM NORMAL 387
[CDD (BASE 65) ]
TOTAL THIS MO. 6
DPTR FM NORMAL -10 [PRESSURE DATA]
TOTAL FM JAN 1 6 HIGHEST SLP 30.44 ON 11
DPTR FM NORMAL -11 LOWEST SLP 29.64 ON 1
[REMARKS]
#FINAL-05-20#