000
CXUS51 KALY 010629
CLMGFL
CLIMATE REPORT
NATIONAL WEATHER SERVICE ALBANY NY
229 AM EDT TUE AUG 01 2023
...................................
...THE GLENS FALLS NY CLIMATE SUMMARY FOR THE MONTH OF JULY 2023...
CLIMATE NORMAL PERIOD: 1991 TO 2020
CLIMATE RECORD PERIOD: 1893 TO 2023
WEATHER OBSERVED NORMAL DEPART LAST YEAR`S
VALUE DATE(S) VALUE FROM VALUE DATE(S)
NORMAL
................................................................
TEMPERATURE (F)
RECORD
HIGH 101 07/04/1911
07/03/1911
LOW 32 07/02/1929
HIGHEST 90 07/06 91 07/20
07/23
LOWEST 50 07/23 46 07/10
07/30
07/11
AVG. MAXIMUM 82.5 81.5 1.0 83.1
AVG. MINIMUM 60.9 57.8 3.1 55.9
MEAN 71.7 69.7 2.0 69.5
DAYS MAX >= 90 1 2.8 -1.8 3
DAYS MAX <= 32 0 0.0 0.0 0
DAYS MIN <= 32 0 0.0 0.0 0
DAYS MIN <= 0 0 0.0 0.0 0
PRECIPITATION (INCHES)
RECORD
MAXIMUM 8.31 1994
MINIMUM 0.84 1993
TOTALS 4.52 4.26 0.26 4.45
DAILY AVG. 0.15 0.14
DAYS >= .01 15 11.8 3.2 8
DAYS >= .10 10 7.0 3.0 8
DAYS >= .50 3 2.9 0.1 4
DAYS >= 1.00 0 1.2 -1.2 1
GREATEST
24 HR. TOTAL 1.28 07/09 TO 07/10
DEGREE DAYS
HEATING TOTAL 3 14 -11 10
SINCE 7/1 3 6 -3 10
COOLING TOTAL 220 158 62 157
SINCE 1/1 284 254 30 250
................................................................
WIND (MPH)
AVERAGE WIND SPEED 3.9
HIGHEST WIND SPEED/DIRECTION 30/300 DATE 07/13
HIGHEST GUST SPEED/DIRECTION 39/300 DATE 07/13
SKY COVER
AVERAGE SKY COVER 0.44
AVERAGE RH (PERCENT) 78
WEATHER CONDITIONS. NUMBER OF DAYS WITH
THUNDERSTORM 11 MIXED PRECIP 0
HEAVY RAIN 5 RAIN 8
LIGHT RAIN 19 FREEZING RAIN 0
LT FREEZING RAIN 0 HAIL 0
HEAVY SNOW 0 SNOW 0
LIGHT SNOW 0 SLEET 0
FOG 31 FOG W/VIS <= 1/4 MILE 14
HAZE 6
- INDICATES NEGATIVE NUMBERS.
R INDICATES RECORD WAS SET OR TIED.
MM INDICATES DATA IS MISSING.
T INDICATES TRACE AMOUNT.
$$