000
CXUS55 KGGW 082158
CF6GGW
PRELIMINARY LOCAL CLIMATOLOGICAL DATA (WS FORM: F-6)
STATION: GLASGOW MT
MONTH: AUGUST
YEAR: 2021
LATITUDE: 48 13 N
LONGITUDE: 106 37 W
TEMPERATURE IN F: :PCPN: SNOW: WIND :SUNSHINE: SKY :PK WND
================================================================================
1 2 3 4 5 6A 6B 7 8 9 10 11 12 13 14 15 16 17 18
12Z AVG MX 2MIN
DY MAX MIN AVG DEP HDD CDD WTR SNW DPTH SPD SPD DIR MIN PSBL S-S WX SPD DR
================================================================================
1 97 64 81 7 0 16 0.00 0.0 0 9.3 16 80 M M 0 21 70
2 98 65 82 8 0 17 0.00 0.0 0 11.6 20 100 M M 0 27 90
3 87 71 79 5 0 14 T 0.0 0 7.5 20 300 M M 2 26 300
4 93 64 79 5 0 14 0.00 0.0 0 8.2 22 320 M M 1 38 33 20
5 88 64 76 2 0 11 0.03 0.0 0 8.9 24 310 M M 2 138 35 300
6 95 68 82 8 0 17 0.00 0.0 0 15.2 23 160 M M 1 31 140
7 93 61 77 3 0 12 0.00 0.0 0 8.7 20 270 M M 0 8 26 290
8 93 62 78 5 0 13 T 0.0 0 12.5 32 360 M M 2 44 360
9 74 57 66 -7 0 1 0.09 0.0 0 10.8 25 280 M M 7 3 34 300
10 84 55 70 -3 0 5 0.00 0.0 0 12.4 30 360 M M 2 37 290
11 90 55 73 0 0 8 0.00 0.0 0 10.5 31 330 M M 2 41 330
12 82 59 71 -1 0 6 0.00 0.0 0 11.1 23 330 M M 4 33 320
13 91 60 76 4 0 11 0.00 0.0 0 7.4 23 280 M M 3 30 280
14 99 59 79 7 0 14 0.00 0.0 M 8.5 13 160 M M 0 22 170
15 94 64 79 7 0 14 0.00 0.0 0 7.8 21 280 M M 6 8 27 300
16 103 62 83 11 0 18 T 0.0 0 12.0 24 320 M M 4 8 32 320
17 92 61 77 6 0 12 T 0.0 0 18.8 47 50 M M 2 3 61 60
18 67 53 60 -11 5 0 0.03 0.0 0 13.9 33 10 M M 7 1 45 20
19 62 55 59 -12 6 0 0.30 0.0 0 3.6 9 20 M M 10 18 12 10
20 63 52 58 -12 7 0 0.45 0.0 0 11.0 22 330 M M 7 1 27 330
21 75 47 61 -9 4 0 0.00 0.0 0 10.1 25 110 M M 1 12 35 90
22 73 54 64 -6 1 0 0.65 0.0 0 12.1 25 310 M M 6 1 33 310
23 87 52 70 1 0 5 T 0.0 0 15.1 30 360 M M 2 38 360
24 69 50 60 -9 5 0 0.00 0.0 0 13.7 25 280 M M 3 35 280
25 74 46 60 -8 5 0 0.00 0.0 0 13.7 21 100 M M 0 31 120
26 82 56 69 1 0 4 0.25 0.0 0 15.7 24 120 M M 2 13 30 110
27 75 57 66 -2 0 1 0.01 0.0 0 6.8 16 320 M M 5 12 20 320
28 77 51 64 -3 1 0 0.01 0.0 0 9.3 21 310 M M 2 29 290
29 84 51 68 1 0 3 0.00 0.0 0 6.1 14 190 M M 0 21 180
30 91 55 73 6 0 8 0.00 0.0 0 11.4 18 110 M M 0 24 110
31 89 65 77 11 0 12 0.00 0.0 0 12.0 24 120 M M 0 30 120
================================================================================
SM 2621 1795 34 236 1.82 0.0 335.7 M 83
================================================================================
AV 84.5 57.9 10.8 FASTST M M 3 MAX(MPH)
MISC ----> 47 50 61 60
================================================================================
NOTES:
# LAST OF SEVERAL OCCURRENCES
COLUMN 17 PEAK WIND IN M.P.H.
PRELIMINARY LOCAL CLIMATOLOGICAL DATA (WS FORM: F-6) , PAGE 2
STATION: GLASGOW MT
MONTH: AUGUST
YEAR: 2021
LATITUDE: 48 13 N
LONGITUDE: 106 37 W
[TEMPERATURE DATA] [PRECIPITATION DATA] SYMBOLS USED IN COLUMN 16
AVERAGE MONTHLY: 71.2 TOTAL FOR MONTH: 1.82 1 = FOG OR MIST
DPTR FM NORMAL: 0.2 DPTR FM NORMAL: 0.55 2 = FOG REDUCING VISIBILITY
HIGHEST: 103 ON 16 GRTST 24HR 0.72 ON 19-20 TO 1/4 MILE OR LESS
LOWEST: 46 ON 25 3 = THUNDER
SNOW, ICE PELLETS, HAIL 4 = ICE PELLETS
TOTAL MONTH: 0.0 INCH 5 = HAIL
GRTST 24HR 0.0 6 = FREEZING RAIN OR DRIZZLE
GRTST DEPTH: 0 7 = DUSTSTORM OR SANDSTORM:
VSBY 1/2 MILE OR LESS
8 = SMOKE OR HAZE
[NO. OF DAYS WITH] [WEATHER - DAYS WITH] 9 = BLOWING SNOW
X = TORNADO
MAX 32 OR BELOW: 0 0.01 INCH OR MORE: 9
MAX 90 OR ABOVE: 13 0.10 INCH OR MORE: 4
MIN 32 OR BELOW: 0 0.50 INCH OR MORE: 1
MIN 0 OR BELOW: 0 1.00 INCH OR MORE: 0
[HDD (BASE 65) ]
TOTAL THIS MO. 34 CLEAR (SCALE 0-3) 22
DPTR FM NORMAL 4 PTCLDY (SCALE 4-7) 8
TOTAL FM JUL 1 34 CLOUDY (SCALE 8-10) 1
DPTR FM NORMAL -7
[CDD (BASE 65) ]
TOTAL THIS MO. 236
DPTR FM NORMAL 20 [PRESSURE DATA]
TOTAL FM JAN 1 931 HIGHEST SLP 30.23 ON 25
DPTR FM NORMAL 396 LOWEST SLP 29.51 ON 31
[REMARKS]
#FINAL-08-21#