298
CXUS55 KGJT 010910
CF6GJT
PRELIMINARY LOCAL CLIMATOLOGICAL DATA (WS FORM: F-6)
STATION: GRAND JUNCTION CO
MONTH: MARCH
YEAR: 2021
LATITUDE: 39 7 N
LONGITUDE: 108 32 W
TEMPERATURE IN F: :PCPN: SNOW: WIND :SUNSHINE: SKY :PK WND
================================================================================
1 2 3 4 5 6A 6B 7 8 9 10 11 12 13 14 15 16 17 18
12Z AVG MX 2MIN
DY MAX MIN AVG DEP HDD CDD WTR SNW DPTH SPD SPD DIR MIN PSBL S-S WX SPD DR
================================================================================
1 48 16 32 -8 33 0 0.00 0.0 0 7.0 17 130 M M 0 20 130
2 55 19 37 -3 28 0 0.00 0.0 0 7.0 16 110 M M 0 19 110
3 62 25 44 4 21 0 0.00 0.0 0 7.4 20 80 M M 0 23 90
4 54 31 43 2 22 0 0.02 0.0 0 10.0 22 330 M M 5 31 290
5 62 25 44 3 21 0 0.00 0.0 0 5.8 17 100 M M 0 20 110
6 65 34 50 8 15 0 0.00 0.0 0 15.0 25 120 M M 0 33 110
7 67 35 51 9 14 0 0.00 0.0 0 10.3 25 120 M M 0 29 130
8 66 45 56 14 9 0 0.00 0.0 0 13.8 25 130 M M 2 33 130
9 65 39 52 10 13 0 0.20 0.0 0 14.4 33 200 M M 2 43 220
10 51 34 43 0 22 0 T T 0 9.9 26 200 M M 6 37 200
11 48 32 40 -3 25 0 0.01 T 0 9.6 24 200 M M 7 8 33 200
12 54 29 42 -1 23 0 0.00 0.0 0 10.6 23 300 M M 6 28 300
13 46 32 39 -4 26 0 0.12 T 0 8.6 18 300 M M 9 1 23 300
14 43 32 38 -6 27 0 0.06 T 0 10.7 25 340 M M 10 1 32 330
15 54 31 43 -1 22 0 0.00 0.0 0 5.6 18 100 M M 5 21 110
16 53 29 41 -3 24 0 T T 0 8.7 26 230 M M 5 3 36 240
17 54 24 39 -5 26 0 0.00 0.0 0 4.3 12 330 M M 2 16 340
18 60 28 44 -1 21 0 0.00 0.0 0 7.9 15 120 M M 1 20 120
19 69 34 52 7 13 0 0.00 0.0 0 8.8 17 120 M M 0 22 120
20 70 45 58 13 7 0 T 0.0 0 15.7 32 260 M M 2 46 210
21 52 37 45 0 20 0 T 0.0 0 10.3 22 240 M M 7 32 290
22 55 28 42 -4 23 0 0.00 0.0 0 5.4 15 70 M M 2 21 270
23 50 37 44 -2 21 0 T 0.0 0 6.0 16 360 M M 9 24 360
24 54 32 43 -3 22 0 0.00 0.0 0 6.5 16 290 M M 5 26 60
25 48 36 42 -4 23 0 T 0.0 0 11.5 22 140 M M 9 30 250
26 48 30 39 -7 26 0 0.12 T 0 4.3 16 360 M M 7 13 20 280
27 56 29 43 -3 22 0 0.00 0.0 0 4.4 14 70 M M 4 17 90
28 65 31 48 1 17 0 0.00 0.0 0 8.0 18 130 M M 0 23 130
29 73 37 55 8 10 0 0.00 0.0 0 12.9 30 260 M M 1 40 250
30 49 23 36 -11 29 0 0.00 0.0 0 9.2 21 50 M M 1 28 40
31 55 20 38 -9 27 0 0.00 0.0 0 5.4 14 130 M M 0 25 140
================================================================================
SM 1751 959 652 0 0.53 T 275.0 M 107
================================================================================
AV 56.5 30.9 8.9 FASTST M M 3 MAX(MPH)
MISC ----> 33 200 46 210
================================================================================
NOTES:
# LAST OF SEVERAL OCCURRENCES
COLUMN 17 PEAK WIND IN M.P.H.
PRELIMINARY LOCAL CLIMATOLOGICAL DATA (WS FORM: F-6) , PAGE 2
STATION: GRAND JUNCTION CO
MONTH: MARCH
YEAR: 2021
LATITUDE: 39 7 N
LONGITUDE: 108 32 W
[TEMPERATURE DATA] [PRECIPITATION DATA] SYMBOLS USED IN COLUMN 16
AVERAGE MONTHLY: 43.7 TOTAL FOR MONTH: 0.53 1 = FOG OR MIST
DPTR FM NORMAL: -0.2 DPTR FM NORMAL: -0.39 2 = FOG REDUCING VISIBILITY
HIGHEST: 73 ON 29 GRTST 24HR 0.20 ON 9- 9 TO 1/4 MILE OR LESS
LOWEST: 16 ON 1 3 = THUNDER
SNOW, ICE PELLETS, HAIL 4 = ICE PELLETS
TOTAL MONTH: T 5 = HAIL
GRTST 24HR T ON 10-10 6 = FREEZING RAIN OR DRIZZLE
GRTST DEPTH: 0 7 = DUSTSTORM OR SANDSTORM:
VSBY 1/2 MILE OR LESS
8 = SMOKE OR HAZE
[NO. OF DAYS WITH] [WEATHER - DAYS WITH] 9 = BLOWING SNOW
X = TORNADO
MAX 32 OR BELOW: 0 0.01 INCH OR MORE: 6
MAX 90 OR ABOVE: 0 0.10 INCH OR MORE: 3
MIN 32 OR BELOW: 20 0.50 INCH OR MORE: 0
MIN 0 OR BELOW: 0 1.00 INCH OR MORE: 0
[HDD (BASE 65) ]
TOTAL THIS MO. 652 CLEAR (SCALE 0-3) 17
DPTR FM NORMAL -1 PTCLDY (SCALE 4-7) 10
TOTAL FM JUL 1 4917 CLOUDY (SCALE 8-10) 4
DPTR FM NORMAL -115
[CDD (BASE 65) ]
TOTAL THIS MO. 0
DPTR FM NORMAL 0 [PRESSURE DATA]
TOTAL FM JAN 1 0 HIGHEST SLP M ON M
DPTR FM NORMAL 0 LOWEST SLP 29.46 ON 29
[REMARKS]
#FINAL-03-21#