000
CXUS53 KGLD 040831
CLAGLD
CLIMATE REPORT
NATIONAL WEATHER SERVICE
131 AM MST TUE JAN 04 2022
...................................
...THE GOODLAND KS CLIMATE SUMMARY FOR THE YEAR OF 2021...
CLIMATE NORMAL PERIOD: 1991 TO 2020
CLIMATE RECORD PERIOD: 1895 TO 2022
WEATHER OBSERVED NORMAL DEPART LAST YEAR`S
VALUE DATE(S) VALUE FROM VALUE DATE(S)
NORMAL
................................................................
TEMPERATURE (F)
RECORD
HIGH 111 07/25/1940
LOW -27 12/22/1989
HIGHEST 104 06/17 103 1 104 06/29
LOWEST -24 02/15 -11 -13 0 10/27
AVG. MAXIMUM 67.9 65.9 2.0 73.8
AVG. MINIMUM 37.9 37.6 0.3 43.0
MEAN 52.9 51.7 1.2 58.4
DAYS MAX >= 90 61 52.4 8.6 72
DAYS MAX <= 32 18 24.8 -6.8 10
DAYS MIN <= 32 160 157.1 2.9 81
DAYS MIN <= 0 7 5.4 1.6 1
PRECIPITATION (INCHES)
RECORD
MAXIMUM 30.89 1915
MINIMUM 9.19 1956
TOTALS 13.21 19.09 -5.88
DAYS >= .01 64 80.8 -16.8 47
DAYS >= .10 30 39.3 -9.3 26
DAYS >= .50 7 11.4 -4.4 9
DAYS >= 1.00 2 3.9 -1.9 3
GREATEST
24 HR. TOTAL 2.20 2.07
SNOWFALL (INCHES)
RECORDS
TOTAL 86.2 1984
24 HR TOTAL 19.3 10/24/1997 TO 10/25/1997
SNOW DEPTH 20
TOTALS 17.2 30.0 -12.8 28.5
SINCE 7/1 0.3 10.7 -10.4 16.8
SNOWDEPTH AVG. 0 0
DAYS >= 1.0 8 8.8 -0.8 6
GREATEST
SNOW DEPTH 6 01/27 6 10/27
12/15
12/16
DEGREE DAYS
HEATING TOTAL 5482 5794 -312 5497
SINCE 7/1 1816 2348 -532 2234
COOLING TOTAL 1215 990 225 1189
SINCE 1/1 1215 989 226 1189
................................................................
WIND (MPH)
AVERAGE WIND SPEED 11.7
HIGHEST WIND SPEED/DIRECTION 58/320 DATE 12/15
HIGHEST GUST SPEED/DIRECTION 81/310 DATE 12/15
SKY COVER
AVERAGE SKY COVER 0.23
AVERAGE RH (PERCENT) 58
WEATHER CONDITIONS. NUMBER OF DAYS WITH
THUNDERSTORM 42 MIXED PRECIP 0
HEAVY RAIN 15 RAIN 15
LIGHT RAIN 58 FREEZING RAIN 0
LT FREEZING RAIN 1 HAIL 4
HEAVY SNOW 1 SNOW 8
LIGHT SNOW 27 SLEET 2
FOG 103 FOG W/VIS <= 1/4 MILE 18
HAZE 41
- INDICATES NEGATIVE NUMBERS.
R INDICATES RECORD WAS SET OR TIED.
MM INDICATES DATA IS MISSING.
T INDICATES TRACE AMOUNT.
$$