526
CXUS53 KGLD 030109
CLAGLD
CLIMATE REPORT
NATIONAL WEATHER SERVICE GOODLAND
604 PM MST THU JAN 2 2020
...................................
...THE GOODLAND KS CLIMATE SUMMARY FOR THE YEAR OF 2019...
CLIMATE NORMAL PERIOD 1981 TO 2010
CLIMATE RECORD PERIOD 1895 TO 2020
WEATHER OBSERVED NORMAL DEPART LAST YEAR`S
VALUE DATE(S) VALUE FROM VALUE DATE(S)
NORMAL
................................................................
TEMPERATURE (F)
RECORD
HIGH 111 07/25/1940
LOW -27 12/22/1989
HIGHEST 105 07/19 103 2 101 06/28
06/14
LOWEST -10 03/04 -11 1 -7 01/16
AVG. MAXIMUM 64.3 65.1 -0.8 66.3
AVG. MINIMUM 37.0 37.6 -0.6 37.3
MEAN 50.7 51.4 -0.7 51.8
DAYS MAX >= 90 51 45.8 5.2 49
DAYS MAX <= 32 34 24.5 9.5 18
DAYS MIN <= 32 172 152.3 19.7 169
DAYS MIN <= 0 3 5.7 -2.7 5
PRECIPITATION (INCHES)
RECORD
MAXIMUM 30.89 1915
MINIMUM 9.19 1956
TOTALS 22.82 19.66 3.16
DAYS >= .01 87 80.6 6.4 79
DAYS >= .10 45 39.9 5.1 39
DAYS >= .50 10 11.9 -1.9 13
DAYS >= 1.00 5 4.1 0.9 3
GREATEST
24 HR. TOTAL 2.84 3.10
SNOWFALL (INCHES)
RECORDS
TOTAL 86.2 1984
24 HR TOTAL 19.3 10/24/1997 TO 10/25/1997
SNOW DEPTH 20
TOTALS 32.8 35.5 -2.7 31.3
SINCE 7/1 11.4 12.7 -1.3 7.9
SNOWDEPTH AVG. 0
DAYS >= 1.0 13 10.1 2.9 9
GREATEST
SNOW DEPTH 8 11/27 8 01/24
01/22
01/23
24 HR TOTAL 7.5 8.2
DEGREE_DAYS
HEATING TOTAL 6124 5901 223 5784
SINCE 7/1 2322 2407 -85 2404
COOLING TOTAL 1049 941 108 1127
SINCE 1/1 1049 941 108 1127
FREEZE DATES
.................................................................
WIND (MPH)
AVERAGE WIND SPEED 11.9
HIGHEST WIND SPEED/DIRECTION 59/340 DATE 03/13
HIGHEST GUST SPEED/DIRECTION 73/340 DATE 03/13
SKY COVER
AVERAGE SKY COVER 0.30
AVERAGE RH (PERCENT) 65
- INDICATES NEGATIVE NUMBERS.
R INDICATES RECORD WAS SET OR TIED.
MM INDICATES DATA IS MISSING.
T INDICATES TRACE AMOUNT.
$$