000
CXUS54 KFWD 010732
CF6GLE
PRELIMINARY LOCAL CLIMATOLOGICAL DATA (WS FORM: F-6)
STATION: GAINESVILLE
MONTH: AUGUST
YEAR: 2021
LATITUDE: 33 39 N
LONGITUDE: 97 12 W
TEMPERATURE IN F: :PCPN: SNOW: WIND :SUNSHINE: SKY :PK WND
================================================================================
1 2 3 4 5 6A 6B 7 8 9 10 11 12 13 14 15 16 17 18
12Z AVG MX 2MIN
DY MAX MIN AVG DEP HDD CDD WTR SNW DPTH SPD SPD DIR MIN PSBL S-S WX SPD DR
================================================================================
1 89 72 81 -3 0 16 1.61 M M 7.7 16 70 M M 5 20 360
2 87 70 79 -5 0 14 0.00 M M 8.1 15 350 M M 3 20 30
3 88 66 77 -7 0 12 0.00 M M 3.0 8 350 M M 1 M M
4 88 69 79 -5 0 14 0.00 M M 3.2 8 160 M M 4 1 M M
5 89 69 79 -5 0 14 0.00 M M 6.7 16 360 M M 5 1 21 360
6 91 68 80 -4 0 15 0.00 M M 7.5 13 170 M M 1 1 21 140
7 92 73 83 -1 0 18 0.00 M M 10.1 16 170 M M 2 23 150
8 93 76 85 1 0 20 0.00 M M 13.0 21 190 M M 1 28 210
9 94 77 86 2 0 21 0.00 M M 13.1 20 190 M M 2 25 190
10 94 74 84 0 0 19 0.00 M M 12.2 18 190 M M 1 26 170
11 95 73 84 0 0 19 0.00 M M 10.9 17 190 M M 0 23 190
12 95 75 85 1 0 20 0.00 M M 8.8 14 210 M M 0 17 190
13 95 74 85 1 0 20 0.00 M M 3.9 10 220 M M 0 M M
14 81 69 75 -9 0 10 0.84 M M 5.5 12 80 M M 5 21 70
15 88 72 80 -4 0 15 M M M 3.7 12 200 M M 6 M M
16 89 71 80 -4 0 15 M M M 4.0 13 120 M M 2 M M
17 84 70 77 -7 0 12 0.39 M M 5.4 12 300 M M 4 1 20 240
18 79 71 75 -8 0 10 1.44 M M 6.9 12 150 M M 9 1 M M
19 89 73 81 -2 0 16 0.30 M M 8.1 14 170 M M 6 17 170
20 92 75 84 1 0 19 0.00 M M 8.8 14 160 M M 1 21 180
21 93 75 84 1 0 19 0.00 M M 5.8 13 180 M M 0 17 210
22 93 74 84 1 0 19 0.00 M M 6.2 13 150 M M 1 17 160
23 93 71 82 0 0 17 0.00 M M 6.1 12 160 M M 0 17 150
24 93 71 82 0 0 17 0.00 M M 6.8 13 220 M M 0 18 200
25 93 71 82 0 0 17 0.00 M M 4.1 12 190 M M 0 16 190
26 93 72 83 1 0 18 0.00 M M 3.0 10 90 M M 1 M M
27 90 72 81 -1 0 16 0.00 M M 7.4 13 140 M M 1 17 130
28 90 71 81 0 0 16 0.00 M M 5.7 14 110 M M 2 21 140
29 87 71 79 -2 0 14 0.00 M M 4.7 10 80 M M 4 M M
30 92 72 82 1 0 17 0.00 M M 3.3 6 50 M M 2 M M
31 93 71 82 2 0 17 0.00 M M 1.9 8 180 M M 1 21 250
================================================================================
SM 2802 2228 0 506 4.58 M 205.6 M 70
================================================================================
AV 90.4 71.9 6.6 FASTST M M 2 MAX(MPH)
MISC ----> 21 190 28 210
================================================================================
NOTES:
# LAST OF SEVERAL OCCURRENCES
COLUMN 17 PEAK WIND IN M.P.H.
PRELIMINARY LOCAL CLIMATOLOGICAL DATA (WS FORM: F-6) , PAGE 2
STATION: GAINESVILLE
MONTH: AUGUST
YEAR: 2021
LATITUDE: 33 39 N
LONGITUDE: 97 12 W
[TEMPERATURE DATA] [PRECIPITATION DATA] SYMBOLS USED IN COLUMN 16
AVERAGE MONTHLY: 81.1 TOTAL FOR MONTH: 4.58 1 = FOG OR MIST
DPTR FM NORMAL: -2.1 DPTR FM NORMAL: 2.19 2 = FOG REDUCING VISIBILITY
HIGHEST: 95 ON 13,12 GRTST 24HR 1.61 ON 1- 1 TO 1/4 MILE OR LESS
LOWEST: 66 ON 3 3 = THUNDER
SNOW, ICE PELLETS, HAIL 4 = ICE PELLETS
TOTAL MONTH: M 5 = HAIL
GRTST 24HR M ON M 6 = FREEZING RAIN OR DRIZZLE
GRTST DEPTH: M ON M 7 = DUSTSTORM OR SANDSTORM:
VSBY 1/2 MILE OR LESS
8 = SMOKE OR HAZE
[NO. OF DAYS WITH] [WEATHER - DAYS WITH] 9 = BLOWING SNOW
X = TORNADO
MAX 32 OR BELOW: 0 0.01 INCH OR MORE: 5
MAX 90 OR ABOVE: 19 0.10 INCH OR MORE: 5
MIN 32 OR BELOW: 0 0.50 INCH OR MORE: 3
MIN 0 OR BELOW: 0 1.00 INCH OR MORE: 2
[HDD (BASE 65) ]
TOTAL THIS MO. 0 CLEAR (SCALE 0-3) 21
DPTR FM NORMAL 0 PTCLDY (SCALE 4-7) 9
TOTAL FM JUL 1 0 CLOUDY (SCALE 8-10) 1
DPTR FM NORMAL 0
[CDD (BASE 65) ]
TOTAL THIS MO. 506
DPTR FM NORMAL -58 [PRESSURE DATA]
TOTAL FM JAN 1 1335 HIGHEST SLP M ON M
DPTR FM NORMAL -437 LOWEST SLP M ON M
[REMARKS]
#FINAL-08-21#