000
CXUS54 KJAN 011510
CF6GLH
PRELIMINARY LOCAL CLIMATOLOGICAL DATA (WS FORM: F-6)
STATION: GREENVILLE
MONTH: NOVEMBER
YEAR: 2023
LATITUDE: 33 29 N
LONGITUDE: 90 59 W
TEMPERATURE IN F: :PCPN: SNOW: WIND :SUNSHINE: SKY :PK WND
================================================================================
1 2 3 4 5 6A 6B 7 8 9 10 11 12 13 14 15 16 17 18
12Z AVG MX 2MIN
DY MAX MIN AVG DEP HDD CDD WTR SNW DPTH SPD SPD DIR MIN PSBL S-S WX SPD DR
================================================================================
1 55 31 43 -16 22 0 0.00 0.0 0 6.6 16 30 M M 0 22 20
2 64 28 46 -12 19 0 0.00 0.0 0 3.5 13 130 M M 0 21 150
3 73 34 54 -4 11 0 0.00 0.0 0 4.6 15 200 M M 0 19 190
4 79 39 59 2 6 0 0.00 0.0 0 3.5 10 230 M M 0 16 200
5 81 45 63 6 2 0 0.00 0.0 0 0.8 8 70 M M 0 12 60
6 85 52 69 12 0 4 0.00 0.0 0 8.5 20 230 M M 1 8 26 230
7 86 57 72 16 0 7 0.00 0.0 0 11.1 22 230 M M 1 31 230
8 88 64 76 20 0 11 0.00 0.0 0 13.1 24 200 M M 0 30 200
9 74 68 71 15 0 6 0.31 0.0 0 10.4 23 30 M M 8 1 32 30
10 58 52 55 0 10 0 0.32 0.0 0 12.0 20 20 M M 10 1 25 20
11 64 51 58 3 7 0 0.00 0.0 0 9.3 17 50 M M 5 23 50
12 70 53 62 8 3 0 0.00 0.0 0 7.2 15 50 M M 4 19 50
13 70 51 61 7 4 0 0.00 0.0 0 7.9 17 40 M M 0 21 40
14 71 52 62 8 3 0 0.03 0.0 0 7.0 16 130 M M 4 18 20 140
15 60 55 58 4 7 0 0.06 0.0 0 8.2 14 30 M M 10 1 18 40
16 68 58 63 10 2 0 T 0.0 0 5.1 15 130 M M 9 1 19 120
17 68 57 63 10 2 0 0.14 0.0 0 4.0 12 360 M M 9 12 15 360
18 69 43 56 3 9 0 0.00 0.0 0 8.1 16 350 M M 1 1 23 360
19 68 35 52 0 13 0 0.00 0.0 0 1.4 8 80 M M 0 8 11 60
20 77 50 64 12 1 0 0.91 0.0 0 9.7 23 170 M M 8 1 31 160
21 58 46 52 0 13 0 T 0.0 0 10.1 18 330 M M 9 12 23 320
22 56 38 47 -4 18 0 0.00 0.0 0 5.4 12 360 M M 4 1 15 330
23 58 33 46 -5 19 0 T 0.0 0 3.2 13 180 M M 3 128 17 160
24 62 44 53 2 12 0 0.01 0.0 0 4.8 12 10 M M 8 16 10
25 62 39 51 1 14 0 0.00 0.0 0 6.0 13 30 M M 0 16 40
26 58 38 48 -2 17 0 0.05 0.0 0 8.5 21 320 M M 5 1 27 330
27 52 32 42 -8 23 0 0.00 0.0 0 5.8 15 320 M M 0 19 320
28 58 33 46 -4 19 0 0.00 0.0 M 2.6 12 20 M M 0 16 30
29 65 34 50 1 15 0 0.00 0.0 M 8.3 16 210 M M 0 23 210
30 57 39 48 -1 17 0 0.48 0.0 M 10.4 20 150 M M 6 1 27 140
================================================================================
SM 2014 1351 288 28 2.31 0.0 207.1 M 105
================================================================================
AV 67.1 45.0 6.9 FASTST M M 4 MAX(MPH)
MISC ----> 24 200 32 30
================================================================================
NOTES:
# LAST OF SEVERAL OCCURRENCES
COLUMN 17 PEAK WIND IN M.P.H.
PRELIMINARY LOCAL CLIMATOLOGICAL DATA (WS FORM: F-6) , PAGE 2
STATION: GREENVILLE
MONTH: NOVEMBER
YEAR: 2023
LATITUDE: 33 29 N
LONGITUDE: 90 59 W
[TEMPERATURE DATA] [PRECIPITATION DATA] SYMBOLS USED IN COLUMN 16
AVERAGE MONTHLY: 56.1 TOTAL FOR MONTH: 2.31 1 = FOG OR MIST
DPTR FM NORMAL: 2.6 DPTR FM NORMAL: -1.70 2 = FOG REDUCING VISIBILITY
HIGHEST: 88 ON 8 GRTST 24HR 0.91 ON 20-20 TO 1/4 MILE OR LESS
LOWEST: 28 ON 2 3 = THUNDER
SNOW, ICE PELLETS, HAIL 4 = ICE PELLETS
TOTAL MONTH: 0.0 INCH 5 = HAIL
GRTST 24HR 0.0 6 = FREEZING RAIN OR DRIZZLE
GRTST DEPTH: 0 7 = DUSTSTORM OR SANDSTORM:
VSBY 1/2 MILE OR LESS
8 = SMOKE OR HAZE
[NO. OF DAYS WITH] [WEATHER - DAYS WITH] 9 = BLOWING SNOW
X = TORNADO
MAX 32 OR BELOW: 0 0.01 INCH OR MORE: 9
MAX 90 OR ABOVE: 0 0.10 INCH OR MORE: 5
MIN 32 OR BELOW: 3 0.50 INCH OR MORE: 1
MIN 0 OR BELOW: 0 1.00 INCH OR MORE: 0
[HDD (BASE 65) ]
TOTAL THIS MO. 288 CLEAR (SCALE 0-3) 15
DPTR FM NORMAL -69 PTCLDY (SCALE 4-7) 10
TOTAL FM JUL 1 354 CLOUDY (SCALE 8-10) 5
DPTR FM NORMAL -111
[CDD (BASE 65) ]
TOTAL THIS MO. 28
DPTR FM NORMAL 14 [PRESSURE DATA]
TOTAL FM JAN 1 2593 HIGHEST SLP 30.54 ON 1
DPTR FM NORMAL 301 LOWEST SLP 29.73 ON 20
[REMARKS]
#FINAL-11-23#