000
CXUS54 KMAF 011110
CF6GNC
PRELIMINARY LOCAL CLIMATOLOGICAL DATA (WS FORM: F-6)
STATION: GAINES COUNTY AIRPORT
MONTH: OCTOBER
YEAR: 2023
LATITUDE: 32 40 N
LONGITUDE: 102 39 W
TEMPERATURE IN F: :PCPN: SNOW: WIND :SUNSHINE: SKY :PK WND
================================================================================
1 2 3 4 5 6A 6B 7 8 9 10 11 12 13 14 15 16 17 18
12Z AVG MX 2MIN
DY MAX MIN AVG DEP HDD CDD WTR SNW DPTH SPD SPD DIR MIN PSBL S-S WX SPD DR
================================================================================
1 86 66 76 M 0 11 M M M 10.5 18 150 M M 4 23 130
2 84 66 75 M 0 10 0.14 M M 9.7 17 140 M M 7 26 140
3 86 64 75 M 0 10 0.26 M M 7.7 14 330 M M 5 21 170
4 87 65 76 M 0 11 M M M 5.8 14 50 M M 4 1 22 0
5 77 61 69 M 0 4 M M M 9.0 15 10 M M 4 20 10
6 80 53 67 M 0 2 M M M 5.3 17 50 M M 0 25 60
7 71 47 59 M 6 0 M M M 7.8 14 40 M M 0 21 60
8 81 49 65 M 0 0 M M M 4.2 9 200 M M 0 M M
9 86 51 69 M 0 4 M M M 4.4 9 140 M M 0 17 110
10 85 50 68 M 0 3 0.41 M M 6.0 21 90 M M 1 46 320
11 89 60 75 M 0 10 0.04 M M 10.2 17 170 M M 2 23 230
12 88 60 74 M 0 9 M M M 13.2 24 250 M M 0 33 240
13 71 54 63 M 2 0 M M M 9.4 18 30 M M 1 26 10
14 66 45 56 M 9 0 M M M 3.3 9 60 M M 0 8 M M
15 68 44 56 M 9 0 M M M 3.8 9 70 M M 0 M M
16 75 44 60 M 5 0 M M M 1.5 5 200 M M 0 8 M M
17 83 47 65 M 0 0 M M M 6.9 13 180 M M 0 20 180
18 87 50 69 M 0 4 M M M 8.6 18 20 M M 0 26 20
19 83 48 66 M 0 1 M M M 3.5 7 250 M M 0 M M
20 88 49 69 M 0 4 M M M 3.6 8 200 M M 0 M M
21 90 59 75 M 0 10 M M M 6.5 13 170 M M 0 16 170
22 84 65 75 M 0 10 M M M 7.3 15 140 M M 0 17 150
23 71 63 67 M 0 2 0.19 M M 8.3 15 180 M M 7 1 22 180
24 79 59 69 M 0 4 0.59 M M 6.2 17 340 M M 6 1 25 320
25 75 56 66 M 0 1 0.17 M M 7.3 15 250 M M 3 1 21 230
26 80 49 65 M 0 0 M M M 8.3 16 220 M M 0 23 230
27 67 49 58 M 7 0 M M M 8.3 20 10 M M 3 1 25 10
28 57 48 53 M 12 0 M M M 9.5 14 60 M M 10 12 21 60
29 48 34 41 M 24 0 0.21 M M 16.3 20 20 M M 10 1 28 20
30 44 30 37 M 28 0 M M M 7.9 18 10 M M 2 29 10
31 55 28 42 M 23 0 M M M 3.4 6 100 M M 0 M M
================================================================================
SM 2371 1613 125 110 2.01 M 223.6 M 69
================================================================================
AV 76.5 52.0 7.2 FASTST M M 2 MAX(MPH)
MISC ----> 24 250 46 320
================================================================================
NOTES:
# LAST OF SEVERAL OCCURRENCES
COLUMN 17 PEAK WIND IN M.P.H.
PRELIMINARY LOCAL CLIMATOLOGICAL DATA (WS FORM: F-6) , PAGE 2
STATION: GAINES COUNTY AIRPORT
MONTH: OCTOBER
YEAR: 2023
LATITUDE: 32 40 N
LONGITUDE: 102 39 W
[TEMPERATURE DATA] [PRECIPITATION DATA] SYMBOLS USED IN COLUMN 16
AVERAGE MONTHLY: 64.3 TOTAL FOR MONTH: 2.01 1 = FOG OR MIST
DPTR FM NORMAL: 0.0 DPTR FM NORMAL: M 2 = FOG REDUCING VISIBILITY
HIGHEST: 90 ON 21 GRTST 24HR 0.59 ON 24-24 TO 1/4 MILE OR LESS
LOWEST: 28 ON 31 3 = THUNDER
SNOW, ICE PELLETS, HAIL 4 = ICE PELLETS
TOTAL MONTH: M 5 = HAIL
GRTST 24HR M ON M 6 = FREEZING RAIN OR DRIZZLE
GRTST DEPTH: M ON M 7 = DUSTSTORM OR SANDSTORM:
VSBY 1/2 MILE OR LESS
8 = SMOKE OR HAZE
[NO. OF DAYS WITH] [WEATHER - DAYS WITH] 9 = BLOWING SNOW
X = TORNADO
MAX 32 OR BELOW: 0 0.01 INCH OR MORE: 8
MAX 90 OR ABOVE: 1 0.10 INCH OR MORE: 7
MIN 32 OR BELOW: 2 0.50 INCH OR MORE: 1
MIN 0 OR BELOW: 0 1.00 INCH OR MORE: 0
[HDD (BASE 65) ]
TOTAL THIS MO. 125 CLEAR (SCALE 0-3) 22
DPTR FM NORMAL M PTCLDY (SCALE 4-7) 7
TOTAL FM JUL 1 126 CLOUDY (SCALE 8-10) 2
DPTR FM NORMAL M
[CDD (BASE 65) ]
TOTAL THIS MO. 110
DPTR FM NORMAL M [PRESSURE DATA]
TOTAL FM JAN 1 2581 HIGHEST SLP M ON M
DPTR FM NORMAL M LOWEST SLP M ON M
[REMARKS]
#FINAL-10-23#