000
CXUS52 KJAX 011019
CF6GNV
PRELIMINARY LOCAL CLIMATOLOGICAL DATA (WS FORM: F-6)
STATION: GAINESVILLE
MONTH: AUGUST
YEAR: 2023
LATITUDE: 29 40 N
LONGITUDE: 82 16 W
TEMPERATURE IN F: :PCPN: SNOW: WIND :SUNSHINE: SKY :PK WND
================================================================================
1 2 3 4 5 6A 6B 7 8 9 10 11 12 13 14 15 16 17 18
12Z AVG MX 2MIN
DY MAX MIN AVG DEP HDD CDD WTR SNW DPTH SPD SPD DIR MIN PSBL S-S WX SPD DR
================================================================================
1 94 72 83 1 0 18 0.69 0.0 0 3.9 18 110 M M 4 13 24 120
2 92 72 82 0 0 17 0.00 0.0 0 5.2 20 50 M M 3 28 60
3 94 73 84 2 0 19 0.00 0.0 0 4.3 16 80 M M 1 23 70
4 93 74 84 2 0 19 0.18 0.0 0 4.6 23 290 M M 2 13 31 300
5 90 74 82 0 0 17 0.01 0.0 0 4.6 20 270 M M 3 13 24 260
6 94 76 85 3 0 20 0.00 0.0 0 4.4 13 240 M M 1 1 17 230
7 96 77 87 5 0 22 T 0.0 0 6.1 18 230 M M 1 3 25 240
8 96 76 86 4 0 21 0.00 0.0 0 6.6 17 250 M M 2 1 25 250
9 95 77 86 4 0 21 T 0.0 0 5.0 14 260 M M 1 3 19 320
10 97 78 88 6 0 23 0.01 0.0 0 6.6 18 300 M M 2 3 28 270
11 98 75 87 5 0 22 0.00 0.0 0 5.8 15 250 M M 1 19 260
12 98 78 88 7 0 23 0.00 0.0 0 3.7 13 270 M M 2 17 260
13 99 76 88 7 0 23 0.00 0.0 0 4.1 10 110 M M 1 15 130
14 97 76 87 6 0 22 0.77 0.0 0 3.5 35 60 M M 1 13 45 60
15 91 74 83 2 0 18 1.09 0.0 0 2.5 21 270 M M 2 13 28 280
16 90 75 83 2 0 18 0.19 0.0 0 3.6 21 310 M M 2 13 31 320
17 90 73 82 1 0 17 0.01 0.0 0 4.6 15 260 M M 2 13 22 250
18 92 74 83 2 0 18 0.39 0.0 0 5.2 10 200 M M 2 13 14 290
19 95 73 84 3 0 19 0.00 0.0 0 3.6 18 90 M M 1 3 26 70
20 90 75 83 2 0 18 0.27 0.0 0 4.8 25 100 M M 1 13 32 100
21 94 74 84 3 0 19 0.00 0.0 0 5.9 15 50 M M 0 1 21 110
22 94 71 83 2 0 18 0.00 0.0 0 2.2 14 40 M M 1 20 30
23 94 74 84 3 0 19 0.00 0.0 0 5.2 20 50 M M 4 28 50
24 94 73 84 3 0 19 0.00 0.0 0 6.4 14 90 M M 1 1 21 70
25 95 70 83 2 0 18 T 0.0 0 2.3 18 360 M M 1 24 360
26 96 75 86 5 0 21 0.00 0.0 0 3.5 13 50 M M 2 1 16 50
27 94 70 82 1 0 17 0.00 0.0 0 3.6 12 110 M M 1 1 18 80
28 94 75 85 4 0 20 0.22 0.0 0 4.4 18 150 M M 3 13 25 170
29 92 76 84 3 0 19 0.12 0.0 0 4.5 14 70 M M 3 13 20 90
30 86 76 81 0 0 16 1.29 0.0 0 16.0 32 150 M M 7 1 50 140
31 92 72 82 1 0 17 0.90 0.0 0 3.4 18 120 M M 3 13 26 150
================================================================================
SM 2906 2304 0 598 6.14 0.0 150.1 M 61
================================================================================
AV 93.7 74.3 4.8 FASTST M M 2 MAX(MPH)
MISC ----> 35 60 50 140
================================================================================
NOTES:
# LAST OF SEVERAL OCCURRENCES
COLUMN 17 PEAK WIND IN M.P.H.
PRELIMINARY LOCAL CLIMATOLOGICAL DATA (WS FORM: F-6) , PAGE 2
STATION: GAINESVILLE
MONTH: AUGUST
YEAR: 2023
LATITUDE: 29 40 N
LONGITUDE: 82 16 W
[TEMPERATURE DATA] [PRECIPITATION DATA] SYMBOLS USED IN COLUMN 16
AVERAGE MONTHLY: 84.0 TOTAL FOR MONTH: 6.14 1 = FOG OR MIST
DPTR FM NORMAL: 2.7 DPTR FM NORMAL: -0.26 2 = FOG REDUCING VISIBILITY
HIGHEST: 99 ON 13 GRTST 24HR 1.29 ON 30-30 TO 1/4 MILE OR LESS
LOWEST: 70 ON 27,25 3 = THUNDER
SNOW, ICE PELLETS, HAIL 4 = ICE PELLETS
TOTAL MONTH: 0.0 INCH 5 = HAIL
GRTST 24HR 0.0 6 = FREEZING RAIN OR DRIZZLE
GRTST DEPTH: 0 7 = DUSTSTORM OR SANDSTORM:
VSBY 1/2 MILE OR LESS
8 = SMOKE OR HAZE
[NO. OF DAYS WITH] [WEATHER - DAYS WITH] 9 = BLOWING SNOW
X = TORNADO
MAX 32 OR BELOW: 0 0.01 INCH OR MORE: 14
MAX 90 OR ABOVE: 30 0.10 INCH OR MORE: 11
MIN 32 OR BELOW: 0 0.50 INCH OR MORE: 5
MIN 0 OR BELOW: 0 1.00 INCH OR MORE: 2
[HDD (BASE 65) ]
TOTAL THIS MO. 0 CLEAR (SCALE 0-3) 27
DPTR FM NORMAL 0 PTCLDY (SCALE 4-7) 4
TOTAL FM JUL 1 0 CLOUDY (SCALE 8-10) 0
DPTR FM NORMAL 0
[CDD (BASE 65) ]
TOTAL THIS MO. 598
DPTR FM NORMAL 94 [PRESSURE DATA]
TOTAL FM JAN 1 2410 HIGHEST SLP 30.14 ON 21
DPTR FM NORMAL 393 LOWEST SLP 29.47 ON 30
[REMARKS]
#FINAL-08-23#