000
CXUS54 KOUN 010810
CF6GOK
PRELIMINARY LOCAL CLIMATOLOGICAL DATA (WS FORM: F-6)
STATION: GUTHRIE MUNICIPAL
MONTH: MARCH
YEAR: 2023
LATITUDE: 35 50 N
LONGITUDE: 97 25 W
TEMPERATURE IN F: :PCPN: SNOW: WIND :SUNSHINE: SKY :PK WND
================================================================================
1 2 3 4 5 6A 6B 7 8 9 10 11 12 13 14 15 16 17 18
12Z AVG MX 2MIN
DY MAX MIN AVG DEP HDD CDD WTR SNW DPTH SPD SPD DIR MIN PSBL S-S WX SPD DR
================================================================================
1 63 43 53 7 12 0 0.00 M M 8.9 17 80 M M 0 31 320
2 55 34 45 -2 20 0 0.05 M M 7.7 16 80 M M 6 1 22 80
3 61 37 49 2 16 0 0.01 M M 8.2 17 320 M M 4 18 26 330
4 67 37 52 5 13 0 0.00 M M 7.6 16 170 M M 0 21 160
5 79 48 64 16 1 0 0.00 M M 16.4 28 180 M M 0 39 190
6 68 51 60 12 5 0 0.00 M M 7.1 17 180 M M 0 24 190
7 54 42 48 0 17 0 T M M 7.0 15 50 M M 8 18 21 50
8 51 43 47 -2 18 0 0.00 M M 5.8 12 340 M M 10 20 350
9 55 38 47 -2 18 0 0.04 M M 4.6 12 360 M M 8 13 20 30
10 57 30 44 -6 21 0 0.00 M M 5.9 14 150 M M 1 1 18 140
11 79 44 62 12 3 0 0.00 M M 14.1 26 200 M M 4 18 34 160
12 50 33 42 -8 23 0 0.00 M M 6.0 13 20 M M 4 21 20
13 45 27 36 -14 29 0 0.00 M M 4.1 9 320 M M 6 14 20
14 55 30 43 -8 22 0 T M M 8.6 17 170 M M 2 23 160
15 68 41 55 4 10 0 0.00 M M 19.5 36 170 M M 1 44 190
16 66 37 52 0 13 0 0.09 M M 17.1 31 180 M M 6 43 180
17 51 27 39 -13 26 0 0.00 M M 7.0 17 350 M M 0 28 350
18 45 24 35 -17 30 0 0.00 M M 7.9 18 350 M M 0 27 310
19 49 12 31 -21 34 0 0.00 M M 4.6 15 170 M M 0 19 150
20 57 37 47 -6 18 0 T 0.0 0 18.5 32 190 M M 3 42 200
21 71 43 57 4 8 0 0.14 0.0 0 17.5 25 200 M M 6 1 35 170
22 79 62 71 17 0 6 0.00 0.0 0 15.2 26 190 M M 0 35 200
23 70 47 59 5 6 0 0.12 M M 9.9 26 190 M M 6 3 34 200
24 51 36 44 -10 21 0 0.04 M M 5.1 16 70 M M 8 128 20 30
25 67 30 49 -5 16 0 0.00 M M 5.0 21 330 M M 2 12 33 330
26 58 33 46 -9 19 0 0.00 M M 6.9 14 10 M M 1 23 360
27 60 30 45 -10 20 0 0.00 0.0 M 6.5 15 340 M M 0 1 27 340
28 55 33 44 -11 21 0 0.00 0.0 M 6.9 16 360 M M 2 18 26 10
29 69 30 50 -6 15 0 0.00 0.0 M 10.2 21 170 M M 1 27 170
30 67 50 59 3 6 0 T M M 16.5 26 170 M M 7 13 37 180
31 77 53 65 9 0 0 0.00 M M 20.4 46 260 M M 5 8 61 270
================================================================================
SM 1899 1162 481 6 0.49 0.0 306.7 M 101
================================================================================
AV 61.3 37.5 9.9 FASTST M M 3 MAX(MPH)
MISC ----> 46 260 61 270
================================================================================
NOTES:
# LAST OF SEVERAL OCCURRENCES
COLUMN 17 PEAK WIND IN M.P.H.
PRELIMINARY LOCAL CLIMATOLOGICAL DATA (WS FORM: F-6) , PAGE 2
STATION: GUTHRIE MUNICIPAL
MONTH: MARCH
YEAR: 2023
LATITUDE: 35 50 N
LONGITUDE: 97 25 W
[TEMPERATURE DATA] [PRECIPITATION DATA] SYMBOLS USED IN COLUMN 16
AVERAGE MONTHLY: 49.4 TOTAL FOR MONTH: 0.49 1 = FOG OR MIST
DPTR FM NORMAL: -2.1 DPTR FM NORMAL: -1.54 2 = FOG REDUCING VISIBILITY
HIGHEST: 79 ON 22,11 GRTST 24HR 0.14 ON 23-24 TO 1/4 MILE OR LESS
LOWEST: 12 ON 19 3 = THUNDER
SNOW, ICE PELLETS, HAIL 4 = ICE PELLETS
TOTAL MONTH: 0.0 INCH 5 = HAIL
GRTST 24HR 0.0 6 = FREEZING RAIN OR DRIZZLE
GRTST DEPTH: 0 7 = DUSTSTORM OR SANDSTORM:
VSBY 1/2 MILE OR LESS
8 = SMOKE OR HAZE
[NO. OF DAYS WITH] [WEATHER - DAYS WITH] 9 = BLOWING SNOW
X = TORNADO
MAX 32 OR BELOW: 0 0.01 INCH OR MORE: 7
MAX 90 OR ABOVE: 0 0.10 INCH OR MORE: 2
MIN 32 OR BELOW: 9 0.50 INCH OR MORE: 0
MIN 0 OR BELOW: 0 1.00 INCH OR MORE: 0
[HDD (BASE 65) ]
TOTAL THIS MO. 481 CLEAR (SCALE 0-3) 17
DPTR FM NORMAL 45 PTCLDY (SCALE 4-7) 13
TOTAL FM JUL 1 3257 CLOUDY (SCALE 8-10) 1
DPTR FM NORMAL -55
[CDD (BASE 65) ]
TOTAL THIS MO. 6
DPTR FM NORMAL -10 [PRESSURE DATA]
TOTAL FM JAN 1 6 HIGHEST SLP M ON M
DPTR FM NORMAL -11 LOWEST SLP 29.49 ON 2
[REMARKS]
#FINAL-03-23#