000
CXUS54 KOUN 010810
CF6GOK
PRELIMINARY LOCAL CLIMATOLOGICAL DATA (WS FORM: F-6)
STATION: GUTHRIE MUNICIPAL
MONTH: MARCH
YEAR: 2022
LATITUDE: 35 50 N
LONGITUDE: 97 25 W
TEMPERATURE IN F: :PCPN: SNOW: WIND :SUNSHINE: SKY :PK WND
================================================================================
1 2 3 4 5 6A 6B 7 8 9 10 11 12 13 14 15 16 17 18
12Z AVG MX 2MIN
DY MAX MIN AVG DEP HDD CDD WTR SNW DPTH SPD SPD DIR MIN PSBL S-S WX SPD DR
================================================================================
1 75 33 54 8 11 0 0.00 0.0 0 6.9 13 220 M M 0 17 220
2 77 41 59 12 6 0 0.00 0.0 0 6.8 15 240 M M 0 20 180
3 79 44 62 15 3 0 0.00 M M 7.8 15 150 M M 0 22 190
4 77 54 66 19 0 1 0.00 M M 15.2 25 180 M M 0 36 180
5 80 42 61 13 4 0 0.00 M M 17.9 30 240 M M 1 41 250
6 42 31 37 -11 28 0 0.13 M M 9.9 16 320 M M 7 13 26 310
7 39 26 33 -15 32 0 0.00 0.0 M 7.3 14 360 M M 4 22 10
8 42 25 34 -15 31 0 0.00 0.0 M 3.3 9 40 M M 3 14 360
9 55 20 38 -11 27 0 0.00 0.0 M 4.5 14 120 M M 1 22 190
10 44 26 35 -15 30 0 0.00 M M 9.4 17 360 M M 7 26 350
11 37 21 29 -21 36 0 M M M 7.5 16 20 M M 6 12 25 10
12 55 15 35 -15 30 0 0.00 M M 9.4 21 200 M M 0 29 200
13 68 40 54 4 11 0 0.00 M M 18.4 30 180 M M 0 39 190
14 67 48 58 7 7 0 0.00 0.0 0 16.4 28 190 M M 4 36 200
15 66 40 53 2 12 0 T 0.0 0 5.3 14 330 M M 2 23 350
16 79 40 60 8 5 0 0.00 M M 13.8 28 190 M M 0 35 190
17 74 48 61 9 4 0 M M M 12.2 30 290 M M 3 13 41 280
18 57 35 46 -6 19 0 0.02 M M 12.5 24 330 M M 6 40 340
19 70 33 52 0 13 0 0.00 M M 9.1 20 260 M M 0 26 280
20 79 51 65 12 0 0 0.00 M M 14.4 32 190 M M 0 40 190
21 62 49 56 3 9 0 1.43 M M 8.9 21 100 M M 9 123 27 90
22 51 39 45 -9 20 0 0.03 M M 12.5 22 330 M M 10 12 35 320
23 47 38 43 -11 22 0 0.00 M M 11.4 28 300 M M 4 36 300
24 60 31 46 -8 19 0 0.00 M M 6.9 20 290 M M 2 26 280
25 65 33 49 -5 16 0 0.00 M M 5.9 17 50 M M 0 23 50
26 71 39 55 0 10 0 0.00 M M 6.9 15 90 M M 0 23 120
27 70 47 59 4 6 0 0.00 M M 11.8 18 70 M M 0 26 90
28 83 43 63 8 2 0 0.00 M M 11.7 25 180 M M 0 37 180
29 80 64 72 16 0 7 T M M 22.2 41 180 M M 0 53 180
30 64 38 51 -5 14 0 0.01 M M 10.1 25 330 M M 5 35 320
31 54 31 43 -13 22 0 0.00 M M 7.1 16 300 M M 4 21 320
================================================================================
SM 1969 1165 449 8 1.62 0.0 323.4 M 78
================================================================================
AV 63.5 37.6 10.4 FASTST M M 3 MAX(MPH)
MISC ----> 41 180 53 180
================================================================================
NOTES:
# LAST OF SEVERAL OCCURRENCES
COLUMN 17 PEAK WIND IN M.P.H.
PRELIMINARY LOCAL CLIMATOLOGICAL DATA (WS FORM: F-6) , PAGE 2
STATION: GUTHRIE MUNICIPAL
MONTH: MARCH
YEAR: 2022
LATITUDE: 35 50 N
LONGITUDE: 97 25 W
[TEMPERATURE DATA] [PRECIPITATION DATA] SYMBOLS USED IN COLUMN 16
AVERAGE MONTHLY: 50.5 TOTAL FOR MONTH: 1.62 1 = FOG OR MIST
DPTR FM NORMAL: -1.0 DPTR FM NORMAL: -0.41 2 = FOG REDUCING VISIBILITY
HIGHEST: 83 ON 28 GRTST 24HR 1.43 ON 21-21 TO 1/4 MILE OR LESS
LOWEST: 15 ON 12 3 = THUNDER
SNOW, ICE PELLETS, HAIL 4 = ICE PELLETS
TOTAL MONTH: 0.0 INCH 5 = HAIL
GRTST 24HR 0.0 6 = FREEZING RAIN OR DRIZZLE
GRTST DEPTH: 0 7 = DUSTSTORM OR SANDSTORM:
VSBY 1/2 MILE OR LESS
8 = SMOKE OR HAZE
[NO. OF DAYS WITH] [WEATHER - DAYS WITH] 9 = BLOWING SNOW
X = TORNADO
MAX 32 OR BELOW: 0 0.01 INCH OR MORE: 5
MAX 90 OR ABOVE: 0 0.10 INCH OR MORE: 2
MIN 32 OR BELOW: 9 0.50 INCH OR MORE: 1
MIN 0 OR BELOW: 0 1.00 INCH OR MORE: 1
[HDD (BASE 65) ]
TOTAL THIS MO. 449 CLEAR (SCALE 0-3) 20
DPTR FM NORMAL 13 PTCLDY (SCALE 4-7) 9
TOTAL FM JUL 1 2996 CLOUDY (SCALE 8-10) 2
DPTR FM NORMAL -316
[CDD (BASE 65) ]
TOTAL THIS MO. 8
DPTR FM NORMAL -8 [PRESSURE DATA]
TOTAL FM JAN 1 8 HIGHEST SLP M ON M
DPTR FM NORMAL -9 LOWEST SLP 29.34 ON 29
[REMARKS]
#FINAL-03-22#