000
CXUS54 KOUN 010810
CF6GOK
PRELIMINARY LOCAL CLIMATOLOGICAL DATA (WS FORM: F-6)
STATION: GUTHRIE MUNICIPAL
MONTH: APRIL
YEAR: 2021
LATITUDE: 35 50 N
LONGITUDE: 97 25 W
TEMPERATURE IN F: :PCPN: SNOW: WIND :SUNSHINE: SKY :PK WND
================================================================================
1 2 3 4 5 6A 6B 7 8 9 10 11 12 13 14 15 16 17 18
12Z AVG MX 2MIN
DY MAX MIN AVG DEP HDD CDD WTR SNW DPTH SPD SPD DIR MIN PSBL S-S WX SPD DR
================================================================================
1 65 33 49 -7 16 0 0.00 M M 6.9 15 140 M M 0 8 22 150
2 70 45 58 1 7 0 0.00 M M 14.9 24 170 M M 1 8 32 180
3 76 48 62 5 3 0 0.00 M M 12.7 22 210 M M 0 28 190
4 77 50 64 7 1 0 0.00 M M 10.1 18 190 M M 1 1 24 180
5 80 58 69 11 0 4 0.00 M M 16.5 26 190 M M 1 36 180
6 80 62 71 13 0 6 T M M 21.8 35 180 M M 3 3 49 190
7 72 46 59 1 6 0 T M M 15.5 37 180 M M 5 47 160
8 79 44 62 4 3 0 0.00 M M 11.1 20 280 M M 0 25 260
9 75 47 61 2 4 0 0.34 M M 9.1 23 350 M M 3 13 39 360
10 67 41 54 -5 11 0 0.00 M M 8.3 17 290 M M 1 26 290
11 84 43 64 5 1 0 0.00 M M 9.5 24 220 M M 0 34 210
12 65 49 57 -3 8 0 0.00 M M 9.8 20 40 M M 1 29 40
13 68 40 54 -6 11 0 0.40 M M 9.3 20 70 M M 3 13 28 50
14 59 46 53 -7 12 0 0.55 M M 6.7 20 90 M M 10 1 26 90
15 54 48 51 -10 14 0 0.03 M M 6.2 15 70 M M 10 1 18 70
16 52 43 48 -13 17 0 0.29 M M 8.0 16 70 M M 10 13 24 340
17 55 36 46 -15 19 0 0.00 M M 5.2 13 360 M M 7 20 330
18 63 38 51 -11 14 0 0.00 M M 5.6 16 290 M M 4 32 320
19 75 40 58 -4 7 0 0.00 M M 7.3 18 40 M M 1 27 50
20 50 30 40 -22 25 0 0.00 M M 9.7 18 360 M M 5 29 350
21 59 29 44 -18 21 0 0.00 M M 5.3 16 290 M M 0 21 260
22 61 40 51 -12 14 0 T M M 9.9 21 170 M M 8 26 170
23 66 49 58 -5 7 0 0.78 M M 9.5 17 100 M M 10 13 25 180
24 69 49 59 -4 6 0 0.11 M M 6.4 15 40 M M 6 1 21 360
25 78 49 64 0 1 0 0.00 M M 15.3 28 170 M M 0 35 180
26 81 64 73 9 0 8 0.00 0.0 M 20.9 31 180 M M 0 42 170
27 75 66 71 7 0 6 0.12 M M 13.4 22 180 M M 3 1 30 180
28 76 60 68 3 0 3 0.11 0.0 M 7.3 16 160 M M 7 13 26 340
29 76 54 65 0 0 0 0.00 M M 7.2 16 20 M M 2 1 26 30
30 80 48 64 -1 1 0 0.00 M M 3.6 13 100 M M 0 17 100
================================================================================
SM 2087 1395 229 27 2.73 0.0 303.0 M 102
================================================================================
AV 69.6 46.5 10.1 FASTST M M 3 MAX(MPH)
MISC ----> 37 180 49 190
================================================================================
NOTES:
# LAST OF SEVERAL OCCURRENCES
COLUMN 17 PEAK WIND IN M.P.H.
PRELIMINARY LOCAL CLIMATOLOGICAL DATA (WS FORM: F-6) , PAGE 2
STATION: GUTHRIE MUNICIPAL
MONTH: APRIL
YEAR: 2021
LATITUDE: 35 50 N
LONGITUDE: 97 25 W
[TEMPERATURE DATA] [PRECIPITATION DATA] SYMBOLS USED IN COLUMN 16
AVERAGE MONTHLY: 58.0 TOTAL FOR MONTH: 2.73 1 = FOG OR MIST
DPTR FM NORMAL: -2.7 DPTR FM NORMAL: -0.50 2 = FOG REDUCING VISIBILITY
HIGHEST: 84 ON 11 GRTST 24HR 0.89 ON 23-24 TO 1/4 MILE OR LESS
LOWEST: 29 ON 21 3 = THUNDER
SNOW, ICE PELLETS, HAIL 4 = ICE PELLETS
TOTAL MONTH: 0.0 INCH 5 = HAIL
GRTST 24HR 0.0 6 = FREEZING RAIN OR DRIZZLE
GRTST DEPTH: M ON M 7 = DUSTSTORM OR SANDSTORM:
VSBY 1/2 MILE OR LESS
8 = SMOKE OR HAZE
[NO. OF DAYS WITH] [WEATHER - DAYS WITH] 9 = BLOWING SNOW
X = TORNADO
MAX 32 OR BELOW: 0 0.01 INCH OR MORE: 9
MAX 90 OR ABOVE: 0 0.10 INCH OR MORE: 8
MIN 32 OR BELOW: 2 0.50 INCH OR MORE: 2
MIN 0 OR BELOW: 0 1.00 INCH OR MORE: 0
[HDD (BASE 65) ]
TOTAL THIS MO. 229 CLEAR (SCALE 0-3) 19
DPTR FM NORMAL 44 PTCLDY (SCALE 4-7) 7
TOTAL FM JUL 1 3165 CLOUDY (SCALE 8-10) 4
DPTR FM NORMAL -363
[CDD (BASE 65) ]
TOTAL THIS MO. 27
DPTR FM NORMAL -31 [PRESSURE DATA]
TOTAL FM JAN 1 34 HIGHEST SLP M ON M
DPTR FM NORMAL -38 LOWEST SLP 29.51 ON 7
[REMARKS]
#FINAL-04-21#