000
CXUS55 KMSO 051836
CF6GPI
PRELIMINARY LOCAL CLIMATOLOGICAL DATA (WS FORM: F-6)
STATION: KALISPELL MT
MONTH: JUNE
YEAR: 2022
LATITUDE: 48 17 N
LONGITUDE: 114 16 W
TEMPERATURE IN F: :PCPN: SNOW: WIND :SUNSHINE: SKY :PK WND
================================================================================
1 2 3 4 5 6A 6B 7 8 9 10 11 12 13 14 15 16 17 18
12Z AVG MX 2MIN
DY MAX MIN AVG DEP HDD CDD WTR SNW DPTH SPD SPD DIR MIN PSBL S-S WX SPD DR
================================================================================
1 73 44 59 4 6 0 0.00 0.0 0 5.2 12 10 M M 5 17 10
2 74 45 60 4 5 0 0.00 0.0 0 5.2 13 100 M M 5 18 110
3 69 46 58 2 7 0 0.07 0.0 0 4.3 15 120 M M 5 19 130
4 64 51 58 2 7 0 0.12 0.0 0 3.5 13 170 M M 10 1 17 130
5 60 41 51 -5 14 0 0.25 0.0 0 3.0 12 160 M M 5 1 17 160
6 62 45 54 -2 11 0 0.12 0.0 0 7.2 16 160 M M 9 13 21 180
7 65 41 53 -3 12 0 0.27 0.0 0 2.4 13 50 M M 8 16 50
8 66 44 55 -1 10 0 T 0.0 0 4.9 13 30 M M 5 16 30
9 71 39 55 -1 10 0 T 0.0 0 4.1 15 160 M M 6 12 23 140
10 65 54 60 4 5 0 0.10 0.0 0 7.0 17 140 M M 8 1 25 150
11 66 54 60 3 5 0 0.36 0.0 0 10.4 22 140 M M 8 13 35 150
12 66 45 56 -1 9 0 0.15 0.0 0 2.7 17 270 M M 6 12 23 270
13 56 43 50 -7 15 0 0.32 0.0 0 10.4 21 200 M M 10 1 31 180
14 43 41 42 -15 23 0 2.07 0.0 0 11.8 17 150 M M 10 1 24 180
15 65 43 54 -3 11 0 0.02 0.0 0 7.4 15 140 M M 7 23 140
16 82 40 61 4 4 0 0.00 0.0 0 5.4 16 360 M M 1 1 22 360
17 88 57 73 15 0 8 T 0.0 0 7.6 23 170 M M 3 3 30 160
18 72 53 63 5 2 0 0.02 0.0 0 4.9 17 160 M M 4 3 23 160
19 65 53 59 1 6 0 0.02 0.0 0 8.6 20 150 M M 9 1 26 150
20 56 49 53 -5 12 0 0.70 0.0 0 8.1 16 150 M M 10 1 22 150
21 70 49 60 2 5 0 T 0.0 0 5.1 15 160 M M 6 1 21 140
22 81 44 63 4 2 0 0.00 0.0 0 6.2 18 150 M M 4 12 24 220
23 75 45 60 1 5 0 0.00 0.0 0 9.2 23 210 M M 0 31 270
24 66 36 51 -8 14 0 0.00 0.0 0 5.5 17 40 M M 3 24 40
25 74 38 56 -3 9 0 0.00 0.0 0 2.3 10 50 M M 0 13 40
26 79 40 60 0 5 0 0.00 0.0 0 2.8 9 30 M M 0 15 40
27 87 43 65 5 0 0 0.00 0.0 0 4.1 14 10 M M 0 20 360
28 87 52 70 10 0 5 0.05 0.0 0 9.1 23 210 M M 1 3 36 210
29 70 47 59 -1 6 0 0.09 0.0 0 8.5 20 200 M M 5 8 28 240
30 76 42 59 -2 6 0 0.00 0.0 0 1.3 10 170 M M 2 14 160
================================================================================
SM 2093 1364 226 13 4.73 0.0 178.2 M 155
================================================================================
AV 69.8 45.5 5.9 FASTST M M 5 MAX(MPH)
MISC ----> # 23 170 36 210
================================================================================
NOTES:
# LAST OF SEVERAL OCCURRENCES
COLUMN 17 PEAK WIND IN M.P.H.
PRELIMINARY LOCAL CLIMATOLOGICAL DATA (WS FORM: F-6) , PAGE 2
STATION: KALISPELL MT
MONTH: JUNE
YEAR: 2022
LATITUDE: 48 17 N
LONGITUDE: 114 16 W
[TEMPERATURE DATA] [PRECIPITATION DATA] SYMBOLS USED IN COLUMN 16
AVERAGE MONTHLY: 57.6 TOTAL FOR MONTH: 4.73 1 = FOG OR MIST
DPTR FM NORMAL: 0.0 DPTR FM NORMAL: 1.89 2 = FOG REDUCING VISIBILITY
HIGHEST: 88 ON 17 GRTST 24HR 2.07 ON 13-14 TO 1/4 MILE OR LESS
LOWEST: 36 ON 24 3 = THUNDER
SNOW, ICE PELLETS, HAIL 4 = ICE PELLETS
TOTAL MONTH: 0.0 INCH 5 = HAIL
GRTST 24HR 0.0 6 = FREEZING RAIN OR DRIZZLE
GRTST DEPTH: 0 7 = DUSTSTORM OR SANDSTORM:
VSBY 1/2 MILE OR LESS
8 = SMOKE OR HAZE
[NO. OF DAYS WITH] [WEATHER - DAYS WITH] 9 = BLOWING SNOW
X = TORNADO
MAX 32 OR BELOW: 0 0.01 INCH OR MORE: 16
MAX 90 OR ABOVE: 0 0.10 INCH OR MORE: 10
MIN 32 OR BELOW: 0 0.50 INCH OR MORE: 2
MIN 0 OR BELOW: 0 1.00 INCH OR MORE: 1
[HDD (BASE 65) ]
TOTAL THIS MO. 226 CLEAR (SCALE 0-3) 8
DPTR FM NORMAL -8 PTCLDY (SCALE 4-7) 15
TOTAL FM JUL 1 7950 CLOUDY (SCALE 8-10) 7
DPTR FM NORMAL -159
[CDD (BASE 65) ]
TOTAL THIS MO. 13
DPTR FM NORMAL 1 [PRESSURE DATA]
TOTAL FM JAN 1 13 HIGHEST SLP 30.43 ON 25
DPTR FM NORMAL 0 LOWEST SLP 29.42 ON 17
[REMARKS]
#FINAL-06-22#