000
CXUS55 KMSO 010900
CF6GPI
PRELIMINARY LOCAL CLIMATOLOGICAL DATA (WS FORM: F-6)
STATION: KALISPELL MT
MONTH: JUNE
YEAR: 2021
LATITUDE: 48 17 N
LONGITUDE: 114 16 W
TEMPERATURE IN F: :PCPN: SNOW: WIND :SUNSHINE: SKY :PK WND
================================================================================
1 2 3 4 5 6A 6B 7 8 9 10 11 12 13 14 15 16 17 18
12Z AVG MX 2MIN
DY MAX MIN AVG DEP HDD CDD WTR SNW DPTH SPD SPD DIR MIN PSBL S-S WX SPD DR
================================================================================
1 82 45 64 9 1 0 0.00 0.0 0 4.0 10 150 M M 0 15 180
2 87 47 67 11 0 2 0.00 0.0 0 5.2 15 170 M M 0 20 140
3 90 49 70 14 0 5 0.00 0.0 0 5.9 20 160 M M 1 26 140
4 86 53 70 14 0 5 0.00 0.0 0 8.9 22 210 M M 2 3 29 270
5 72 48 60 4 5 0 0.00 0.0 0 11.2 35 260 M M 4 47 260
6 62 42 52 -4 13 0 0.00 0.0 0 8.6 18 150 M M 7 24 160
7 61 38 50 -6 15 0 T 0.0 0 6.5 18 150 M M 7 23 180
8 70 48 59 3 6 0 0.00 0.0 0 9.0 16 360 M M 6 20 360
9 63 50 57 1 8 0 0.44 0.0 0 4.4 16 10 M M 7 1 20 10
10 53 42 48 -8 17 0 0.89 0.0 0 5.6 18 150 M M 9 13 24 150
11 66 34 50 -7 15 0 T 0.0 0 4.1 15 150 M M 6 12 21 140
12 68 48 58 1 7 0 0.25 0.0 0 5.4 15 160 M M 6 1 19 160
13 88 43 66 9 0 1 0.00 0.0 0 3.0 15 30 M M 0 18 140
14 90 53 72 15 0 7 0.00 0.0 0 4.8 13 160 M M 0 17 150
15 79 54 67 10 0 2 0.03 0.0 0 6.2 31 260 M M 5 3 44 250
16 71 44 58 1 7 0 0.00 0.0 0 7.8 18 180 M M 5 22 150
17 75 38 57 -1 8 0 0.00 0.0 0 5.2 18 140 M M 0 1 34 140
18 82 41 62 4 3 0 0.00 0.0 0 3.8 12 40 M M 0 15 30
19 80 45 63 5 2 0 0.00 0.0 0 4.9 16 240 M M 3 26 230
20 74 49 62 4 3 0 0.29 0.0 0 6.7 24 10 M M 7 1 31 20
21 79 44 62 4 3 0 0.00 0.0 0 4.6 14 150 M M 0 19 150
22 90 47 69 10 0 4 0.00 0.0 0 5.9 17 150 M M 1 12 28 140
23 80 52 66 7 0 1 T 0.0 0 7.1 21 150 M M 1 34 140
24 80 50 65 6 0 0 0.08 0.0 0 5.6 25 20 M M 5 3 34 20
25 85 54 70 11 0 5 0.00 0.0 0 3.4 12 50 M M 3 15 280
26 91 57 74 14 0 9 0.00 0.0 0 4.3 16 60 M M 3 24 60
27 95 54 75 15 0 10 0.00 0.0 0 3.5 15 30 M M 0 19 40
28 95 56 76 16 0 11 0.00 0.0 0 3.5 15 40 M M 0 18 60
29 101 61 81 21 0 16 0.00 0.0 0 5.2 20 60 M M 0 27 40
30 100 52 76 15 0 11 0.00 0.0 0 5.7 20 40 M M 0 25 40
================================================================================
SM 2395 1438 113 89 1.98 0.0 170.0 M 88
================================================================================
AV 79.8 47.9 5.7 FASTST M M 3 MAX(MPH)
MISC ----> 35 260 47 260
================================================================================
NOTES:
# LAST OF SEVERAL OCCURRENCES
COLUMN 17 PEAK WIND IN M.P.H.
PRELIMINARY LOCAL CLIMATOLOGICAL DATA (WS FORM: F-6) , PAGE 2
STATION: KALISPELL MT
MONTH: JUNE
YEAR: 2021
LATITUDE: 48 17 N
LONGITUDE: 114 16 W
[TEMPERATURE DATA] [PRECIPITATION DATA] SYMBOLS USED IN COLUMN 16
AVERAGE MONTHLY: 63.9 TOTAL FOR MONTH: 1.98 1 = FOG OR MIST
DPTR FM NORMAL: 6.3 DPTR FM NORMAL: -0.86 2 = FOG REDUCING VISIBILITY
HIGHEST: 101 ON 29 GRTST 24HR 0.89 ON 10-10 TO 1/4 MILE OR LESS
LOWEST: 34 ON 11 3 = THUNDER
SNOW, ICE PELLETS, HAIL 4 = ICE PELLETS
TOTAL MONTH: 0.0 INCH 5 = HAIL
GRTST 24HR 0.0 6 = FREEZING RAIN OR DRIZZLE
GRTST DEPTH: 0 7 = DUSTSTORM OR SANDSTORM:
VSBY 1/2 MILE OR LESS
8 = SMOKE OR HAZE
[NO. OF DAYS WITH] [WEATHER - DAYS WITH] 9 = BLOWING SNOW
X = TORNADO
MAX 32 OR BELOW: 0 0.01 INCH OR MORE: 6
MAX 90 OR ABOVE: 8 0.10 INCH OR MORE: 4
MIN 32 OR BELOW: 0 0.50 INCH OR MORE: 1
MIN 0 OR BELOW: 0 1.00 INCH OR MORE: 0
[HDD (BASE 65) ]
TOTAL THIS MO. 113 CLEAR (SCALE 0-3) 16
DPTR FM NORMAL -121 PTCLDY (SCALE 4-7) 13
TOTAL FM JUL 1 7582 CLOUDY (SCALE 8-10) 1
DPTR FM NORMAL -527
[CDD (BASE 65) ]
TOTAL THIS MO. 89
DPTR FM NORMAL 77 [PRESSURE DATA]
TOTAL FM JAN 1 89 HIGHEST SLP M ON M
DPTR FM NORMAL 76 LOWEST SLP 29.64 ON 22
[REMARKS]
#FINAL-06-21#