000
CXUS53 KIWX 010810
CF6GSH
PRELIMINARY LOCAL CLIMATOLOGICAL DATA (WS FORM: F-6)
STATION: GOSHEN
MONTH: JUNE
YEAR: 2021
LATITUDE: 41 31 N
LONGITUDE: 85 47 W
TEMPERATURE IN F: :PCPN: SNOW: WIND :SUNSHINE: SKY :PK WND
================================================================================
1 2 3 4 5 6A 6B 7 8 9 10 11 12 13 14 15 16 17 18
12Z AVG MX 2MIN
DY MAX MIN AVG DEP HDD CDD WTR SNW DPTH SPD SPD DIR MIN PSBL S-S WX SPD DR
================================================================================
1 77 49 63 -3 2 0 0.00 M M 2.5 10 220 M M 3 16 90
2 73 54 64 -2 1 0 T M M 6.8 15 130 M M 6 1 20 120
3 81 54 68 1 0 3 0.00 M M 3.4 12 290 M M 4 12 16 340
4 88 64 76 9 0 11 T M M 11.0 22 240 M M 2 33 270
5 88 63 76 9 0 11 0.00 M M 11.4 23 220 M M 1 29 230
6 88 67 78 10 0 13 0.00 M M 10.7 21 200 M M 3 27 190
7 80 70 75 7 0 10 0.09 M M 6.9 20 210 M M 6 1 26 200
8 85 67 76 8 0 11 T M M 4.4 22 200 M M 4 13 30 210
9 87 68 78 10 0 13 T M M 3.5 16 140 M M 5 13 21 120
10 87 66 77 8 0 12 0.09 M M 4.8 13 70 M M 3 18 19 70
11 91 67 79 10 0 14 T M M 5.3 30 80 M M 1 138 44 80
12 90 64 77 8 0 12 0.04 M M 3.3 10 330 M M 1 138 15 10
13 85 60 73 3 0 8 0.00 M M 9.5 21 350 M M 0 28 320
14 80 60 70 0 0 5 0.00 M M 11.1 23 340 M M 1 8 32 360
15 80 55 68 -2 0 3 T M M 9.5 20 310 M M 1 30 330
16 80 52 66 -4 0 1 0.00 M M 4.3 12 340 M M 0 16 340
17 87 50 69 -1 0 4 0.00 M M 4.9 14 230 M M 0 18 230
18 87 65 76 5 0 11 0.17 M M 8.8 32 340 M M 3 13 55 350
19 86 64 75 4 0 10 0.21 M M 9.4 23 230 M M 4 13 31 230
20 90 65 78 7 0 13 0.73 M M 5.1 40 270 M M 3 1238 52 280
21 77 51 64 -7 1 0 0.47 M M 13.0 37 320 M M 7 13 48 320
22 71 45 58 -14 7 0 0.00 M M 5.4 20 300 M M 2 26 300
23 76 56 66 -6 0 1 T M M 11.1 21 230 M M 6 30 220
24 82 61 72 0 0 7 0.01 M M 10.8 23 210 M M 4 35 190
25 77 68 73 1 0 8 1.70 M M 11.5 24 200 M M 8 13 33 200
26 84 71 78 6 0 13 0.79 M M 9.2 12 180 M M 3 123 17 230
27 85 71 78 6 0 13 0.25 M M M M M M M 7 13 M M
28 88 72 80 8 0 15 0.12 M M M M M M M 5 13 M M
29 87 71 79 7 0 14 0.21 M M 5.9 24 230 M M 4 13 33 230
30 79 70 75 2 0 10 0.35 M M 5.3 12 250 M M 5 1 16 240
================================================================================
SM 2496 1860 11 246 5.23 M 208.8 M 102
================================================================================
AV 83.2 62.0 7.5 FASTST M M 3 MAX(MPH)
MISC ----> 40 270 55 350
================================================================================
NOTES:
# LAST OF SEVERAL OCCURRENCES
COLUMN 17 PEAK WIND IN M.P.H.
PRELIMINARY LOCAL CLIMATOLOGICAL DATA (WS FORM: F-6) , PAGE 2
STATION: GOSHEN
MONTH: JUNE
YEAR: 2021
LATITUDE: 41 31 N
LONGITUDE: 85 47 W
[TEMPERATURE DATA] [PRECIPITATION DATA] SYMBOLS USED IN COLUMN 16
AVERAGE MONTHLY: 72.6 TOTAL FOR MONTH: 5.23 1 = FOG OR MIST
DPTR FM NORMAL: 2.7 DPTR FM NORMAL: 1.76 2 = FOG REDUCING VISIBILITY
HIGHEST: 91 ON 11 GRTST 24HR 1.70 ON 25-25 TO 1/4 MILE OR LESS
LOWEST: 45 ON 22 3 = THUNDER
SNOW, ICE PELLETS, HAIL 4 = ICE PELLETS
TOTAL MONTH: M 5 = HAIL
GRTST 24HR M ON M 6 = FREEZING RAIN OR DRIZZLE
GRTST DEPTH: M ON M 7 = DUSTSTORM OR SANDSTORM:
VSBY 1/2 MILE OR LESS
8 = SMOKE OR HAZE
[NO. OF DAYS WITH] [WEATHER - DAYS WITH] 9 = BLOWING SNOW
X = TORNADO
MAX 32 OR BELOW: 0 0.01 INCH OR MORE: 14
MAX 90 OR ABOVE: 3 0.10 INCH OR MORE: 10
MIN 32 OR BELOW: 0 0.50 INCH OR MORE: 3
MIN 0 OR BELOW: 0 1.00 INCH OR MORE: 1
[HDD (BASE 65) ]
TOTAL THIS MO. 11 CLEAR (SCALE 0-3) 15
DPTR FM NORMAL -19 PTCLDY (SCALE 4-7) 15
TOTAL FM JUL 1 5923 CLOUDY (SCALE 8-10) 0
DPTR FM NORMAL -253
[CDD (BASE 65) ]
TOTAL THIS MO. 246
DPTR FM NORMAL 70 [PRESSURE DATA]
TOTAL FM JAN 1 317 HIGHEST SLP 30.24 ON 1
DPTR FM NORMAL 78 LOWEST SLP 29.47 ON 21
[REMARKS]
#FINAL-06-21#