000
CXUS52 KRAH 171528
CF6GSO
PRELIMINARY LOCAL CLIMATOLOGICAL DATA (WS FORM: F-6)
STATION: GREENSBORO NC
MONTH: JANUARY
YEAR: 2022
LATITUDE: 36 4 N
LONGITUDE: 79 57 W
TEMPERATURE IN F: :PCPN: SNOW: WIND :SUNSHINE: SKY :PK WND
================================================================================
1 2 3 4 5 6A 6B 7 8 9 10 11 12 13 14 15 16 17 18
12Z AVG MX 2MIN
DY MAX MIN AVG DEP HDD CDD WTR SNW DPTH SPD SPD DIR MIN PSBL S-S WX SPD DR
================================================================================
1 77 63 70 30 0 5 T 0.0 0 15.8 28 230 M M 9 35 220
2 71 57 64 24 1 0 0.66 0.0 0 9.4 30 220 M M 9 1 39 210
3 57 27 42 2 23 0 2.40 2.0 0 12.4 39 50 M M 7 14 54 60
4 42 24 33 -7 32 0 0.00 0.0 0 4.2 13 170 M M 1 14 180
5 58 34 46 6 19 0 0.00 0.0 0 7.7 20 240 M M 9 26 230
6 55 34 45 5 20 0 T 0.0 0 6.6 24 300 M M 7 30 300
7 45 23 34 -6 31 0 0.00 0.0 0 12.6 25 310 M M 4 33 300
8 39 19 29 -11 36 0 0.00 0.0 0 5.4 12 40 M M 2 13 40
9 60 35 48 8 17 0 0.54 0.0 0 11.3 25 310 M M 10 1 33 210
10 48 29 39 -1 26 0 0.00 0.0 0 7.4 23 320 M M 4 34 320
11 39 25 32 -8 33 0 0.00 0.0 0 5.1 13 320 M M 0 18 310
12 49 23 36 -3 29 0 0.00 0.0 0 8.2 18 240 M M 4 24 250
13 52 26 39 0 26 0 0.00 0.0 0 3.3 13 110 M M 7 14 120
14 53 35 44 5 21 0 0.00 0.0 0 7.0 15 350 M M 5 23 340
15 39 30 35 -4 30 0 0.00 0.0 0 7.0 15 60 M M 8 19 50
16 31 20 26 -13 39 0 0.90 3.3 1 13.6 30 50 M M 10 146 36 50
17 36 27 32 -7 33 0 T T 2 15.4 31 310 M M 8 1 39 320
18 43 25 34 -5 31 0 0.00 0.0 2 5.9 14 290 M M 2 18 290
19 52 27 40 1 25 0 0.00 0.0 1 8.5 22 230 M M 8 26 240
20 46 31 39 -1 26 0 0.25 0.1 0 8.8 18 50 M M 10 18 24 40
21 31 21 26 -14 39 0 0.10 1.0 1 12.6 18 60 M M 10 1 23 50
22 34 15 25 -15 40 0 T T 1 5.5 12 30 M M 2 18 16 50
23 46 18 32 -8 33 0 T 0.0 0 6.6 14 220 M M 4 17 250
24 50 26 38 -2 27 0 0.00 0.0 0 5.5 14 200 M M 5 18 230
25 60 31 46 6 19 0 0.00 0.0 0 4.4 13 30 M M 6 17 30
26 41 25 33 -7 32 0 0.00 0.0 0 8.9 18 50 M M 5 23 50
27 41 19 30 -10 35 0 0.00 0.0 0 3.5 8 190 M M 2 14 260
28 46 28 37 -3 28 0 0.09 T T 4.6 13 350 M M 10 1 18 350
29 32 18 25 -15 40 0 0.09 1.8 2 10.5 23 300 M M 4 1 30 330
30 40 16 28 -12 37 0 0.00 0.0 0 5.0 16 190 M M 6 21 200
31 47 21 34 -6 31 0 0.00 0.0 0 5.6 8 30 M M 4 13 40
================================================================================
SM 1460 852 859 5 5.03 8.2 248.3 M 182
================================================================================
AV 47.1 27.5 8.0 FASTST M M 6 MAX(MPH)
MISC ----> 39 50 54 60
================================================================================
NOTES:
# LAST OF SEVERAL OCCURRENCES
COLUMN 17 PEAK WIND IN M.P.H.
PRELIMINARY LOCAL CLIMATOLOGICAL DATA (WS FORM: F-6) , PAGE 2
STATION: GREENSBORO NC
MONTH: JANUARY
YEAR: 2022
LATITUDE: 36 4 N
LONGITUDE: 79 57 W
[TEMPERATURE DATA] [PRECIPITATION DATA] SYMBOLS USED IN COLUMN 16
AVERAGE MONTHLY: 37.3 TOTAL FOR MONTH: 5.03 1 = FOG OR MIST
DPTR FM NORMAL: -2.4 DPTR FM NORMAL: 1.64 2 = FOG REDUCING VISIBILITY
HIGHEST: 77 ON 1 GRTST 24HR 2.42 ON 2- 3 TO 1/4 MILE OR LESS
LOWEST: 15 ON 22 3 = THUNDER
SNOW, ICE PELLETS, HAIL 4 = ICE PELLETS
TOTAL MONTH: 8.2 INCHES 5 = HAIL
GRTST 24HR 3.3 ON 16-16 6 = FREEZING RAIN OR DRIZZLE
GRTST DEPTH: 2 ON 29,18 7 = DUSTSTORM OR SANDSTORM:
VSBY 1/2 MILE OR LESS
8 = SMOKE OR HAZE
[NO. OF DAYS WITH] [WEATHER - DAYS WITH] 9 = BLOWING SNOW
X = TORNADO
MAX 32 OR BELOW: 3 0.01 INCH OR MORE: 8
MAX 90 OR ABOVE: 0 0.10 INCH OR MORE: 6
MIN 32 OR BELOW: 25 0.50 INCH OR MORE: 4
MIN 0 OR BELOW: 0 1.00 INCH OR MORE: 1
[HDD (BASE 65) ]
TOTAL THIS MO. 859 CLEAR (SCALE 0-3) 6
DPTR FM NORMAL 75 PTCLDY (SCALE 4-7) 17
TOTAL FM JUL 1 1911 CLOUDY (SCALE 8-10) 8
DPTR FM NORMAL -246
[CDD (BASE 65) ]
TOTAL THIS MO. 5
DPTR FM NORMAL 5 [PRESSURE DATA]
TOTAL FM JAN 1 5 HIGHEST SLP 30.65 ON 8
DPTR FM NORMAL 5 LOWEST SLP 29.36 ON 17
[REMARKS]
#FINAL-01-22#