000
CXUS52 KRAH 010845
CF6GSO
PRELIMINARY LOCAL CLIMATOLOGICAL DATA (WS FORM: F-6)
STATION: PIEDMONT TRIAD INTL AIRPORT NC
MONTH: APRIL
YEAR: 2021
LATITUDE: 36 4 N
LONGITUDE: 79 57 W
TEMPERATURE IN F: :PCPN: SNOW: WIND :SUNSHINE: SKY :PK WND
================================================================================
1 2 3 4 5 6A 6B 7 8 9 10 11 12 13 14 15 16 17 18
12Z AVG MX 2MIN
DY MAX MIN AVG DEP HDD CDD WTR SNW DPTH SPD SPD DIR MIN PSBL S-S WX SPD DR
================================================================================
1 52 34 43 -12 22 0 T 0.0 0 13.2 26 320 M M 7 33 320
2 49 29 39 -16 26 0 0.00 0.0 0 9.2 18 330 M M 2 28 320
3 58 27 43 -12 22 0 0.00 0.0 0 3.8 13 240 M M 1 16 240
4 74 38 56 0 9 0 0.00 0.0 0 8.0 20 300 M M 1 24 290
5 76 43 60 4 5 0 0.00 0.0 0 5.2 15 60 M M 1 19 50
6 81 46 64 8 1 0 0.00 0.0 0 6.1 15 270 M M 4 21 290
7 83 51 67 11 0 2 0.00 0.0 0 3.5 13 260 M M 3 17 290
8 82 55 69 12 0 4 T 0.0 0 8.4 20 210 M M 7 27 210
9 81 58 70 13 0 5 0.37 0.0 0 7.8 21 90 M M 6 13 26 250
10 77 56 67 10 0 2 0.16 0.0 0 10.5 26 170 M M 8 13 34 180
11 75 54 65 7 0 0 0.00 0.0 0 11.0 25 230 M M 7 33 250
12 78 48 63 5 2 0 0.00 0.0 0 8.8 23 300 M M 1 33 310
13 73 52 63 5 2 0 0.00 0.0 0 5.1 12 340 M M 7 18 10
14 81 51 66 8 0 1 0.03 0.0 0 6.9 18 20 M M 7 26 20
15 67 49 58 -1 7 0 T 0.0 0 6.9 21 320 M M 7 1 25 300
16 66 39 53 -6 12 0 0.00 0.0 0 5.6 17 280 M M 3 22 270
17 64 43 54 -5 11 0 T 0.0 0 5.3 14 220 M M 7 17 220
18 70 49 60 0 5 0 0.00 0.0 M 3.4 15 240 M M 7 19 290
19 68 47 58 -2 7 0 T 0.0 0 5.7 16 20 M M 5 20 30
20 73 42 58 -2 7 0 0.00 0.0 0 9.0 21 180 M M 5 27 220
21 71 37 54 -6 11 0 0.00 0.0 0 15.4 32 300 M M 2 39 320
22 58 32 45 -15 20 0 0.00 0.0 0 11.3 17 290 M M 3 33 300
23 62 33 48 -13 17 0 0.00 0.0 0 5.0 16 270 M M 5 21 250
24 58 43 51 -10 14 0 0.75 0.0 0 4.2 16 110 M M 9 1 22 100
25 69 49 59 -2 6 0 0.12 0.0 0 6.6 16 320 M M 7 1 26 360
26 75 44 60 -2 5 0 0.00 0.0 0 5.2 12 240 M M 1 15 230
27 81 51 66 4 0 1 0.00 0.0 0 11.0 22 200 M M 6 28 210
28 83 61 72 10 0 7 0.00 0.0 0 10.8 15 220 M M 8 25 250
29 83 67 75 13 0 10 0.00 0.0 0 15.4 31 250 M M 9 45 220
30 77 62 70 7 0 5 T 0.0 0 15.0 28 320 M M 3 37 310
================================================================================
SM 2145 1390 211 37 1.43 0.0 243.3 M 149
================================================================================
AV 71.5 46.3 8.1 FASTST M M 5 MAX(MPH)
MISC ----> 32 300 45 220
================================================================================
NOTES:
# LAST OF SEVERAL OCCURRENCES
COLUMN 17 PEAK WIND IN M.P.H.
PRELIMINARY LOCAL CLIMATOLOGICAL DATA (WS FORM: F-6) , PAGE 2
STATION: PIEDMONT TRIAD INTL AIRPORT NC
MONTH: APRIL
YEAR: 2021
LATITUDE: 36 4 N
LONGITUDE: 79 57 W
[TEMPERATURE DATA] [PRECIPITATION DATA] SYMBOLS USED IN COLUMN 16
AVERAGE MONTHLY: 58.9 TOTAL FOR MONTH: 1.43 1 = FOG OR MIST
DPTR FM NORMAL: 0.1 DPTR FM NORMAL: -2.14 2 = FOG REDUCING VISIBILITY
HIGHEST: 83 ON 29,28 GRTST 24HR 0.75 ON 24-24 TO 1/4 MILE OR LESS
LOWEST: 27 ON 3 3 = THUNDER
SNOW, ICE PELLETS, HAIL 4 = ICE PELLETS
TOTAL MONTH: 0.0 INCH 5 = HAIL
GRTST 24HR 0.0 6 = FREEZING RAIN OR DRIZZLE
GRTST DEPTH: 0 7 = DUSTSTORM OR SANDSTORM:
VSBY 1/2 MILE OR LESS
8 = SMOKE OR HAZE
[NO. OF DAYS WITH] [WEATHER - DAYS WITH] 9 = BLOWING SNOW
X = TORNADO
MAX 32 OR BELOW: 0 0.01 INCH OR MORE: 5
MAX 90 OR ABOVE: 0 0.10 INCH OR MORE: 4
MIN 32 OR BELOW: 3 0.50 INCH OR MORE: 1
MIN 0 OR BELOW: 0 1.00 INCH OR MORE: 0
[HDD (BASE 65) ]
TOTAL THIS MO. 211 CLEAR (SCALE 0-3) 10
DPTR FM NORMAL -10 PTCLDY (SCALE 4-7) 18
TOTAL FM JUL 1 3315 CLOUDY (SCALE 8-10) 2
DPTR FM NORMAL -230
[CDD (BASE 65) ]
TOTAL THIS MO. 37
DPTR FM NORMAL 4 [PRESSURE DATA]
TOTAL FM JAN 1 43 HIGHEST SLP 30.49 ON 3
DPTR FM NORMAL 5 LOWEST SLP 29.49 ON 11
[REMARKS]
#FINAL-04-21#