000
CXUS52 KGSP 010817
CF6GSP
PRELIMINARY LOCAL CLIMATOLOGICAL DATA (WS FORM: F-6)
STATION: GREENVILLE-SPARTANBURG SC
MONTH: MAY
YEAR: 2023
LATITUDE: 34 54 N
LONGITUDE: 82 13 W
TEMPERATURE IN F: :PCPN: SNOW: WIND :SUNSHINE: SKY :PK WND
================================================================================
1 2 3 4 5 6A 6B 7 8 9 10 11 12 13 14 15 16 17 18
12Z AVG MX 2MIN
DY MAX MIN AVG DEP HDD CDD WTR SNW DPTH SPD SPD DIR MIN PSBL S-S WX SPD DR
================================================================================
1 67 43 55 -10 10 0 0.00 0.0 0 12.7 25 240 M M 1 38 290
2 71 46 59 -6 6 0 0.00 0.0 0 10.5 28 250 M M 1 37 260
3 71 42 57 -9 8 0 0.00 0.0 0 7.1 21 360 M M 0 31 360
4 72 41 57 -9 8 0 0.00 0.0 0 4.4 13 210 M M 0 17 210
5 72 48 60 -6 5 0 0.00 0.0 0 6.3 14 40 M M 0 17 40
6 75 54 65 -1 0 0 T 0.0 0 4.3 12 210 M M 3 16 220
7 79 54 67 0 0 2 0.49 0.0 0 10.4 20 210 M M 2 13 26 230
8 84 62 73 6 0 8 0.03 0.0 0 7.8 20 240 M M 4 25 240
9 87 62 75 8 0 10 T 0.0 0 5.0 18 220 M M 1 3 23 200
10 79 58 69 2 0 4 0.00 0.0 0 6.3 16 70 M M 1 19 60
11 80 56 68 0 0 3 0.00 0.0 0 3.6 12 150 M M 1 16 140
12 80 61 71 3 0 6 0.07 0.0 0 4.5 15 180 M M 7 18 20 150
13 84 65 75 7 0 10 0.00 0.0 0 5.0 12 200 M M 7 18 15 200
14 85 63 74 6 0 9 0.47 0.0 0 4.4 14 70 M M 4 13 18 80
15 80 66 73 4 0 8 0.00 0.0 0 4.7 12 90 M M 9 1 15 80
16 85 63 74 5 0 9 2.21 0.0 0 10.4 29 300 M M 6 138 45 290
17 81 64 73 4 0 8 T 0.0 0 5.1 12 360 M M 5 18 10
18 68 56 62 -7 3 0 0.17 0.0 0 7.2 14 40 M M 8 1 18 40
19 72 56 64 -6 1 0 0.00 0.0 0 8.3 15 50 M M 10 22 60
20 78 62 70 0 0 5 T 0.0 0 4.2 13 230 M M 8 18 200
21 80 61 71 1 0 6 0.05 0.0 0 5.5 13 120 M M 7 1 19 100
22 78 56 67 -3 0 2 0.00 0.0 0 7.1 16 80 M M 3 1 23 100
23 72 58 65 -6 0 0 0.00 0.0 0 7.9 17 60 M M 3 25 80
24 76 56 66 -5 0 1 0.00 0.0 0 7.3 16 30 M M 0 21 30
25 79 53 66 -5 0 1 0.00 0.0 0 7.8 18 100 M M 4 23 100
26 71 56 64 -8 1 0 0.00 0.0 0 12.3 20 50 M M 4 28 80
27 68 53 61 -11 4 0 0.64 0.0 0 14.2 24 30 M M 5 1 35 30
28 66 52 59 -13 6 0 0.33 0.0 0 7.5 16 20 M M 9 18 23 20
29 78 53 66 -6 0 1 T 0.0 0 4.6 13 100 M M 6 1 17 270
30 79 61 70 -2 0 5 0.01 0.0 0 7.2 17 30 M M 8 1 23 30
31 76 61 69 -4 0 4 0.20 0.0 0 5.6 12 40 M M 8 1 17 40
================================================================================
SM 2373 1742 52 102 4.67 0.0 219.2 M 135
================================================================================
AV 76.5 56.2 7.1 FASTST M M 4 MAX(MPH)
MISC ----> 29 300 45 290
================================================================================
NOTES:
# LAST OF SEVERAL OCCURRENCES
COLUMN 17 PEAK WIND IN M.P.H.
PRELIMINARY LOCAL CLIMATOLOGICAL DATA (WS FORM: F-6) , PAGE 2
STATION: GREENVILLE-SPARTANBURG SC
MONTH: MAY
YEAR: 2023
LATITUDE: 34 54 N
LONGITUDE: 82 13 W
[TEMPERATURE DATA] [PRECIPITATION DATA] SYMBOLS USED IN COLUMN 16
AVERAGE MONTHLY: 66.4 TOTAL FOR MONTH: 4.67 1 = FOG OR MIST
DPTR FM NORMAL: -2.5 DPTR FM NORMAL: 0.60 2 = FOG REDUCING VISIBILITY
HIGHEST: 87 ON 9 GRTST 24HR 2.21 ON 16-16 TO 1/4 MILE OR LESS
LOWEST: 41 ON 4 3 = THUNDER
SNOW, ICE PELLETS, HAIL 4 = ICE PELLETS
TOTAL MONTH: 0.0 INCH 5 = HAIL
GRTST 24HR 0.0 6 = FREEZING RAIN OR DRIZZLE
GRTST DEPTH: 0 7 = DUSTSTORM OR SANDSTORM:
VSBY 1/2 MILE OR LESS
8 = SMOKE OR HAZE
[NO. OF DAYS WITH] [WEATHER - DAYS WITH] 9 = BLOWING SNOW
X = TORNADO
MAX 32 OR BELOW: 0 0.01 INCH OR MORE: 11
MAX 90 OR ABOVE: 0 0.10 INCH OR MORE: 7
MIN 32 OR BELOW: 0 0.50 INCH OR MORE: 2
MIN 0 OR BELOW: 0 1.00 INCH OR MORE: 1
[HDD (BASE 65) ]
TOTAL THIS MO. 52 CLEAR (SCALE 0-3) 12
DPTR FM NORMAL 13 PTCLDY (SCALE 4-7) 14
TOTAL FM JUL 1 2700 CLOUDY (SCALE 8-10) 5
DPTR FM NORMAL -316
[CDD (BASE 65) ]
TOTAL THIS MO. 102
DPTR FM NORMAL -58 [PRESSURE DATA]
TOTAL FM JAN 1 164 HIGHEST SLP 30.28 ON 6
DPTR FM NORMAL -48 LOWEST SLP 29.57 ON 2
[REMARKS]
#FINAL-05-23#