000
CXUS52 KGSP 010817
CF6GSP
PRELIMINARY LOCAL CLIMATOLOGICAL DATA (WS FORM: F-6)
STATION: GREENVILLE-SPARTANBURG SC
MONTH: SEPTEMBER
YEAR: 2021
LATITUDE: 34 54 N
LONGITUDE: 82 13 W
TEMPERATURE IN F: :PCPN: SNOW: WIND :SUNSHINE: SKY :PK WND
================================================================================
1 2 3 4 5 6A 6B 7 8 9 10 11 12 13 14 15 16 17 18
12Z AVG MX 2MIN
DY MAX MIN AVG DEP HDD CDD WTR SNW DPTH SPD SPD DIR MIN PSBL S-S WX SPD DR
================================================================================
1 87 72 80 4 0 15 0.86 0.0 0 8.8 17 230 M M 9 13 24 190
2 83 63 73 -3 0 8 0.00 0.0 0 4.9 12 30 M M 4 16 20
3 82 57 70 -6 0 5 0.00 0.0 0 2.5 9 60 M M 0 11 70
4 83 59 71 -5 0 6 0.00 0.0 0 3.2 10 90 M M 1 15 100
5 86 60 73 -3 0 8 0.00 0.0 0 5.5 14 230 M M 0 18 290
6 85 68 77 2 0 12 T 0.0 0 4.5 13 80 M M 5 17 80
7 83 66 75 0 0 10 0.07 0.0 0 4.1 10 20 M M 6 1 13 30
8 88 69 79 4 0 14 0.63 0.0 0 7.3 17 200 M M 4 13 22 200
9 82 65 74 -1 0 9 0.00 0.0 0 6.9 15 360 M M 5 23 340
10 81 55 68 -6 0 3 0.00 0.0 0 3.0 10 30 M M 1 13 40
11 84 56 70 -4 0 5 0.00 0.0 0 2.6 10 230 M M 1 1 13 230
12 87 59 73 -1 0 8 0.00 0.0 0 3.8 10 200 M M 0 13 190
13 88 63 76 2 0 11 0.00 0.0 0 2.1 9 80 M M 0 11 90
14 89 64 77 4 0 12 0.00 0.0 0 2.9 10 180 M M 0 15 150
15 84 63 74 1 0 9 0.23 0.0 0 3.5 9 280 M M M 1 15 140
16 76 66 71 -2 0 6 0.26 0.0 0 3.8 10 50 M M 4 1 16 90
17 84 68 76 4 0 11 0.00 0.0 0 3.5 12 140 M M 0 1 14 150
18 87 68 78 6 0 13 0.00 0.0 0 2.8 9 100 M M M 1 12 110
19 85 68 77 5 0 12 0.24 0.0 0 4.2 20 80 M M 0 1 26 70
20 77 68 73 2 0 8 0.39 0.0 0 6.6 13 50 M M 10 1 22 360
21 71 66 69 -2 0 4 0.45 0.0 0 8.2 14 20 M M 10 1 17 60
22 81 58 70 -1 0 5 0.20 0.0 0 4.4 15 220 M M 8 123 22 320
23 73 50 62 -8 3 0 0.00 0.0 0 5.6 13 360 M M 0 19 310
24 74 48 61 -9 4 0 0.00 0.0 0 3.5 10 70 M M 0 14 90
25 77 49 63 -7 2 0 0.00 0.0 0 2.2 12 230 M M 1 1 17 220
26 79 50 65 -4 0 0 0.00 0.0 0 1.3 10 220 M M 0 1 15 190
27 82 52 67 -2 0 2 0.00 0.0 0 1.9 10 200 M M 0 1 13 200
28 86 58 72 4 0 7 0.00 0.0 0 3.8 10 220 M M 0 1 14 200
29 86 57 72 4 0 7 0.00 0.0 0 2.1 10 60 M M 0 1 14 50
30 86 60 73 5 0 8 0.00 0.0 0 2.8 10 40 M M 0 1 13 40
================================================================================
SM 2476 1825 9 218 3.33 0.0 122.3 M 69
================================================================================
AV 82.5 60.8 4.1 FASTST M M 2 MAX(MPH)
MISC ----> 20 80 26 70
================================================================================
NOTES:
# LAST OF SEVERAL OCCURRENCES
COLUMN 17 PEAK WIND IN M.P.H.
PRELIMINARY LOCAL CLIMATOLOGICAL DATA (WS FORM: F-6) , PAGE 2
STATION: GREENVILLE-SPARTANBURG SC
MONTH: SEPTEMBER
YEAR: 2021
LATITUDE: 34 54 N
LONGITUDE: 82 13 W
[TEMPERATURE DATA] [PRECIPITATION DATA] SYMBOLS USED IN COLUMN 16
AVERAGE MONTHLY: 71.7 TOTAL FOR MONTH: 3.33 1 = FOG OR MIST
DPTR FM NORMAL: -0.8 DPTR FM NORMAL: -0.40 2 = FOG REDUCING VISIBILITY
HIGHEST: 89 ON 14 GRTST 24HR 0.94 ON 31- 1 TO 1/4 MILE OR LESS
LOWEST: 48 ON 24 3 = THUNDER
SNOW, ICE PELLETS, HAIL 4 = ICE PELLETS
TOTAL MONTH: 0.0 INCH 5 = HAIL
GRTST 24HR 0.0 6 = FREEZING RAIN OR DRIZZLE
GRTST DEPTH: 0 7 = DUSTSTORM OR SANDSTORM:
VSBY 1/2 MILE OR LESS
8 = SMOKE OR HAZE
[NO. OF DAYS WITH] [WEATHER - DAYS WITH] 9 = BLOWING SNOW
X = TORNADO
MAX 32 OR BELOW: 0 0.01 INCH OR MORE: 9
MAX 90 OR ABOVE: 0 0.10 INCH OR MORE: 8
MIN 32 OR BELOW: 0 0.50 INCH OR MORE: 2
MIN 0 OR BELOW: 0 1.00 INCH OR MORE: 0
[HDD (BASE 65) ]
TOTAL THIS MO. 9 CLEAR (SCALE 0-3) 18
DPTR FM NORMAL -3 PTCLDY (SCALE 4-7) 7
TOTAL FM JUL 1 9 CLOUDY (SCALE 8-10) 5
DPTR FM NORMAL -1
[CDD (BASE 65) ]
TOTAL THIS MO. 218
DPTR FM NORMAL -21 [PRESSURE DATA]
TOTAL FM JAN 1 1586 HIGHEST SLP 30.30 ON 12
DPTR FM NORMAL -80 LOWEST SLP 29.61 ON 1
[REMARKS]
#FINAL-09-21#