000
CXUS52 KGSP 011552
CF6GSP
PRELIMINARY LOCAL CLIMATOLOGICAL DATA (WS FORM: F-6)
STATION: GREENVILLE-SPARTANBURG SC
MONTH: JULY
YEAR: 2021
LATITUDE: 34 54 N
LONGITUDE: 82 13 W
TEMPERATURE IN F: :PCPN: SNOW: WIND :SUNSHINE: SKY :PK WND
================================================================================
1 2 3 4 5 6A 6B 7 8 9 10 11 12 13 14 15 16 17 18
12Z AVG MX 2MIN
DY MAX MIN AVG DEP HDD CDD WTR SNW DPTH SPD SPD DIR MIN PSBL S-S WX SPD DR
================================================================================
1 88 70 79 0 0 14 0.28 0.0 0 10.3 20 200 M M 3 18 26 220
2 83 69 76 -3 0 11 0.26 0.0 0 5.5 15 210 M M 6 1 19 210
3 83 61 72 -7 0 7 0.00 0.0 0 3.8 13 10 M M M 18 360
4 86 58 72 -7 0 7 0.00 0.0 0 3.3 12 210 M M M 15 210
5 90 63 77 -3 0 12 0.00 0.0 0 2.3 9 160 M M 0 13 70
6 90 65 78 -2 0 13 0.00 0.0 0 5.6 14 180 M M 0 17 190
7 90 67 79 -1 0 14 0.11 0.0 0 3.4 14 100 M M 4 3 17 100
8 85 70 78 -2 0 13 0.23 0.0 0 6.2 13 230 M M 7 13 17 210
9 88 70 79 -1 0 14 0.01 0.0 0 6.7 14 240 M M 1 19 260
10 90 67 79 -1 0 14 0.04 0.0 0 2.8 12 160 M M 1 13 16 180
11 88 69 79 -1 0 14 T 0.0 0 8.5 21 190 M M 3 1 25 190
12 89 68 79 -1 0 14 0.16 0.0 0 8.3 37 210 M M 4 3 49 200
13 85 66 76 -4 0 11 0.00 0.0 0 5.2 13 230 M M 4 1 16 280
14 92 68 80 0 0 15 0.02 0.0 0 5.0 16 200 M M 2 26 230
15 94 69 82 2 0 17 T 0.0 0 4.3 16 250 M M 2 20 240
16 95 70 83 3 0 18 0.00 0.0 0 6.2 17 180 M M 1 1 22 210
17 93 71 82 2 0 17 T 0.0 0 8.7 21 220 M M 0 26 220
18 90 71 81 1 0 16 0.01 0.0 0 6.5 20 200 M M 4 23 200
19 85 70 78 -2 0 13 0.79 0.0 0 2.9 13 310 M M 10 1 18 320
20 80 69 75 -5 0 10 0.27 0.0 0 3.6 10 90 M M 8 1 12 100
21 90 67 79 -1 0 14 0.00 0.0 0 3.6 13 200 M M 0 18 15 200
22 91 66 79 -1 0 14 0.00 0.0 0 3.0 12 50 M M 1 18 14 60
23 90 70 80 0 0 15 0.00 0.0 0 3.7 10 160 M M 4 138 17 60
24 90 73 82 2 0 17 0.02 0.0 0 6.3 15 200 M M 7 18 19 180
25 91 71 81 1 0 16 0.08 0.0 0 4.5 12 150 M M 5 18 19 150
26 92 72 82 2 0 17 3.68 0.0 0 4.6 36 210 M M 4 1238 42 210
27 91 70 81 1 0 16 0.00 0.0 0 2.7 13 20 M M 2 123 19 20
28 93 69 81 1 0 16 0.00 0.0 0 2.5 12 70 M M 0 16 10
29 95 70 83 3 0 18 0.00 0.0 0 4.7 14 210 M M 0 1 17 210
30 92 72 82 2 0 17 0.00 0.0 0 3.4 9 240 M M 0 8 12 280
31 91 71 81 1 0 16 0.00 0.0 0 4.0 10 50 M M 1 13 40
================================================================================
SM 2770 2122 0 440 5.96 0.0 152.1 M 84
================================================================================
AV 89.4 68.5 4.9 FASTST M M 3 MAX(MPH)
MISC ----> 37 210 49 200
================================================================================
NOTES:
# LAST OF SEVERAL OCCURRENCES
COLUMN 17 PEAK WIND IN M.P.H.
PRELIMINARY LOCAL CLIMATOLOGICAL DATA (WS FORM: F-6) , PAGE 2
STATION: GREENVILLE-SPARTANBURG SC
MONTH: JULY
YEAR: 2021
LATITUDE: 34 54 N
LONGITUDE: 82 13 W
[TEMPERATURE DATA] [PRECIPITATION DATA] SYMBOLS USED IN COLUMN 16
AVERAGE MONTHLY: 78.9 TOTAL FOR MONTH: 5.96 1 = FOG OR MIST
DPTR FM NORMAL: -0.8 DPTR FM NORMAL: 1.14 2 = FOG REDUCING VISIBILITY
HIGHEST: 95 ON 29,16 GRTST 24HR 3.68 ON 26-26 TO 1/4 MILE OR LESS
LOWEST: 58 ON 4 3 = THUNDER
SNOW, ICE PELLETS, HAIL 4 = ICE PELLETS
TOTAL MONTH: 0.0 INCH 5 = HAIL
GRTST 24HR 0.0 6 = FREEZING RAIN OR DRIZZLE
GRTST DEPTH: 0 7 = DUSTSTORM OR SANDSTORM:
VSBY 1/2 MILE OR LESS
8 = SMOKE OR HAZE
[NO. OF DAYS WITH] [WEATHER - DAYS WITH] 9 = BLOWING SNOW
X = TORNADO
MAX 32 OR BELOW: 0 0.01 INCH OR MORE: 14
MAX 90 OR ABOVE: 20 0.10 INCH OR MORE: 8
MIN 32 OR BELOW: 0 0.50 INCH OR MORE: 2
MIN 0 OR BELOW: 0 1.00 INCH OR MORE: 1
[HDD (BASE 65) ]
TOTAL THIS MO. 0 CLEAR (SCALE 0-3) 16
DPTR FM NORMAL 0 PTCLDY (SCALE 4-7) 11
TOTAL FM JUL 1 0 CLOUDY (SCALE 8-10) 4
DPTR FM NORMAL 0
[CDD (BASE 65) ]
TOTAL THIS MO. 440
DPTR FM NORMAL -17 [PRESSURE DATA]
TOTAL FM JAN 1 928 HIGHEST SLP 30.32 ON 13
DPTR FM NORMAL -84 LOWEST SLP 29.79 ON 2
[REMARKS]
#FINAL-07-21#